{"id":81,"date":"2014-09-18T10:38:05","date_gmt":"2014-09-18T10:38:05","guid":{"rendered":"http:\/\/agora.xtec.cat\/iescarrascobarcelona\/?page_id=81"},"modified":"2026-04-10T12:51:45","modified_gmt":"2026-04-10T10:51:45","slug":"secretaria","status":"publish","type":"page","link":"https:\/\/agora.xtec.cat\/iescarrascobarcelona\/secretaria\/","title":{"rendered":"Secretaria"},"content":{"rendered":"<p>La secretaria del centre s\u2019encarrega de la gesti\u00f3 de la documentaci\u00f3 acad\u00e8mica i econ\u00f2mica. \u00c9s important que ens feu saber si hi ha canvis en les vostres dades personals perqu\u00e8 tinguem sempre el vostre perfil actualitzat. Si hi ha canvis o detecteu errors en les vostres dades personals \u00e9s molt important que ens ho feu saber a trav\u00e9s del nostre correu electr\u00f2nic:\u00a0 <strong>iescarrascobarcelona<span class=\"\"><span class=\"\">@xtec.ca<\/span>t<\/span><\/strong><\/p>\n<h2><strong>HORARI D\u2019ATENCI\u00d3 AL P\u00daBLIC:<\/strong><b><br \/>\n<\/b><\/h2>\n<p><strong>DE DILLUNS A DIVENDRES MATINS: de 7:45 a 11:00 i d\u201911:30 a 12:30<\/strong><\/p>\n<p><strong>DIMARTS TARDA: de 15:00 a 16:45 hores<\/strong><\/p>\n<p>Tel\u00e8fon: 93.357.52.54<\/p>\n<p>Adre\u00e7a electr\u00f2nica:\u00a0 iescarrascobarcelona@xtec.cat<\/p>\n<p><strong>\u00a0<\/strong><\/p>\n<h2><strong>HORARI SECRETARIA DURANT LA PREINSCRIPCI\u00d3: <\/strong><\/h2>\n<p><strong>L\u2019horari de secretaria durant la preinscripci\u00f3 el trobareu a l\u2019apartat Preinscripci\u00f3<\/strong><\/p>\n<h2>Tr\u00e0mits (sol\u00b7licitud de certificats, t\u00edtols&#8230;)<\/h2>\n<ul>\n<li>Expedici\u00f3 del certificat d&#8217;escolaritzaci\u00f3<\/li>\n<li>Expedici\u00f3 del certificat nivell C de catal\u00e0<\/li>\n<li>Tramitaci\u00f3 del t\u00edtol de graduat en educaci\u00f3 secund\u00e0ria (ESO)<\/li>\n<li>Tramitaci\u00f3 del t\u00edtol de batxillerat<\/li>\n<\/ul>\n<ul>\n<li>Preinscripci\u00f3 i Matr\u00edcula<\/li>\n<li><a href=\"http:\/\/agora.xtec.cat\/iescarrascobarcelona\/docs\/?bpd_tag=secretaria\">Documents<\/a> (autoritzaci\u00f3 de sortides, \u00fas de serveis digitals, etc.)<\/li>\n<li>Beques i ajuts<\/li>\n<\/ul>\n","protected":false},"excerpt":{"rendered":"<p>La secretaria del centre s\u2019encarrega de la gesti\u00f3 de la documentaci\u00f3 acad\u00e8mica i econ\u00f2mica. \u00c9s important que ens feu saber si hi ha canvis en les vostres dades personals perqu\u00e8 tinguem sempre el vostre perfil actualitzat. Si hi ha canvis o detecteu errors en les vostres dades personals \u00e9s molt important que ens ho feu [&hellip;]<\/p>\n","protected":false},"author":1,"featured_media":0,"parent":0,"menu_order":0,"comment_status":"closed","ping_status":"closed","template":"","meta":{"_bbp_topic_count":0,"_bbp_reply_count":0,"_bbp_total_topic_count":0,"_bbp_total_reply_count":0,"_bbp_voice_count":0,"_bbp_anonymous_reply_count":0,"_bbp_topic_count_hidden":0,"_bbp_reply_count_hidden":0,"_bbp_forum_subforum_count":0,"site-sidebar-layout":"default","site-content-layout":"","ast-site-content-layout":"default","site-content-style":"default","site-sidebar-style":"default","ast-global-header-display":"","ast-banner-title-visibility":"","ast-main-header-display":"","ast-hfb-above-header-display":"","ast-hfb-below-header-display":"","ast-hfb-mobile-header-display":"","site-post-title":"","ast-breadcrumbs-content":"","ast-featured-img":"","footer-sml-layout":"","theme-transparent-header-meta":"","adv-header-id-meta":"","stick-header-meta":"","header-above-stick-meta":"","header-main-stick-meta":"","header-below-stick-meta":"","astra-migrate-meta-layouts":"set","ast-page-background-enabled":"default","ast-page-background-meta":{"desktop":{"background-color":"var(--ast-global-color-4)","background-image":"","background-repeat":"repeat","background-position":"center center","background-size":"auto","background-attachment":"scroll","background-type":"","background-media":"","overlay-type":"","overlay-color":"","overlay-opacity":"","overlay-gradient":""},"tablet":{"background-color":"","background-image":"","background-repeat":"repeat","background-position":"center center","background-size":"auto","background-attachment":"scroll","background-type":"","background-media":"","overlay-type":"","overlay-color":"","overlay-opacity":"","overlay-gradient":""},"mobile":{"background-color":"","background-image":"","background-repeat":"repeat","background-position":"center center","background-size":"auto","background-attachment":"scroll","background-type":"","background-media":"","overlay-type":"","overlay-color":"","overlay-opacity":"","overlay-gradient":""}},"ast-content-background-meta":{"desktop":{"background-color":"var(--ast-global-color-5)","background-image":"","background-repeat":"repeat","background-position":"center center","background-size":"auto","background-attachment":"scroll","background-type":"","background-media":"","overlay-type":"","overlay-color":"","overlay-opacity":"","overlay-gradient":""},"tablet":{"background-color":"var(--ast-global-color-5)","background-image":"","background-repeat":"repeat","background-position":"center center","background-size":"auto","background-attachment":"scroll","background-type":"","background-media":"","overlay-type":"","overlay-color":"","overlay-opacity":"","overlay-gradient":""},"mobile":{"background-color":"var(--ast-global-color-5)","background-image":"","background-repeat":"repeat","background-position":"center center","background-size":"auto","background-attachment":"scroll","background-type":"","background-media":"","overlay-type":"","overlay-color":"","overlay-opacity":"","overlay-gradient":""}},"footnotes":""},"class_list":["post-81","page","type-page","status-publish","hentry"],"post_mailing_queue_ids":[],"_links":{"self":[{"href":"https:\/\/agora.xtec.cat\/iescarrascobarcelona\/wp-json\/wp\/v2\/pages\/81","targetHints":{"allow":["GET"]}}],"collection":[{"href":"https:\/\/agora.xtec.cat\/iescarrascobarcelona\/wp-json\/wp\/v2\/pages"}],"about":[{"href":"https:\/\/agora.xtec.cat\/iescarrascobarcelona\/wp-json\/wp\/v2\/types\/page"}],"author":[{"embeddable":true,"href":"https:\/\/agora.xtec.cat\/iescarrascobarcelona\/wp-json\/wp\/v2\/users\/1"}],"replies":[{"embeddable":true,"href":"https:\/\/agora.xtec.cat\/iescarrascobarcelona\/wp-json\/wp\/v2\/comments?post=81"}],"version-history":[{"count":3,"href":"https:\/\/agora.xtec.cat\/iescarrascobarcelona\/wp-json\/wp\/v2\/pages\/81\/revisions"}],"predecessor-version":[{"id":3441,"href":"https:\/\/agora.xtec.cat\/iescarrascobarcelona\/wp-json\/wp\/v2\/pages\/81\/revisions\/3441"}],"wp:attachment":[{"href":"https:\/\/agora.xtec.cat\/iescarrascobarcelona\/wp-json\/wp\/v2\/media?parent=81"}],"curies":[{"name":"wp","href":"https:\/\/api.w.org\/{rel}","templated":true}]}}