{"id":39,"date":"2014-09-17T16:36:44","date_gmt":"2014-09-17T16:36:44","guid":{"rendered":"http:\/\/agora.xtec.cat\/iescarrascobarcelona\/?page_id=39"},"modified":"2026-03-23T17:00:26","modified_gmt":"2026-03-23T16:00:26","slug":"instal%c2%b7lacions","status":"publish","type":"page","link":"https:\/\/agora.xtec.cat\/iescarrascobarcelona\/linstitut\/instal%c2%b7lacions\/","title":{"rendered":"Instal\u00b7lacions"},"content":{"rendered":"\r\n\t<div class=\"slideshow_container slideshow_container_style-light\" style=\"height: 400px; \" data-slideshow-id=\"1539\" data-style-name=\"style-light\" data-style-version=\"2.3.1\" >\r\n\r\n\t\t\t\t\t<div class=\"slideshow_loading_icon\"><\/div>\r\n\t\t\r\n\t\t<div class=\"slideshow_content\" style=\"display: none;\">\r\n\r\n\t\t\t<div class=\"slideshow_view\">\r\n\t\t\t\t<div class=\"slideshow_slide slideshow_slide_image\">\r\n\t\t\t\t\t\t\t\t\t\t\t<img src=\"https:\/\/agora.xtec.cat\/iescarrascobarcelona\/wp-content\/uploads\/usu2495\/2020\/03\/0-edifici-bis.jpg\" alt=\"INS Manuel Carrasco i Formiguera\" width=\"667\" height=\"500\" \/>\r\n\t\t\t\t\t\t\t\t\t\t<div class=\"slideshow_description_box slideshow_transparent\">\r\n\t\t\t\t\t\t<div class=\"slideshow_title\">INS Manuel Carrasco i Formiguera<\/div>\t\t\t\t\t\t\t\t\t\t\t<\/div>\r\n\t\t\t\t<\/div>\r\n\r\n\t\t\t\t\t\t\r\n\t\t\t\t<div class=\"slideshow_slide slideshow_slide_image\">\r\n\t\t\t\t\t\t\t\t\t\t\t<img src=\"https:\/\/agora.xtec.cat\/iescarrascobarcelona\/wp-content\/uploads\/usu2495\/2020\/03\/0-Edifici.jpg\" alt=\"0 Edifici\" width=\"747\" height=\"500\" \/>\r\n\t\t\t\t\t\t\t\t\t\t<div class=\"slideshow_description_box slideshow_transparent\">\r\n\t\t\t\t\t\t\t\t\t\t\t\t\t\t\t\t\t<\/div>\r\n\t\t\t\t<\/div>\r\n\r\n\t\t\t\t\t\t<div style=\"clear: both;\"><\/div><\/div><div class=\"slideshow_view\">\r\n\t\t\t\t<div class=\"slideshow_slide slideshow_slide_image\">\r\n\t\t\t\t\t\t\t\t\t\t\t<img src=\"https:\/\/agora.xtec.cat\/iescarrascobarcelona\/wp-content\/uploads\/usu2495\/2020\/03\/1-londres.jpg\" alt=\"Estada de 4t ESO a Londres\" width=\"753\" height=\"500\" \/>\r\n\t\t\t\t\t\t\t\t\t\t<div class=\"slideshow_description_box slideshow_transparent\">\r\n\t\t\t\t\t\t<div class=\"slideshow_title\">Estada de 4t ESO a Londres<\/div>\t\t\t\t\t\t\t\t\t\t\t<\/div>\r\n\t\t\t\t<\/div>\r\n\r\n\t\t\t\t\t\t\r\n\t\t\t\t<div class=\"slideshow_slide slideshow_slide_image\">\r\n\t\t\t\t\t\t\t\t\t\t\t<img src=\"https:\/\/agora.xtec.cat\/iescarrascobarcelona\/wp-content\/uploads\/usu2495\/2020\/03\/2-esquiada.jpg\" alt=\"Esquiada 1r i 2n d&#039;ESO\" width=\"753\" height=\"500\" \/>\r\n\t\t\t\t\t\t\t\t\t\t<div class=\"slideshow_description_box slideshow_transparent\">\r\n\t\t\t\t\t\t<div class=\"slideshow_title\">Esquiada 1r i 2n d&#039;ESO<\/div>\t\t\t\t\t\t\t\t\t\t\t<\/div>\r\n\t\t\t\t<\/div>\r\n\r\n\t\t\t\t\t\t<div style=\"clear: both;\"><\/div><\/div><div class=\"slideshow_view\">\r\n\t\t\t\t<div class=\"slideshow_slide slideshow_slide_image\">\r\n\t\t\t\t\t\t\t\t\t\t\t<img src=\"https:\/\/agora.xtec.cat\/iescarrascobarcelona\/wp-content\/uploads\/usu2495\/2020\/03\/3-fran\u00e7a.jpg\" alt=\"Intercanvi de Fran\u00e7a 3r ESO\" width=\"666\" height=\"500\" \/>\r\n\t\t\t\t\t\t\t\t\t\t<div class=\"slideshow_description_box slideshow_transparent\">\r\n\t\t\t\t\t\t<div class=\"slideshow_title\">Intercanvi de Fran\u00e7a 3r ESO<\/div>\t\t\t\t\t\t\t\t\t\t\t<\/div>\r\n\t\t\t\t<\/div>\r\n\r\n\t\t\t\t\t\t\r\n\t\t\t\t<div class=\"slideshow_slide slideshow_slide_image\">\r\n\t\t\t\t\t\t\t\t\t\t\t<img src=\"https:\/\/agora.xtec.cat\/iescarrascobarcelona\/wp-content\/uploads\/usu2495\/2020\/03\/4-firenze.jpg\" alt=\"Viatge final batxillerat Firenze\" width=\"622\" height=\"500\" \/>\r\n\t\t\t\t\t\t\t\t\t\t<div class=\"slideshow_description_box slideshow_transparent\">\r\n\t\t\t\t\t\t<div class=\"slideshow_title\">Viatge final batxillerat Firenze<\/div>\t\t\t\t\t\t\t\t\t\t\t<\/div>\r\n\t\t\t\t<\/div>\r\n\r\n\t\t\t\t\t\t<div style=\"clear: both;\"><\/div><\/div><div class=\"slideshow_view\">\r\n\t\t\t\t<div class=\"slideshow_slide slideshow_slide_image\">\r\n\t\t\t\t\t\t\t\t\t\t\t<img src=\"https:\/\/agora.xtec.cat\/iescarrascobarcelona\/wp-content\/uploads\/usu2495\/2020\/03\/5-festival-nadal.jpg\" alt=\"Festival de Nadal 1r ESO\" width=\"747\" height=\"500\" \/>\r\n\t\t\t\t\t\t\t\t\t\t<div class=\"slideshow_description_box slideshow_transparent\">\r\n\t\t\t\t\t\t<div class=\"slideshow_title\">Festival de Nadal 1r ESO<\/div>\t\t\t\t\t\t\t\t\t\t\t<\/div>\r\n\t\t\t\t<\/div>\r\n\r\n\t\t\t\t\t\t\r\n\t\t\t\t<div class=\"slideshow_slide slideshow_slide_image\">\r\n\t\t\t\t\t\t\t\t\t\t\t<img src=\"https:\/\/agora.xtec.cat\/iescarrascobarcelona\/wp-content\/uploads\/usu2495\/2020\/03\/6-carnaval.jpg\" alt=\"Carnaval\" width=\"667\" height=\"500\" \/>\r\n\t\t\t\t\t\t\t\t\t\t<div class=\"slideshow_description_box slideshow_transparent\">\r\n\t\t\t\t\t\t<div class=\"slideshow_title\">Carnaval<\/div>\t\t\t\t\t\t\t\t\t\t\t<\/div>\r\n\t\t\t\t<\/div>\r\n\r\n\t\t\t\t\t\t<div style=\"clear: both;\"><\/div><\/div><div class=\"slideshow_view\">\r\n\t\t\t\t<div class=\"slideshow_slide slideshow_slide_image\">\r\n\t\t\t\t\t\t\t\t\t\t\t<img src=\"https:\/\/agora.xtec.cat\/iescarrascobarcelona\/wp-content\/uploads\/usu2495\/2020\/03\/8-robotica.jpg\" alt=\"Taller de la fusta a la rob\u00f2tica\" width=\"667\" height=\"500\" \/>\r\n\t\t\t\t\t\t\t\t\t\t<div class=\"slideshow_description_box slideshow_transparent\">\r\n\t\t\t\t\t\t<div class=\"slideshow_title\">Taller de la fusta a la rob\u00f2tica<\/div>\t\t\t\t\t\t\t\t\t\t\t<\/div>\r\n\t\t\t\t<\/div>\r\n\r\n\t\t\t\t\t\t\r\n\t\t\t\t<div class=\"slideshow_slide slideshow_slide_image\">\r\n\t\t\t\t\t\t\t\t\t\t\t<img src=\"https:\/\/agora.xtec.cat\/iescarrascobarcelona\/wp-content\/uploads\/usu2495\/2020\/03\/10-tecnologia.jpg\" alt=\"Aula de tecnologia\" width=\"753\" height=\"500\" \/>\r\n\t\t\t\t\t\t\t\t\t\t<div class=\"slideshow_description_box slideshow_transparent\">\r\n\t\t\t\t\t\t<div class=\"slideshow_title\">Aula de tecnologia<\/div>\t\t\t\t\t\t\t\t\t\t\t<\/div>\r\n\t\t\t\t<\/div>\r\n\r\n\t\t\t\t\t\t<div style=\"clear: both;\"><\/div><\/div><div class=\"slideshow_view\">\r\n\t\t\t\t<div class=\"slideshow_slide slideshow_slide_image\">\r\n\t\t\t\t\t\t\t\t\t\t\t<img src=\"https:\/\/agora.xtec.cat\/iescarrascobarcelona\/wp-content\/uploads\/usu2495\/2020\/03\/11-vacuna-malaria.jpg\" alt=\"Taller vacuna mal\u00e0ria\" width=\"667\" height=\"500\" \/>\r\n\t\t\t\t\t\t\t\t\t\t<div class=\"slideshow_description_box slideshow_transparent\">\r\n\t\t\t\t\t\t<div class=\"slideshow_title\">Taller vacuna mal\u00e0ria<\/div>\t\t\t\t\t\t\t\t\t\t\t<\/div>\r\n\t\t\t\t<\/div>\r\n\r\n\t\t\t\t\t\t\r\n\t\t\t\t<div class=\"slideshow_slide slideshow_slide_image\">\r\n\t\t\t\t\t\t\t\t\t\t\t<img src=\"https:\/\/agora.xtec.cat\/iescarrascobarcelona\/wp-content\/uploads\/usu2495\/2020\/03\/9-geometria.jpg\" alt=\"Taller de geometria\" width=\"889\" height=\"500\" \/>\r\n\t\t\t\t\t\t\t\t\t\t<div class=\"slideshow_description_box slideshow_transparent\">\r\n\t\t\t\t\t\t<div class=\"slideshow_title\">Taller de geometria<\/div>\t\t\t\t\t\t\t\t\t\t\t<\/div>\r\n\t\t\t\t<\/div>\r\n\r\n\t\t\t\t\t\t<div style=\"clear: both;\"><\/div><\/div><div class=\"slideshow_view\">\r\n\t\t\t\t<div class=\"slideshow_slide slideshow_slide_image\">\r\n\t\t\t\t\t\t\t\t\t\t\t<img src=\"https:\/\/agora.xtec.cat\/iescarrascobarcelona\/wp-content\/uploads\/usu2495\/2020\/03\/12-steam.jpg\" alt=\"Projecte STEAM\" width=\"667\" height=\"500\" \/>\r\n\t\t\t\t\t\t\t\t\t\t<div class=\"slideshow_description_box slideshow_transparent\">\r\n\t\t\t\t\t\t<div class=\"slideshow_title\">Projecte STEAM<\/div>\t\t\t\t\t\t\t\t\t\t\t<\/div>\r\n\t\t\t\t<\/div>\r\n\r\n\t\t\t\t\t\t\r\n\t\t\t\t<div class=\"slideshow_slide slideshow_slide_image\">\r\n\t\t\t\t\t\t\t\t\t\t\t<img src=\"https:\/\/agora.xtec.cat\/iescarrascobarcelona\/wp-content\/uploads\/usu2495\/2020\/03\/13-volei.jpg\" alt=\"Torneig Voleibol\" width=\"667\" height=\"500\" \/>\r\n\t\t\t\t\t\t\t\t\t\t<div class=\"slideshow_description_box slideshow_transparent\">\r\n\t\t\t\t\t\t<div class=\"slideshow_title\">Torneig Voleibol<\/div>\t\t\t\t\t\t\t\t\t\t\t<\/div>\r\n\t\t\t\t<\/div>\r\n\r\n\t\t\t\t\t\t<div style=\"clear: both;\"><\/div><\/div><div class=\"slideshow_view\">\t\r\n\t\t\t\t<div class=\"slideshow_slide slideshow_slide_image\">\r\n\t\t\t\t\t\t\t\t\t\t\t<img src=\"https:\/\/agora.xtec.cat\/iescarrascobarcelona\/wp-content\/uploads\/usu2495\/2020\/03\/17-finl.jpg\" alt=\"T&#039;uneixes al nostre projecte?\" width=\"667\" height=\"500\" \/>\r\n\t\t\t\t\t\t\t\t\t\t<div class=\"slideshow_description_box slideshow_transparent\">\r\n\t\t\t\t\t\t<div class=\"slideshow_title\">T&#039;uneixes al nostre projecte?<\/div>\t\t\t\t\t\t\t\t\t\t\t<\/div>\r\n\t\t\t\t<\/div>\r\n\r\n\t\t\t\t\t\t<div style=\"clear: both;\"><\/div><\/div>\r\n\t\t<\/div>\r\n\r\n\t\t<div class=\"slideshow_controlPanel slideshow_transparent\" style=\"display: none;\"><ul><li class=\"slideshow_togglePlay\" data-play-text=\"Visualitza\" data-pause-text=\"Pausa\"><\/li><\/ul><\/div>\r\n\r\n\t\t<div class=\"slideshow_button slideshow_previous slideshow_transparent\" role=\"button\" data-previous-text=\"Anterior\" style=\"display: none;\"><\/div>\r\n\t\t<div class=\"slideshow_button slideshow_next slideshow_transparent\" role=\"button\" data-next-text=\"Seg\u00fcent\" style=\"display: none;\"><\/div>\r\n\r\n\t\t<div class=\"slideshow_pagination\" style=\"display: none;\" data-go-to-text=\"V\u00e9s a la diapositiva\"><div class=\"slideshow_pagination_center\"><\/div><\/div>\r\n\r\n\t\t<!-- WordPress Slideshow Version 2.3.1 -->\r\n\r\n\t\t\t<\/div>\r\n\r\n\n\n\n\n<p><span style=\"font-size: revert; background-color: rgba(0, 0, 0, 0);\"><b>AULES CLASSE<\/b><\/span><\/p>\n\n\n\n<p><span style=\"font-size: revert; background-color: rgba(0, 0, 0, 0); font-weight: inherit;\">Gaireb\u00e9 totes les aules classe estan dotades amb una pantalla digital amb connexi\u00f3 a internet i pissarra.<\/span><\/p>\n\n\n\n<p><b>AULA DE VISUAL I PL\u00c0STICA<\/b><\/p>\n\n\n\n<p>L\u2019aula d\u2019Educaci\u00f3 Visual i Pl\u00e0stica i Dibuix T\u00e8cnic disposa de les instal\u00b7lacions, de l&#8217;adequaci\u00f3 (instal\u00b7laci\u00f3 d\u2019aigua i de pica&#8230;) i del material necessari per fer les classes d&#8217;Educaci\u00f3 Visual i Pl\u00e0stica a l\u2019ESO i Dibuix T\u00e8cnic al Batxillerat.<\/p>\n\n\n\n<p><b>LABORATORIS<\/b><\/p>\n\n\n\n<p>Hi ha dos laboratoris dotats d\u2019elements generals: taules de treballs, instal\u00b7laci\u00f3 el\u00e8ctrica i aigua&#8230;<\/p>\n\n\n\n<ul class=\"wp-block-list\">\n<li>Qu\u00edmica i Biologia<\/li>\n\n\n\n<li>F\u00edsica i Geologia<\/li>\n<\/ul>\n\n\n\n<p>Laboratori de Qu\u00edmica i Biologia<br>Descripci\u00f3: TV amb DVD, campana extractora, armaris d\u2019estris de laboratoris i reactius tancats, microscopis i lupes, models moleculars i anat\u00f2mics, equips de protecci\u00f3 i seguretat (bates, ulleres, guants&#8230;), llibres de consulta, contenidors de residus selectius&#8230;<\/p>\n\n\n\n<p>Laboratori de F\u00edsica i Geologia<br>Descripci\u00f3: Laboratori de fotografia, armaris d\u2019estris de laboratori i materials diversos de f\u00edsica, col\u00b7leccions de minerals, connexi\u00f3 a Internet amb ordinadors i equips de captaci\u00f3 de dades experimentals mitjan\u00e7ant sensors (multilab), llibres de consulta&#8230;<\/p>\n\n\n\n<p><b>TALLER DE TECNOLOGIA<br><\/b><br>L\u2019institut disposa d\u2019una aula-taller de Tecnologia.<\/p>\n\n\n\n<p>L\u2019aula-taller t\u00e9 dos espais: un de treball d\u2019estudi i de projectes i un altre de realitzaci\u00f3 i construcci\u00f3, amb les eines, les m\u00e0quines-eines i la resta de material necessari per a la realitzaci\u00f3 de les tasques esmentades.<\/p>\n\n\n\n<p>Al taller es duen a terme projectes i pr\u00e0ctiques propis de l\u2019\u00e0rea i dels cr\u00e8dits variables que s\u2019imparteixen. S&#8217;hi disposa del material necessari per fer pr\u00e0ctiques d\u2019electricitat, electr\u00f2nica, mec\u00e0nica, pneum\u00e0tica, treballs amb fusta i pl\u00e0stic, etc.<\/p>\n\n\n\n<p>Les classes i les pr\u00e0ctiques que es fan al taller s\u00f3n desdoblades amb un m\u00e0xim de 15\/16 alumnes per classe.<\/p>\n\n\n\n<p>El taller i les eines utilitzades presenten tots els dispositius de seguretat reglamentaris.<\/p>\n\n\n\n<p><b>AULA DE M\u00daSICA<\/b><\/p>\n\n\n\n<p>L\u2019Institut&nbsp;&nbsp;disposa d\u2019una aula de m\u00fasica.<\/p>\n\n\n\n<p>S\u2019utilitza per fer classe amb el grup sencer (30) i per tocar instruments amb el grup partit (15).<\/p>\n\n\n\n<p>Disposem de:<\/p>\n\n\n\n<ul class=\"wp-block-list\">\n<li>17 instruments de placa (xil\u00f2fons, metal\u00b7l\u00f2fons, carrillons)<\/li>\n\n\n\n<li>instruments de percussi\u00f3 indefinida ( panderetes, maraques, cr\u00f2tals&#8230;)<\/li>\n\n\n\n<li>piano i dos teclats (sintetitzadors)<\/li>\n\n\n\n<li>un ordinador amb can\u00f3 de projeccions , pantalla i 6 altaveus.<\/li>\n<\/ul>\n\n\n\n<p><strong>ESPAI PER L&#8217;ACTIVITAT ESPORTIVA (EDUCACI\u00d3 F\u00cdSICA)<\/strong><\/p>\n\n\n\n<p>L&#8217;activitat esportiva es duu a terme en dos espais externs al centre:<\/p>\n\n\n\n<p>Pavell\u00f3 Cotxeres de Borb\u00f3: <a href=\"https:\/\/www.google.com\/maps\/place\/\/data=!4m2!3m1!1s0x12a4bd2e88cd95b5:0xb5f3a0f50bc02441?sa=X&amp;ved=1t:8290&amp;ictx=111\">Carrer de Ramon Alb\u00f3, 41, 57, &nbsp;Nou Barris, 08027 Barcelona<\/a><\/p>\n\n\n\n<p>Secci\u00f3 Esportiva Santa Eul\u00e0lia (SESE): <a href=\"https:\/\/maps.app.goo.gl\/GPYonJZRnJBZBX3g8\">Carrer de Joan Alcover, 6, Nou Barris, 08031 Barcelona<\/a><\/p>\n","protected":false},"excerpt":{"rendered":"<p>AULES CLASSE Gaireb\u00e9 totes les aules classe estan dotades amb una pantalla digital amb connexi\u00f3 a internet i pissarra. AULA DE VISUAL I PL\u00c0STICA L\u2019aula d\u2019Educaci\u00f3 Visual i Pl\u00e0stica i Dibuix T\u00e8cnic disposa de les instal\u00b7lacions, de l&#8217;adequaci\u00f3 (instal\u00b7laci\u00f3 d\u2019aigua i de pica&#8230;) i del material necessari per fer les classes d&#8217;Educaci\u00f3 Visual i Pl\u00e0stica [&hellip;]<\/p>\n","protected":false},"author":1,"featured_media":0,"parent":19,"menu_order":4,"comment_status":"closed","ping_status":"closed","template":"","meta":{"_bbp_topic_count":0,"_bbp_reply_count":0,"_bbp_total_topic_count":0,"_bbp_total_reply_count":0,"_bbp_voice_count":0,"_bbp_anonymous_reply_count":0,"_bbp_topic_count_hidden":0,"_bbp_reply_count_hidden":0,"_bbp_forum_subforum_count":0,"site-sidebar-layout":"default","site-content-layout":"","ast-site-content-layout":"default","site-content-style":"default","site-sidebar-style":"default","ast-global-header-display":"","ast-banner-title-visibility":"","ast-main-header-display":"","ast-hfb-above-header-display":"","ast-hfb-below-header-display":"","ast-hfb-mobile-header-display":"","site-post-title":"","ast-breadcrumbs-content":"","ast-featured-img":"","footer-sml-layout":"","theme-transparent-header-meta":"","adv-header-id-meta":"","stick-header-meta":"","header-above-stick-meta":"","header-main-stick-meta":"","header-below-stick-meta":"","astra-migrate-meta-layouts":"set","ast-page-background-enabled":"default","ast-page-background-meta":{"desktop":{"background-color":"var(--ast-global-color-4)","background-image":"","background-repeat":"repeat","background-position":"center center","background-size":"auto","background-attachment":"scroll","background-type":"","background-media":"","overlay-type":"","overlay-color":"","overlay-opacity":"","overlay-gradient":""},"tablet":{"background-color":"","background-image":"","background-repeat":"repeat","background-position":"center center","background-size":"auto","background-attachment":"scroll","background-type":"","background-media":"","overlay-type":"","overlay-color":"","overlay-opacity":"","overlay-gradient":""},"mobile":{"background-color":"","background-image":"","background-repeat":"repeat","background-position":"center center","background-size":"auto","background-attachment":"scroll","background-type":"","background-media":"","overlay-type":"","overlay-color":"","overlay-opacity":"","overlay-gradient":""}},"ast-content-background-meta":{"desktop":{"background-color":"var(--ast-global-color-5)","background-image":"","background-repeat":"repeat","background-position":"center center","background-size":"auto","background-attachment":"scroll","background-type":"","background-media":"","overlay-type":"","overlay-color":"","overlay-opacity":"","overlay-gradient":""},"tablet":{"background-color":"var(--ast-global-color-5)","background-image":"","background-repeat":"repeat","background-position":"center center","background-size":"auto","background-attachment":"scroll","background-type":"","background-media":"","overlay-type":"","overlay-color":"","overlay-opacity":"","overlay-gradient":""},"mobile":{"background-color":"var(--ast-global-color-5)","background-image":"","background-repeat":"repeat","background-position":"center center","background-size":"auto","background-attachment":"scroll","background-type":"","background-media":"","overlay-type":"","overlay-color":"","overlay-opacity":"","overlay-gradient":""}},"footnotes":""},"class_list":["post-39","page","type-page","status-publish","hentry"],"post_mailing_queue_ids":[],"_links":{"self":[{"href":"https:\/\/agora.xtec.cat\/iescarrascobarcelona\/wp-json\/wp\/v2\/pages\/39","targetHints":{"allow":["GET"]}}],"collection":[{"href":"https:\/\/agora.xtec.cat\/iescarrascobarcelona\/wp-json\/wp\/v2\/pages"}],"about":[{"href":"https:\/\/agora.xtec.cat\/iescarrascobarcelona\/wp-json\/wp\/v2\/types\/page"}],"author":[{"embeddable":true,"href":"https:\/\/agora.xtec.cat\/iescarrascobarcelona\/wp-json\/wp\/v2\/users\/1"}],"replies":[{"embeddable":true,"href":"https:\/\/agora.xtec.cat\/iescarrascobarcelona\/wp-json\/wp\/v2\/comments?post=39"}],"version-history":[{"count":3,"href":"https:\/\/agora.xtec.cat\/iescarrascobarcelona\/wp-json\/wp\/v2\/pages\/39\/revisions"}],"predecessor-version":[{"id":3424,"href":"https:\/\/agora.xtec.cat\/iescarrascobarcelona\/wp-json\/wp\/v2\/pages\/39\/revisions\/3424"}],"up":[{"embeddable":true,"href":"https:\/\/agora.xtec.cat\/iescarrascobarcelona\/wp-json\/wp\/v2\/pages\/19"}],"wp:attachment":[{"href":"https:\/\/agora.xtec.cat\/iescarrascobarcelona\/wp-json\/wp\/v2\/media?parent=39"}],"curies":[{"name":"wp","href":"https:\/\/api.w.org\/{rel}","templated":true}]}}