{"id":2407,"date":"2022-05-30T23:19:25","date_gmt":"2022-05-30T21:19:25","guid":{"rendered":"https:\/\/agora.xtec.cat\/iescarrascobarcelona\/?page_id=2407"},"modified":"2023-05-22T18:59:10","modified_gmt":"2023-05-22T16:59:10","slug":"competencia-professorat","status":"publish","type":"page","link":"https:\/\/agora.xtec.cat\/iescarrascobarcelona\/edc\/part-estrategica\/competencia-professorat\/","title":{"rendered":"Compet\u00e8ncia professorat"},"content":{"rendered":"<table style=\"border-collapse: collapse; width: 100%; height: 552px;\">\n<tbody>\n<tr style=\"height: 32px;\">\n<td style=\"width: 66.6666%; height: 32px; text-align: left;\" colspan=\"2\">\n<h2><strong>FORMACI\u00d3 DOCENT<\/strong><\/h2>\n<\/td>\n<\/tr>\n<tr style=\"height: 103px;\">\n<td style=\"width: 33.3333%; height: 103px;\"><a href=\"https:\/\/agora.xtec.cat\/iescarrascobarcelona\/wp-content\/uploads\/usu2495\/2023\/05\/odissea.png\"><img loading=\"lazy\" decoding=\"async\" class=\"alignnone size-full wp-image-2774\" src=\"https:\/\/agora.xtec.cat\/iescarrascobarcelona\/wp-content\/uploads\/usu2495\/2023\/05\/odissea.png\" alt=\"\" width=\"334\" height=\"84\" srcset=\"https:\/\/agora.xtec.cat\/iescarrascobarcelona\/wp-content\/uploads\/usu2495\/2023\/05\/odissea.png 334w, https:\/\/agora.xtec.cat\/iescarrascobarcelona\/wp-content\/uploads\/usu2495\/2023\/05\/odissea-300x75.png 300w\" sizes=\"auto, (max-width: 334px) 100vw, 334px\" \/><\/a><\/td>\n<td style=\"width: 33.3333%; height: 103px;\">La plataforma <a href=\"https:\/\/odissea.xtec.cat\/\" target=\"_blank\" rel=\"noopener\"><b>Odissea<\/b><\/a> \u00e9s l\u2019aula virtual pels docents de Catalunya. Disposa d\u2019un apartat espec\u00edfic en <a href=\"https:\/\/odissea.xtec.cat\/course\/index.php?categoryid=41\" target=\"_blank\" rel=\"noopener\"><strong>formaci\u00f3 digital<\/strong><\/a><strong>.<\/strong><\/td>\n<\/tr>\n<tr style=\"height: 127px;\">\n<td style=\"width: 33.3333%; height: 127px;\"><a href=\"https:\/\/agora.xtec.cat\/iescarrascobarcelona\/wp-content\/uploads\/usu2495\/2023\/05\/XTCD1.jpg\"><img loading=\"lazy\" decoding=\"async\" class=\"alignnone size-full wp-image-2775\" src=\"https:\/\/agora.xtec.cat\/iescarrascobarcelona\/wp-content\/uploads\/usu2495\/2023\/05\/XTCD1.jpg\" alt=\"\" width=\"419\" height=\"132\" srcset=\"https:\/\/agora.xtec.cat\/iescarrascobarcelona\/wp-content\/uploads\/usu2495\/2023\/05\/XTCD1.jpg 419w, https:\/\/agora.xtec.cat\/iescarrascobarcelona\/wp-content\/uploads\/usu2495\/2023\/05\/XTCD1-300x95.jpg 300w\" sizes=\"auto, (max-width: 419px) 100vw, 419px\" \/><\/a><\/td>\n<td style=\"width: 33.3333%; height: 127px;\">La<a href=\"https:\/\/projectes.xtec.cat\/xtcd\" target=\"_blank\" rel=\"noopener\"> <b>Xarxa Territorial de Cultura Digital<\/b><\/a> \u00e9s un conjunt h\u00edbrid d\u2019activitats formatives on cada sessi\u00f3 inclou <b>seminaris web<\/b>, <b>seminaris territorials <\/b>(impartits en els CRP) i debats virtuals amb la plataforma <b>Nus<\/b>. La XTCD es divideix en 3 subxarxes:<\/td>\n<\/tr>\n<tr style=\"height: 162px;\">\n<td style=\"width: 33.3333%; height: 162px;\"><a href=\"https:\/\/agora.xtec.cat\/iescarrascobarcelona\/wp-content\/uploads\/usu2495\/2023\/05\/kudis.jpg\"><img loading=\"lazy\" decoding=\"async\" class=\"wp-image-2776 aligncenter\" src=\"https:\/\/agora.xtec.cat\/iescarrascobarcelona\/wp-content\/uploads\/usu2495\/2023\/05\/kudis.jpg\" alt=\"\" width=\"286\" height=\"130\" srcset=\"https:\/\/agora.xtec.cat\/iescarrascobarcelona\/wp-content\/uploads\/usu2495\/2023\/05\/kudis.jpg 426w, https:\/\/agora.xtec.cat\/iescarrascobarcelona\/wp-content\/uploads\/usu2495\/2023\/05\/kudis-300x137.jpg 300w\" sizes=\"auto, (max-width: 286px) 100vw, 286px\" \/><\/a><\/td>\n<td style=\"width: 33.3333%; height: 162px;\"><a href=\"https:\/\/xtec.gencat.cat\/ca\/formacio\/formaciogeneralprofessorat\/cultura-digital\/planificacio-oferta-formativa-modalitats\/capsules-formatives-i-itineraris\/\" target=\"_blank\" rel=\"noopener\"><strong>C\u00e0psules formatives i itineraris &#8211; XTEC &#8211; Gencat <\/strong><\/a>Tenen per objectiu dur a terme una formaci\u00f3 concentrada en un termini curt de temps. Poden ser de 5 hores (Nanokudis), de 10 hores (<b>Kudis<\/b>) o de 15 hores<\/td>\n<\/tr>\n<tr style=\"height: 32px;\">\n<td style=\"width: 33.3333%; height: 32px;\">\n<h2><strong>PORTALS DE RECURSOS<\/strong><\/h2>\n<\/td>\n<td style=\"width: 33.3333%; height: 32px;\"><\/td>\n<\/tr>\n<tr style=\"height: 32px;\">\n<td style=\"width: 33.3333%; height: 32px;\"><a href=\"https:\/\/agora.xtec.cat\/iescarrascobarcelona\/wp-content\/uploads\/usu2495\/2023\/05\/edu_logo.png\"><img loading=\"lazy\" decoding=\"async\" class=\"alignnone size-full wp-image-2778\" src=\"https:\/\/agora.xtec.cat\/iescarrascobarcelona\/wp-content\/uploads\/usu2495\/2023\/05\/edu_logo.png\" alt=\"\" width=\"300\" height=\"80\" \/><\/a><\/td>\n<td style=\"width: 33.3333%; height: 32px;\">L&#8217;<a href=\"https:\/\/www.edu365.cat\/\" target=\"_blank\" rel=\"noopener\"><strong>Edu365<\/strong><\/a> \u00e9s molt popular als centres educatius, especialment d&#8217;educaci\u00f3 infantil i prim\u00e0ria. Edu365 proposa recursos digitals, webs interactius seleccionats per la seva qualitat, vincle amb l&#8217;actualitat o amb dates assenyalades (Nadal, Castanyada, Sant Jordi&#8230;)<\/td>\n<\/tr>\n<tr style=\"height: 32px;\">\n<td style=\"width: 33.3333%; height: 32px;\"><a href=\"https:\/\/agora.xtec.cat\/iescarrascobarcelona\/wp-content\/uploads\/usu2495\/2023\/05\/youtube.png\"><img loading=\"lazy\" decoding=\"async\" class=\"alignnone size-full wp-image-2777\" src=\"https:\/\/agora.xtec.cat\/iescarrascobarcelona\/wp-content\/uploads\/usu2495\/2023\/05\/youtube.png\" alt=\"\" width=\"475\" height=\"106\" srcset=\"https:\/\/agora.xtec.cat\/iescarrascobarcelona\/wp-content\/uploads\/usu2495\/2023\/05\/youtube.png 475w, https:\/\/agora.xtec.cat\/iescarrascobarcelona\/wp-content\/uploads\/usu2495\/2023\/05\/youtube-300x67.png 300w\" sizes=\"auto, (max-width: 475px) 100vw, 475px\" \/><\/a><\/td>\n<td style=\"width: 33.3333%; height: 32px;\"><a href=\"https:\/\/www.youtube.com\/@centresenlinia\/featured\" target=\"_blank\" rel=\"noopener\"><strong>Centres educatius en l\u00ednia<\/strong><\/a> You Tube s\u2019inicia en ple confinament per oferir suport a les necessitats dels centres en un context d\u2019educaci\u00f3 en l\u00ednia.<\/td>\n<\/tr>\n<tr style=\"height: 32px;\">\n<td style=\"width: 33.3333%; height: 32px;\"><\/td>\n<td style=\"width: 33.3333%; height: 32px;\"><\/td>\n<\/tr>\n<\/tbody>\n<\/table>\n<p><a href=\"https:\/\/agora.xtec.cat\/iescarrascobarcelona\/wp-content\/uploads\/usu2495\/2023\/05\/en_construccio.gif\"><img loading=\"lazy\" decoding=\"async\" class=\"alignnone size-full wp-image-2763\" src=\"https:\/\/agora.xtec.cat\/iescarrascobarcelona\/wp-content\/uploads\/usu2495\/2023\/05\/en_construccio.gif\" alt=\"\" width=\"799\" height=\"599\" \/><\/a><\/p>\n","protected":false},"excerpt":{"rendered":"<p>FORMACI\u00d3 DOCENT La plataforma Odissea \u00e9s l\u2019aula virtual pels docents de Catalunya. Disposa d\u2019un apartat espec\u00edfic en formaci\u00f3 digital. La Xarxa Territorial de Cultura Digital \u00e9s un conjunt h\u00edbrid d\u2019activitats formatives on cada sessi\u00f3 inclou seminaris web, seminaris territorials (impartits en els CRP) i debats virtuals amb la plataforma Nus. La XTCD es divideix en [&hellip;]<\/p>\n","protected":false},"author":1,"featured_media":0,"parent":2392,"menu_order":8,"comment_status":"closed","ping_status":"closed","template":"page-templates\/side-menu.php","meta":{"_bbp_topic_count":0,"_bbp_reply_count":0,"_bbp_total_topic_count":0,"_bbp_total_reply_count":0,"_bbp_voice_count":0,"_bbp_anonymous_reply_count":0,"_bbp_topic_count_hidden":0,"_bbp_reply_count_hidden":0,"_bbp_forum_subforum_count":0,"site-sidebar-layout":"default","site-content-layout":"","ast-site-content-layout":"","site-content-style":"default","site-sidebar-style":"default","ast-global-header-display":"","ast-banner-title-visibility":"","ast-main-header-display":"","ast-hfb-above-header-display":"","ast-hfb-below-header-display":"","ast-hfb-mobile-header-display":"","site-post-title":"","ast-breadcrumbs-content":"","ast-featured-img":"","footer-sml-layout":"","theme-transparent-header-meta":"","adv-header-id-meta":"","stick-header-meta":"","header-above-stick-meta":"","header-main-stick-meta":"","header-below-stick-meta":"","astra-migrate-meta-layouts":"default","ast-page-background-enabled":"default","ast-page-background-meta":{"desktop":{"background-color":"var(--ast-global-color-4)","background-image":"","background-repeat":"repeat","background-position":"center center","background-size":"auto","background-attachment":"scroll","background-type":"","background-media":"","overlay-type":"","overlay-color":"","overlay-opacity":"","overlay-gradient":""},"tablet":{"background-color":"","background-image":"","background-repeat":"repeat","background-position":"center center","background-size":"auto","background-attachment":"scroll","background-type":"","background-media":"","overlay-type":"","overlay-color":"","overlay-opacity":"","overlay-gradient":""},"mobile":{"background-color":"","background-image":"","background-repeat":"repeat","background-position":"center center","background-size":"auto","background-attachment":"scroll","background-type":"","background-media":"","overlay-type":"","overlay-color":"","overlay-opacity":"","overlay-gradient":""}},"ast-content-background-meta":{"desktop":{"background-color":"var(--ast-global-color-5)","background-image":"","background-repeat":"repeat","background-position":"center center","background-size":"auto","background-attachment":"scroll","background-type":"","background-media":"","overlay-type":"","overlay-color":"","overlay-opacity":"","overlay-gradient":""},"tablet":{"background-color":"var(--ast-global-color-5)","background-image":"","background-repeat":"repeat","background-position":"center center","background-size":"auto","background-attachment":"scroll","background-type":"","background-media":"","overlay-type":"","overlay-color":"","overlay-opacity":"","overlay-gradient":""},"mobile":{"background-color":"var(--ast-global-color-5)","background-image":"","background-repeat":"repeat","background-position":"center center","background-size":"auto","background-attachment":"scroll","background-type":"","background-media":"","overlay-type":"","overlay-color":"","overlay-opacity":"","overlay-gradient":""}},"footnotes":""},"class_list":["post-2407","page","type-page","status-publish","hentry"],"post_mailing_queue_ids":[],"_links":{"self":[{"href":"https:\/\/agora.xtec.cat\/iescarrascobarcelona\/wp-json\/wp\/v2\/pages\/2407","targetHints":{"allow":["GET"]}}],"collection":[{"href":"https:\/\/agora.xtec.cat\/iescarrascobarcelona\/wp-json\/wp\/v2\/pages"}],"about":[{"href":"https:\/\/agora.xtec.cat\/iescarrascobarcelona\/wp-json\/wp\/v2\/types\/page"}],"author":[{"embeddable":true,"href":"https:\/\/agora.xtec.cat\/iescarrascobarcelona\/wp-json\/wp\/v2\/users\/1"}],"replies":[{"embeddable":true,"href":"https:\/\/agora.xtec.cat\/iescarrascobarcelona\/wp-json\/wp\/v2\/comments?post=2407"}],"version-history":[{"count":4,"href":"https:\/\/agora.xtec.cat\/iescarrascobarcelona\/wp-json\/wp\/v2\/pages\/2407\/revisions"}],"predecessor-version":[{"id":2783,"href":"https:\/\/agora.xtec.cat\/iescarrascobarcelona\/wp-json\/wp\/v2\/pages\/2407\/revisions\/2783"}],"up":[{"embeddable":true,"href":"https:\/\/agora.xtec.cat\/iescarrascobarcelona\/wp-json\/wp\/v2\/pages\/2392"}],"wp:attachment":[{"href":"https:\/\/agora.xtec.cat\/iescarrascobarcelona\/wp-json\/wp\/v2\/media?parent=2407"}],"curies":[{"name":"wp","href":"https:\/\/api.w.org\/{rel}","templated":true}]}}

Competència professorat

<table style="border-collapse: collapse; width: 100%; height: 552px;">
<tbody>
<tr style="height: 32px;">
<td style="width: 66.6666%; height: 32px; text-align: left;" colspan="2">
<h2><strong>FORMACIÓ DOCENT</strong></h2>
</td>
</tr>
<tr style="height: 103px;">
<td style="width: 33.3333%; height: 103px;"><a href="https://agora.xtec.cat/iescarrascobarcelona/wp-content/uploads/usu2495/2023/05/odissea.png"><img loading="lazy" decoding="async" class="alignnone size-full wp-image-2774" src="https://agora.xtec.cat/iescarrascobarcelona/wp-content/uploads/usu2495/2023/05/odissea.png" alt="" width="334" height="84" srcset="https://agora.xtec.cat/iescarrascobarcelona/wp-content/uploads/usu2495/2023/05/odissea.png 334w, https://agora.xtec.cat/iescarrascobarcelona/wp-content/uploads/usu2495/2023/05/odissea-300x75.png 300w" sizes="auto, (max-width: 334px) 100vw, 334px" /></a></td>
<td style="width: 33.3333%; height: 103px;">La plataforma <a href="https://odissea.xtec.cat/" target="_blank" rel="noopener"><b>Odissea</b></a> és l’aula virtual pels docents de Catalunya. Disposa d’un apartat específic en <a href="https://odissea.xtec.cat/course/index.php?categoryid=41" target="_blank" rel="noopener"><strong>formació digital</strong></a><strong>.</strong></td>
</tr>
<tr style="height: 127px;">
<td style="width: 33.3333%; height: 127px;"><a href="https://agora.xtec.cat/iescarrascobarcelona/wp-content/uploads/usu2495/2023/05/XTCD1.jpg"><img loading="lazy" decoding="async" class="alignnone size-full wp-image-2775" src="https://agora.xtec.cat/iescarrascobarcelona/wp-content/uploads/usu2495/2023/05/XTCD1.jpg" alt="" width="419" height="132" srcset="https://agora.xtec.cat/iescarrascobarcelona/wp-content/uploads/usu2495/2023/05/XTCD1.jpg 419w, https://agora.xtec.cat/iescarrascobarcelona/wp-content/uploads/usu2495/2023/05/XTCD1-300x95.jpg 300w" sizes="auto, (max-width: 419px) 100vw, 419px" /></a></td>
<td style="width: 33.3333%; height: 127px;">La<a href="https://projectes.xtec.cat/xtcd" target="_blank" rel="noopener"> <b>Xarxa Territorial de Cultura Digital</b></a> és un conjunt híbrid d’activitats formatives on cada sessió inclou <b>seminaris web</b>, <b>seminaris territorials </b>(impartits en els CRP) i debats virtuals amb la plataforma <b>Nus</b>. La XTCD es divideix en 3 subxarxes:</td>
</tr>
<tr style="height: 162px;">
<td style="width: 33.3333%; height: 162px;"><a href="https://agora.xtec.cat/iescarrascobarcelona/wp-content/uploads/usu2495/2023/05/kudis.jpg"><img loading="lazy" decoding="async" class="wp-image-2776 aligncenter" src="https://agora.xtec.cat/iescarrascobarcelona/wp-content/uploads/usu2495/2023/05/kudis.jpg" alt="" width="286" height="130" srcset="https://agora.xtec.cat/iescarrascobarcelona/wp-content/uploads/usu2495/2023/05/kudis.jpg 426w, https://agora.xtec.cat/iescarrascobarcelona/wp-content/uploads/usu2495/2023/05/kudis-300x137.jpg 300w" sizes="auto, (max-width: 286px) 100vw, 286px" /></a></td>
<td style="width: 33.3333%; height: 162px;"><a href="https://xtec.gencat.cat/ca/formacio/formaciogeneralprofessorat/cultura-digital/planificacio-oferta-formativa-modalitats/capsules-formatives-i-itineraris/" target="_blank" rel="noopener"><strong>Càpsules formatives i itineraris &#8211; XTEC &#8211; Gencat </strong></a>Tenen per objectiu dur a terme una formació concentrada en un termini curt de temps. Poden ser de 5 hores (Nanokudis), de 10 hores (<b>Kudis</b>) o de 15 hores</td>
</tr>
<tr style="height: 32px;">
<td style="width: 33.3333%; height: 32px;">
<h2><strong>PORTALS DE RECURSOS</strong></h2>
</td>
<td style="width: 33.3333%; height: 32px;"></td>
</tr>
<tr style="height: 32px;">
<td style="width: 33.3333%; height: 32px;"><a href="https://agora.xtec.cat/iescarrascobarcelona/wp-content/uploads/usu2495/2023/05/edu_logo.png"><img loading="lazy" decoding="async" class="alignnone size-full wp-image-2778" src="https://agora.xtec.cat/iescarrascobarcelona/wp-content/uploads/usu2495/2023/05/edu_logo.png" alt="" width="300" height="80" /></a></td>
<td style="width: 33.3333%; height: 32px;">L&#8217;<a href="https://www.edu365.cat/" target="_blank" rel="noopener"><strong>Edu365</strong></a> és molt popular als centres educatius, especialment d&#8217;educació infantil i primària. Edu365 proposa recursos digitals, webs interactius seleccionats per la seva qualitat, vincle amb l&#8217;actualitat o amb dates assenyalades (Nadal, Castanyada, Sant Jordi&#8230;)</td>
</tr>
<tr style="height: 32px;">
<td style="width: 33.3333%; height: 32px;"><a href="https://agora.xtec.cat/iescarrascobarcelona/wp-content/uploads/usu2495/2023/05/youtube.png"><img loading="lazy" decoding="async" class="alignnone size-full wp-image-2777" src="https://agora.xtec.cat/iescarrascobarcelona/wp-content/uploads/usu2495/2023/05/youtube.png" alt="" width="475" height="106" srcset="https://agora.xtec.cat/iescarrascobarcelona/wp-content/uploads/usu2495/2023/05/youtube.png 475w, https://agora.xtec.cat/iescarrascobarcelona/wp-content/uploads/usu2495/2023/05/youtube-300x67.png 300w" sizes="auto, (max-width: 475px) 100vw, 475px" /></a></td>
<td style="width: 33.3333%; height: 32px;"><a href="https://www.youtube.com/@centresenlinia/featured" target="_blank" rel="noopener"><strong>Centres educatius en línia</strong></a> You Tube s’inicia en ple confinament per oferir suport a les necessitats dels centres en un context d’educació en línia.</td>
</tr>
<tr style="height: 32px;">
<td style="width: 33.3333%; height: 32px;"></td>
<td style="width: 33.3333%; height: 32px;"></td>
</tr>
</tbody>
</table>
<p><a href="https://agora.xtec.cat/iescarrascobarcelona/wp-content/uploads/usu2495/2023/05/en_construccio.gif"><img loading="lazy" decoding="async" class="alignnone size-full wp-image-2763" src="https://agora.xtec.cat/iescarrascobarcelona/wp-content/uploads/usu2495/2023/05/en_construccio.gif" alt="" width="799" height="599" /></a></p>

<p>FORMACIÓ DOCENT La plataforma Odissea és l’aula virtual pels docents de Catalunya. Disposa d’un apartat específic en formació digital. La Xarxa Territorial de Cultura Digital és un conjunt híbrid d’activitats formatives on cada sessió inclou seminaris web, seminaris territorials (impartits en els CRP) i debats virtuals amb la plataforma Nus. La XTCD es divideix en [&hellip;]</p>
