{"id":2375,"date":"2022-05-30T21:28:04","date_gmt":"2022-05-30T19:28:04","guid":{"rendered":"https:\/\/agora.xtec.cat\/iescarrascobarcelona\/?page_id=2375"},"modified":"2023-05-20T19:40:53","modified_gmt":"2023-05-20T17:40:53","slug":"diagnosi","status":"publish","type":"page","link":"https:\/\/agora.xtec.cat\/iescarrascobarcelona\/edc\/part-estrategica-2\/diagnosi\/","title":{"rendered":"Diagnosi"},"content":{"rendered":"<p><strong>FONTS<\/strong><\/p>\n<p>Les eines utilitzades per diagnosticar el centre van ser diverses i van implicar diversos membres de la comunitat educativa: professorat, alumnes, fam\u00edlies i equip administratiu.<\/p>\n<p>Les eines utilitzades s\u00f3n les seg\u00fcents:<\/p>\n<p>&#8211; <strong>SELFIE for School<\/strong> \u00e9s una eina de reflexi\u00f3 personal en l\u00ednia desenvolupada per la Comissi\u00f3 Europea i un grup d&#8217;experts europeus en educaci\u00f3 per a escoles i per ajudar a les escoles a integrar la tecnologia digital en l&#8217;ensenyament i l&#8217;aprenentatge.<\/p>\n<p>Al nostre institut vam elaborar les enquestes SELFIE en dues fases: a finals de febrer i a mitjans de maig del 2022. Posteriorment vam utilitzar les dades que vam recollir per reflexionar sobre els punts forts i punts febles de la nostra comunitat educativa, i aix\u00ed vam arribar a la redacci\u00f3 dels objectius que guiaran l&#8217;estrat\u00e8gia digital dels propers mesos per a nosaltres. Una vegada vam tenir clar el que volem aconseguir, vam aprofitar un moment de reuni\u00f3 de tot el claustre per debatre tots plegats sobre aquests resultats, i aix\u00ed assignar les prioritats als objectius.<\/p>\n<p><a href=\"https:\/\/agora.xtec.cat\/iescarrascobarcelona\/wp-content\/uploads\/usu2495\/2022\/07\/ESO_sessio2_alumnes-roda_net.png\"><img loading=\"lazy\" decoding=\"async\" class=\"alignnone wp-image-2452\" src=\"https:\/\/agora.xtec.cat\/iescarrascobarcelona\/wp-content\/uploads\/usu2495\/2022\/07\/ESO_sessio2_alumnes-roda_net-1024x1024.png\" alt=\"\" width=\"340\" height=\"340\" srcset=\"https:\/\/agora.xtec.cat\/iescarrascobarcelona\/wp-content\/uploads\/usu2495\/2022\/07\/ESO_sessio2_alumnes-roda_net-1024x1024.png 1024w, https:\/\/agora.xtec.cat\/iescarrascobarcelona\/wp-content\/uploads\/usu2495\/2022\/07\/ESO_sessio2_alumnes-roda_net-300x300.png 300w, https:\/\/agora.xtec.cat\/iescarrascobarcelona\/wp-content\/uploads\/usu2495\/2022\/07\/ESO_sessio2_alumnes-roda_net-150x150.png 150w, https:\/\/agora.xtec.cat\/iescarrascobarcelona\/wp-content\/uploads\/usu2495\/2022\/07\/ESO_sessio2_alumnes-roda_net-768x768.png 768w, https:\/\/agora.xtec.cat\/iescarrascobarcelona\/wp-content\/uploads\/usu2495\/2022\/07\/ESO_sessio2_alumnes-roda_net-1536x1536.png 1536w, https:\/\/agora.xtec.cat\/iescarrascobarcelona\/wp-content\/uploads\/usu2495\/2022\/07\/ESO_sessio2_alumnes-roda_net-2048x2048.png 2048w\" sizes=\"auto, (max-width: 340px) 100vw, 340px\" \/><\/a><a href=\"https:\/\/agora.xtec.cat\/iescarrascobarcelona\/wp-content\/uploads\/usu2495\/2022\/07\/ESO_sessio3_professors-roda_net.png\"><img loading=\"lazy\" decoding=\"async\" class=\"alignnone wp-image-2453\" src=\"https:\/\/agora.xtec.cat\/iescarrascobarcelona\/wp-content\/uploads\/usu2495\/2022\/07\/ESO_sessio3_professors-roda_net-1024x1024.png\" alt=\"\" width=\"340\" height=\"340\" srcset=\"https:\/\/agora.xtec.cat\/iescarrascobarcelona\/wp-content\/uploads\/usu2495\/2022\/07\/ESO_sessio3_professors-roda_net-1024x1024.png 1024w, https:\/\/agora.xtec.cat\/iescarrascobarcelona\/wp-content\/uploads\/usu2495\/2022\/07\/ESO_sessio3_professors-roda_net-300x300.png 300w, https:\/\/agora.xtec.cat\/iescarrascobarcelona\/wp-content\/uploads\/usu2495\/2022\/07\/ESO_sessio3_professors-roda_net-150x150.png 150w, https:\/\/agora.xtec.cat\/iescarrascobarcelona\/wp-content\/uploads\/usu2495\/2022\/07\/ESO_sessio3_professors-roda_net-768x768.png 768w, https:\/\/agora.xtec.cat\/iescarrascobarcelona\/wp-content\/uploads\/usu2495\/2022\/07\/ESO_sessio3_professors-roda_net-1536x1536.png 1536w, https:\/\/agora.xtec.cat\/iescarrascobarcelona\/wp-content\/uploads\/usu2495\/2022\/07\/ESO_sessio3_professors-roda_net-2048x2048.png 2048w\" sizes=\"auto, (max-width: 340px) 100vw, 340px\" \/><\/a><\/p>\n<p><strong>&#8211; Projecte Pla TAC 2019<\/strong> \u00e9s el document de centre vigent on es reflecteixen els objectius i el pla d&#8217;acci\u00f3 digital del centre en el per\u00edode 2019 al 2023.<\/p>\n<p><strong>&#8211; Google Form<\/strong> \u00e9s un document digital que ens permet crear enquestes, fer preguntes i recollir informaci\u00f3 en l\u00ednia per, posteriorment processar les dades i respostes obtingudes.<\/p>\n<p><strong>AN\u00c0LISI DAFO<\/strong><\/p>\n<p><a href=\"https:\/\/agora.xtec.cat\/iescarrascobarcelona\/wp-content\/uploads\/usu2495\/2023\/04\/DAFO_IMCF.jpg\"><img loading=\"lazy\" decoding=\"async\" class=\"alignnone size-large wp-image-2742\" src=\"https:\/\/agora.xtec.cat\/iescarrascobarcelona\/wp-content\/uploads\/usu2495\/2023\/04\/DAFO_IMCF-1024x523.jpg\" alt=\"\" width=\"1024\" height=\"523\" srcset=\"https:\/\/agora.xtec.cat\/iescarrascobarcelona\/wp-content\/uploads\/usu2495\/2023\/04\/DAFO_IMCF-1024x523.jpg 1024w, https:\/\/agora.xtec.cat\/iescarrascobarcelona\/wp-content\/uploads\/usu2495\/2023\/04\/DAFO_IMCF-300x153.jpg 300w, https:\/\/agora.xtec.cat\/iescarrascobarcelona\/wp-content\/uploads\/usu2495\/2023\/04\/DAFO_IMCF-768x392.jpg 768w, https:\/\/agora.xtec.cat\/iescarrascobarcelona\/wp-content\/uploads\/usu2495\/2023\/04\/DAFO_IMCF.jpg 1055w\" sizes=\"auto, (max-width: 1024px) 100vw, 1024px\" \/><\/a><\/p>\n<p>Tal com es despr\u00e8n de l&#8217;an\u00e0lisi DAFO precedent, veiem que partim d&#8217;un pla TAC que es va iniciar a finals del 2019, el centre ha experimentat en entorns virtuals d&#8217;aprenentatge i en organitzaci\u00f3 digital de centre (correu corporatiu, Drive compartit per \u00e0mbits i docents per gestionar la informaci\u00f3 de centre, reunions virtuals).\u00a0 Aquesta experi\u00e8ncia pr\u00e8via ens va permetre donar resposta r\u00e0pida als confinaments que es van produir arran de la COVID i va permetre organitzar cursos en l\u00ednia i semipresencials adaptant el curr\u00edculum a la nova situaci\u00f3.<\/p>\n<p>El fet que el Departament d\u2019Educaci\u00f3 ha subministrat port\u00e0tils als alumnes de 3r d\u2019ESO fins 2n de Batxillerat ha perm\u00e8s desenvolupar activitats digitals aprofitant l\u2019entorn virtual desenvolupat pr\u00e8viament amb el pla TAC.<\/p>\n<p>Encara que no hem partit de zero, som conscients que podem millorar digitalment i ens estem aprofitant d\u2019aquesta empenta del departament amb fons europeus per assolir una compet\u00e8ncia digital dels alumnes, professors i fam\u00edlies i gestionar una cultura digital de centre.<\/p>\n<p>El canvi de llei en mat\u00e8ria curricular i la dedicaci\u00f3 del professorat en fer el canvi de paradigma que comporta una estrat\u00e8gia competencial envers una estrat\u00e8gia curricular i adaptar les nostres programacions a la nova llei ha restat temps al fet que el professorat pogu\u00e9s adaptar activitats introduint t\u00e8cniques i compet\u00e8ncies digitals a les activitats que es fan a classe.<\/p>\n<p>Una de les tasques que s\u2019ha d\u2019abordar \u00e9s donar forma de norma a tots els procediments digitals que s\u2019estan creant i fer-les arribar a tots els membres de la comunitat educativa.<\/p>\n<p>El fet que 1r i 2n d\u2019ESO no tingui de moment un port\u00e0til per alumne, ens obliga a mantenir les aules tradicionals d\u2019inform\u00e0tica i d\u2019idiomes i no ens permet implementar una optimitzaci\u00f3 dels espais on ens permetin fer multitasca i activitats o situacions d\u2019aprenentatges m\u00e9s completes en mat\u00e8ria digital.<\/p>\n","protected":false},"excerpt":{"rendered":"<p>FONTS Les eines utilitzades per diagnosticar el centre van ser diverses i van implicar diversos membres de la comunitat educativa: professorat, alumnes, fam\u00edlies i equip administratiu. Les eines utilitzades s\u00f3n les seg\u00fcents: &#8211; SELFIE for School \u00e9s una eina de reflexi\u00f3 personal en l\u00ednia desenvolupada per la Comissi\u00f3 Europea i un grup d&#8217;experts europeus en [&hellip;]<\/p>\n","protected":false},"author":1,"featured_media":0,"parent":2396,"menu_order":2,"comment_status":"closed","ping_status":"closed","template":"page-templates\/side-menu.php","meta":{"_bbp_topic_count":0,"_bbp_reply_count":0,"_bbp_total_topic_count":0,"_bbp_total_reply_count":0,"_bbp_voice_count":0,"_bbp_anonymous_reply_count":0,"_bbp_topic_count_hidden":0,"_bbp_reply_count_hidden":0,"_bbp_forum_subforum_count":0,"site-sidebar-layout":"default","site-content-layout":"","ast-site-content-layout":"","site-content-style":"default","site-sidebar-style":"default","ast-global-header-display":"","ast-banner-title-visibility":"","ast-main-header-display":"","ast-hfb-above-header-display":"","ast-hfb-below-header-display":"","ast-hfb-mobile-header-display":"","site-post-title":"","ast-breadcrumbs-content":"","ast-featured-img":"","footer-sml-layout":"","theme-transparent-header-meta":"","adv-header-id-meta":"","stick-header-meta":"","header-above-stick-meta":"","header-main-stick-meta":"","header-below-stick-meta":"","astra-migrate-meta-layouts":"default","ast-page-background-enabled":"default","ast-page-background-meta":{"desktop":{"background-color":"var(--ast-global-color-4)","background-image":"","background-repeat":"repeat","background-position":"center center","background-size":"auto","background-attachment":"scroll","background-type":"","background-media":"","overlay-type":"","overlay-color":"","overlay-opacity":"","overlay-gradient":""},"tablet":{"background-color":"","background-image":"","background-repeat":"repeat","background-position":"center center","background-size":"auto","background-attachment":"scroll","background-type":"","background-media":"","overlay-type":"","overlay-color":"","overlay-opacity":"","overlay-gradient":""},"mobile":{"background-color":"","background-image":"","background-repeat":"repeat","background-position":"center center","background-size":"auto","background-attachment":"scroll","background-type":"","background-media":"","overlay-type":"","overlay-color":"","overlay-opacity":"","overlay-gradient":""}},"ast-content-background-meta":{"desktop":{"background-color":"var(--ast-global-color-5)","background-image":"","background-repeat":"repeat","background-position":"center center","background-size":"auto","background-attachment":"scroll","background-type":"","background-media":"","overlay-type":"","overlay-color":"","overlay-opacity":"","overlay-gradient":""},"tablet":{"background-color":"var(--ast-global-color-5)","background-image":"","background-repeat":"repeat","background-position":"center center","background-size":"auto","background-attachment":"scroll","background-type":"","background-media":"","overlay-type":"","overlay-color":"","overlay-opacity":"","overlay-gradient":""},"mobile":{"background-color":"var(--ast-global-color-5)","background-image":"","background-repeat":"repeat","background-position":"center center","background-size":"auto","background-attachment":"scroll","background-type":"","background-media":"","overlay-type":"","overlay-color":"","overlay-opacity":"","overlay-gradient":""}},"footnotes":""},"class_list":["post-2375","page","type-page","status-publish","hentry"],"post_mailing_queue_ids":[],"_links":{"self":[{"href":"https:\/\/agora.xtec.cat\/iescarrascobarcelona\/wp-json\/wp\/v2\/pages\/2375","targetHints":{"allow":["GET"]}}],"collection":[{"href":"https:\/\/agora.xtec.cat\/iescarrascobarcelona\/wp-json\/wp\/v2\/pages"}],"about":[{"href":"https:\/\/agora.xtec.cat\/iescarrascobarcelona\/wp-json\/wp\/v2\/types\/page"}],"author":[{"embeddable":true,"href":"https:\/\/agora.xtec.cat\/iescarrascobarcelona\/wp-json\/wp\/v2\/users\/1"}],"replies":[{"embeddable":true,"href":"https:\/\/agora.xtec.cat\/iescarrascobarcelona\/wp-json\/wp\/v2\/comments?post=2375"}],"version-history":[{"count":4,"href":"https:\/\/agora.xtec.cat\/iescarrascobarcelona\/wp-json\/wp\/v2\/pages\/2375\/revisions"}],"predecessor-version":[{"id":2802,"href":"https:\/\/agora.xtec.cat\/iescarrascobarcelona\/wp-json\/wp\/v2\/pages\/2375\/revisions\/2802"}],"up":[{"embeddable":true,"href":"https:\/\/agora.xtec.cat\/iescarrascobarcelona\/wp-json\/wp\/v2\/pages\/2396"}],"wp:attachment":[{"href":"https:\/\/agora.xtec.cat\/iescarrascobarcelona\/wp-json\/wp\/v2\/media?parent=2375"}],"curies":[{"name":"wp","href":"https:\/\/api.w.org\/{rel}","templated":true}]}}

<p><strong>FONTS</strong></p>
<p>Les eines utilitzades per diagnosticar el centre van ser diverses i van implicar diversos membres de la comunitat educativa: professorat, alumnes, famílies i equip administratiu.</p>
<p>Les eines utilitzades són les següents:</p>
<p>&#8211; <strong>SELFIE for School</strong> és una eina de reflexió personal en línia desenvolupada per la Comissió Europea i un grup d&#8217;experts europeus en educació per a escoles i per ajudar a les escoles a integrar la tecnologia digital en l&#8217;ensenyament i l&#8217;aprenentatge.</p>
<p>Al nostre institut vam elaborar les enquestes SELFIE en dues fases: a finals de febrer i a mitjans de maig del 2022. Posteriorment vam utilitzar les dades que vam recollir per reflexionar sobre els punts forts i punts febles de la nostra comunitat educativa, i així vam arribar a la redacció dels objectius que guiaran l&#8217;estratègia digital dels propers mesos per a nosaltres. Una vegada vam tenir clar el que volem aconseguir, vam aprofitar un moment de reunió de tot el claustre per debatre tots plegats sobre aquests resultats, i així assignar les prioritats als objectius.</p>
<p><a href="https://agora.xtec.cat/iescarrascobarcelona/wp-content/uploads/usu2495/2022/07/ESO_sessio2_alumnes-roda_net.png"><img loading="lazy" decoding="async" class="alignnone wp-image-2452" src="https://agora.xtec.cat/iescarrascobarcelona/wp-content/uploads/usu2495/2022/07/ESO_sessio2_alumnes-roda_net-1024x1024.png" alt="" width="340" height="340" srcset="https://agora.xtec.cat/iescarrascobarcelona/wp-content/uploads/usu2495/2022/07/ESO_sessio2_alumnes-roda_net-1024x1024.png 1024w, https://agora.xtec.cat/iescarrascobarcelona/wp-content/uploads/usu2495/2022/07/ESO_sessio2_alumnes-roda_net-300x300.png 300w, https://agora.xtec.cat/iescarrascobarcelona/wp-content/uploads/usu2495/2022/07/ESO_sessio2_alumnes-roda_net-150x150.png 150w, https://agora.xtec.cat/iescarrascobarcelona/wp-content/uploads/usu2495/2022/07/ESO_sessio2_alumnes-roda_net-768x768.png 768w, https://agora.xtec.cat/iescarrascobarcelona/wp-content/uploads/usu2495/2022/07/ESO_sessio2_alumnes-roda_net-1536x1536.png 1536w, https://agora.xtec.cat/iescarrascobarcelona/wp-content/uploads/usu2495/2022/07/ESO_sessio2_alumnes-roda_net-2048x2048.png 2048w" sizes="auto, (max-width: 340px) 100vw, 340px" /></a><a href="https://agora.xtec.cat/iescarrascobarcelona/wp-content/uploads/usu2495/2022/07/ESO_sessio3_professors-roda_net.png"><img loading="lazy" decoding="async" class="alignnone wp-image-2453" src="https://agora.xtec.cat/iescarrascobarcelona/wp-content/uploads/usu2495/2022/07/ESO_sessio3_professors-roda_net-1024x1024.png" alt="" width="340" height="340" srcset="https://agora.xtec.cat/iescarrascobarcelona/wp-content/uploads/usu2495/2022/07/ESO_sessio3_professors-roda_net-1024x1024.png 1024w, https://agora.xtec.cat/iescarrascobarcelona/wp-content/uploads/usu2495/2022/07/ESO_sessio3_professors-roda_net-300x300.png 300w, https://agora.xtec.cat/iescarrascobarcelona/wp-content/uploads/usu2495/2022/07/ESO_sessio3_professors-roda_net-150x150.png 150w, https://agora.xtec.cat/iescarrascobarcelona/wp-content/uploads/usu2495/2022/07/ESO_sessio3_professors-roda_net-768x768.png 768w, https://agora.xtec.cat/iescarrascobarcelona/wp-content/uploads/usu2495/2022/07/ESO_sessio3_professors-roda_net-1536x1536.png 1536w, https://agora.xtec.cat/iescarrascobarcelona/wp-content/uploads/usu2495/2022/07/ESO_sessio3_professors-roda_net-2048x2048.png 2048w" sizes="auto, (max-width: 340px) 100vw, 340px" /></a></p>
<p><strong>&#8211; Projecte Pla TAC 2019</strong> és el document de centre vigent on es reflecteixen els objectius i el pla d&#8217;acció digital del centre en el període 2019 al 2023.</p>
<p><strong>&#8211; Google Form</strong> és un document digital que ens permet crear enquestes, fer preguntes i recollir informació en línia per, posteriorment processar les dades i respostes obtingudes.</p>
<p><strong>ANÀLISI DAFO</strong></p>
<p><a href="https://agora.xtec.cat/iescarrascobarcelona/wp-content/uploads/usu2495/2023/04/DAFO_IMCF.jpg"><img loading="lazy" decoding="async" class="alignnone size-large wp-image-2742" src="https://agora.xtec.cat/iescarrascobarcelona/wp-content/uploads/usu2495/2023/04/DAFO_IMCF-1024x523.jpg" alt="" width="1024" height="523" srcset="https://agora.xtec.cat/iescarrascobarcelona/wp-content/uploads/usu2495/2023/04/DAFO_IMCF-1024x523.jpg 1024w, https://agora.xtec.cat/iescarrascobarcelona/wp-content/uploads/usu2495/2023/04/DAFO_IMCF-300x153.jpg 300w, https://agora.xtec.cat/iescarrascobarcelona/wp-content/uploads/usu2495/2023/04/DAFO_IMCF-768x392.jpg 768w, https://agora.xtec.cat/iescarrascobarcelona/wp-content/uploads/usu2495/2023/04/DAFO_IMCF.jpg 1055w" sizes="auto, (max-width: 1024px) 100vw, 1024px" /></a></p>
<p>Tal com es desprèn de l&#8217;anàlisi DAFO precedent, veiem que partim d&#8217;un pla TAC que es va iniciar a finals del 2019, el centre ha experimentat en entorns virtuals d&#8217;aprenentatge i en organització digital de centre (correu corporatiu, Drive compartit per àmbits i docents per gestionar la informació de centre, reunions virtuals).  Aquesta experiència prèvia ens va permetre donar resposta ràpida als confinaments que es van produir arran de la COVID i va permetre organitzar cursos en línia i semipresencials adaptant el currículum a la nova situació.</p>
<p>El fet que el Departament d’Educació ha subministrat portàtils als alumnes de 3r d’ESO fins 2n de Batxillerat ha permès desenvolupar activitats digitals aprofitant l’entorn virtual desenvolupat prèviament amb el pla TAC.</p>
<p>Encara que no hem partit de zero, som conscients que podem millorar digitalment i ens estem aprofitant d’aquesta empenta del departament amb fons europeus per assolir una competència digital dels alumnes, professors i famílies i gestionar una cultura digital de centre.</p>
<p>El canvi de llei en matèria curricular i la dedicació del professorat en fer el canvi de paradigma que comporta una estratègia competencial envers una estratègia curricular i adaptar les nostres programacions a la nova llei ha restat temps al fet que el professorat pogués adaptar activitats introduint tècniques i competències digitals a les activitats que es fan a classe.</p>
<p>Una de les tasques que s’ha d’abordar és donar forma de norma a tots els procediments digitals que s’estan creant i fer-les arribar a tots els membres de la comunitat educativa.</p>
<p>El fet que 1r i 2n d’ESO no tingui de moment un portàtil per alumne, ens obliga a mantenir les aules tradicionals d’informàtica i d’idiomes i no ens permet implementar una optimització dels espais on ens permetin fer multitasca i activitats o situacions d’aprenentatges més completes en matèria digital.</p>

<p>FONTS Les eines utilitzades per diagnosticar el centre van ser diverses i van implicar diversos membres de la comunitat educativa: professorat, alumnes, famílies i equip administratiu. Les eines utilitzades són les següents: &#8211; SELFIE for School és una eina de reflexió personal en línia desenvolupada per la Comissió Europea i un grup d&#8217;experts europeus en [&hellip;]</p>
