{"id":21,"date":"2014-09-17T16:14:14","date_gmt":"2014-09-17T16:14:14","guid":{"rendered":"http:\/\/agora.xtec.cat\/iescarrascobarcelona\/?page_id=21"},"modified":"2026-03-02T15:28:09","modified_gmt":"2026-03-02T14:28:09","slug":"on-som","status":"publish","type":"page","link":"https:\/\/agora.xtec.cat\/iescarrascobarcelona\/linstitut\/on-som\/","title":{"rendered":"On som?"},"content":{"rendered":"\n<p>L\u2019INS Manuel Carrasco i Formiguera, est\u00e0 situat al n\u00fam. 2 del carrer Santa Fe de Barcelona, &nbsp;zona nord del districte de Nou Barris, i \u00e9s fronterer amb el districte d\u2019Horta-Guinard\u00f3, ja que nom\u00e9s en resta separat pel Passeig Maragall.<\/p>\n\n\n\n<p class=\"has-text-align-center\">Estem al costat de l&#8217;edifici hist\u00f2ric de <a href=\"http:\/\/ca.wikipedia.org\/wiki\/Torre_Llobeta_%28masia%29\" target=\"_blank\" rel=\"noopener noreferrer\">Torre Llobeta<\/a>.<br><iframe loading=\"lazy\" src=\"https:\/\/maps.google.es\/maps?q=ies+manuel+carrasco+i+formiguera&amp;ie=UTF8&amp;hq=ies+manuel+carrasco+i+formiguera&amp;hnear=Barcelona,+Catalunya&amp;t=m&amp;ll=41.426511,2.175851&amp;spn=0.011262,0.018239&amp;z=15&amp;output=embed\" width=\"425\" height=\"350\" frameborder=\"0\" data-mce-fragment=\"1\"><\/iframe><br><small><a href=\"https:\/\/maps.google.es\/maps?q=ies+manuel+carrasco+i+formiguera&amp;ie=UTF8&amp;hq=ies+manuel+carrasco+i+formiguera&amp;hnear=Barcelona,+Catalunya&amp;t=m&amp;ll=41.426511,2.175851&amp;spn=0.011262,0.018239&amp;z=15&amp;source=embed\">Mostra un mapa m\u00e9s gran<\/a><\/small><\/p>\n\n\n\n<p><strong>Com arribar al nostre institut?<\/strong><\/p>\n\n\n\n<p>Amb metro: L\u00ednia Blava L5 &nbsp;i L\u00ednia Groga L4 parada Maragall<\/p>\n\n\n\n<p>Amb autob\u00fas: 19, 47, D40, D50, V25, H6, 117 i 122<\/p>\n","protected":false},"excerpt":{"rendered":"<p>L\u2019INS Manuel Carrasco i Formiguera, est\u00e0 situat al n\u00fam. 2 del carrer Santa Fe de Barcelona, &nbsp;zona nord del districte de Nou Barris, i \u00e9s fronterer amb el districte d\u2019Horta-Guinard\u00f3, ja que nom\u00e9s en resta separat pel Passeig Maragall. Estem al costat de l&#8217;edifici hist\u00f2ric de Torre Llobeta.Mostra un mapa m\u00e9s gran Com arribar al [&hellip;]<\/p>\n","protected":false},"author":1,"featured_media":0,"parent":19,"menu_order":2,"comment_status":"closed","ping_status":"closed","template":"","meta":{"_bbp_topic_count":0,"_bbp_reply_count":0,"_bbp_total_topic_count":0,"_bbp_total_reply_count":0,"_bbp_voice_count":0,"_bbp_anonymous_reply_count":0,"_bbp_topic_count_hidden":0,"_bbp_reply_count_hidden":0,"_bbp_forum_subforum_count":0,"site-sidebar-layout":"default","site-content-layout":"","ast-site-content-layout":"default","site-content-style":"default","site-sidebar-style":"default","ast-global-header-display":"","ast-banner-title-visibility":"","ast-main-header-display":"","ast-hfb-above-header-display":"","ast-hfb-below-header-display":"","ast-hfb-mobile-header-display":"","site-post-title":"","ast-breadcrumbs-content":"","ast-featured-img":"","footer-sml-layout":"","theme-transparent-header-meta":"","adv-header-id-meta":"","stick-header-meta":"","header-above-stick-meta":"","header-main-stick-meta":"","header-below-stick-meta":"","astra-migrate-meta-layouts":"set","ast-page-background-enabled":"default","ast-page-background-meta":{"desktop":{"background-color":"var(--ast-global-color-4)","background-image":"","background-repeat":"repeat","background-position":"center center","background-size":"auto","background-attachment":"scroll","background-type":"","background-media":"","overlay-type":"","overlay-color":"","overlay-opacity":"","overlay-gradient":""},"tablet":{"background-color":"","background-image":"","background-repeat":"repeat","background-position":"center center","background-size":"auto","background-attachment":"scroll","background-type":"","background-media":"","overlay-type":"","overlay-color":"","overlay-opacity":"","overlay-gradient":""},"mobile":{"background-color":"","background-image":"","background-repeat":"repeat","background-position":"center center","background-size":"auto","background-attachment":"scroll","background-type":"","background-media":"","overlay-type":"","overlay-color":"","overlay-opacity":"","overlay-gradient":""}},"ast-content-background-meta":{"desktop":{"background-color":"var(--ast-global-color-5)","background-image":"","background-repeat":"repeat","background-position":"center center","background-size":"auto","background-attachment":"scroll","background-type":"","background-media":"","overlay-type":"","overlay-color":"","overlay-opacity":"","overlay-gradient":""},"tablet":{"background-color":"var(--ast-global-color-5)","background-image":"","background-repeat":"repeat","background-position":"center center","background-size":"auto","background-attachment":"scroll","background-type":"","background-media":"","overlay-type":"","overlay-color":"","overlay-opacity":"","overlay-gradient":""},"mobile":{"background-color":"var(--ast-global-color-5)","background-image":"","background-repeat":"repeat","background-position":"center center","background-size":"auto","background-attachment":"scroll","background-type":"","background-media":"","overlay-type":"","overlay-color":"","overlay-opacity":"","overlay-gradient":""}},"footnotes":""},"class_list":["post-21","page","type-page","status-publish","hentry"],"post_mailing_queue_ids":[],"_links":{"self":[{"href":"https:\/\/agora.xtec.cat\/iescarrascobarcelona\/wp-json\/wp\/v2\/pages\/21","targetHints":{"allow":["GET"]}}],"collection":[{"href":"https:\/\/agora.xtec.cat\/iescarrascobarcelona\/wp-json\/wp\/v2\/pages"}],"about":[{"href":"https:\/\/agora.xtec.cat\/iescarrascobarcelona\/wp-json\/wp\/v2\/types\/page"}],"author":[{"embeddable":true,"href":"https:\/\/agora.xtec.cat\/iescarrascobarcelona\/wp-json\/wp\/v2\/users\/1"}],"replies":[{"embeddable":true,"href":"https:\/\/agora.xtec.cat\/iescarrascobarcelona\/wp-json\/wp\/v2\/comments?post=21"}],"version-history":[{"count":3,"href":"https:\/\/agora.xtec.cat\/iescarrascobarcelona\/wp-json\/wp\/v2\/pages\/21\/revisions"}],"predecessor-version":[{"id":3355,"href":"https:\/\/agora.xtec.cat\/iescarrascobarcelona\/wp-json\/wp\/v2\/pages\/21\/revisions\/3355"}],"up":[{"embeddable":true,"href":"https:\/\/agora.xtec.cat\/iescarrascobarcelona\/wp-json\/wp\/v2\/pages\/19"}],"wp:attachment":[{"href":"https:\/\/agora.xtec.cat\/iescarrascobarcelona\/wp-json\/wp\/v2\/media?parent=21"}],"curies":[{"name":"wp","href":"https:\/\/api.w.org\/{rel}","templated":true}]}}