{"id":2090,"date":"2021-04-18T10:48:49","date_gmt":"2021-04-18T08:48:49","guid":{"rendered":"https:\/\/agora.xtec.cat\/iescarrascobarcelona\/?page_id=2090"},"modified":"2024-11-11T18:25:38","modified_gmt":"2024-11-11T17:25:38","slug":"treball-globalitzat-2n-eso","status":"publish","type":"page","link":"https:\/\/agora.xtec.cat\/iescarrascobarcelona\/treball-globalitzat-2n-eso\/","title":{"rendered":"Treball globalitzat 2n ESO"},"content":{"rendered":"<p dir=\"ltr\">Al nostre institut, el Treball Globalitzat per als estudiants de segon d\u2019ESO \u00e9s m\u00e9s que una mat\u00e8ria. \u00c9s una oportunitat per aprofundir en les \u00e0rees de ci\u00e8ncies experimentals, ci\u00e8ncies socials i angl\u00e8s mentre abordem les problem\u00e0tiques socials m\u00e9s rellevants del nostre temps. \u00bfCom ho fem? Establint un comprom\u00eds cap als Objectius de Desenvolupament Sostenible (ODS).<\/p>\n<p dir=\"ltr\">Cada curs prioritzem alguns dels ODS per treballar-los trimestralment, partint de les inquietuds i interessos de l\u2019alumnat.<\/p>\n<p dir=\"ltr\">El treball globalitzat es planteja com un escenari per dissenyar accions i productes finals que es resolen en grups de treball cooperatiu. Apostem per la participaci\u00f3 activa dels nostres alumnes, fomentant l\u2019esperit cr\u00edtic i inspirant-los a actuar tant a l\u2019\u00e0mbit escolar com en el seu entorn local i global.<\/p>\n<p><iframe loading=\"lazy\" title=\"YouTube video player\" src=\"https:\/\/www.youtube.com\/embed\/GeRlWh9nZKQ?si=y-Hjat8QfHAwynyU\" width=\"840\" height=\"472\" frameborder=\"0\" allowfullscreen=\"allowfullscreen\"><\/iframe><\/p>\n","protected":false},"excerpt":{"rendered":"<p>Al nostre institut, el Treball Globalitzat per als estudiants de segon d\u2019ESO \u00e9s m\u00e9s que una mat\u00e8ria. \u00c9s una oportunitat per aprofundir en les \u00e0rees de ci\u00e8ncies experimentals, ci\u00e8ncies socials i angl\u00e8s mentre abordem les problem\u00e0tiques socials m\u00e9s rellevants del nostre temps. \u00bfCom ho fem? Establint un comprom\u00eds cap als Objectius de Desenvolupament Sostenible (ODS). [&hellip;]<\/p>\n","protected":false},"author":1,"featured_media":0,"parent":0,"menu_order":0,"comment_status":"closed","ping_status":"closed","template":"","meta":{"_bbp_topic_count":0,"_bbp_reply_count":0,"_bbp_total_topic_count":0,"_bbp_total_reply_count":0,"_bbp_voice_count":0,"_bbp_anonymous_reply_count":0,"_bbp_topic_count_hidden":0,"_bbp_reply_count_hidden":0,"_bbp_forum_subforum_count":0,"site-sidebar-layout":"default","site-content-layout":"","ast-site-content-layout":"","site-content-style":"default","site-sidebar-style":"default","ast-global-header-display":"","ast-banner-title-visibility":"","ast-main-header-display":"","ast-hfb-above-header-display":"","ast-hfb-below-header-display":"","ast-hfb-mobile-header-display":"","site-post-title":"","ast-breadcrumbs-content":"","ast-featured-img":"","footer-sml-layout":"","theme-transparent-header-meta":"","adv-header-id-meta":"","stick-header-meta":"","header-above-stick-meta":"","header-main-stick-meta":"","header-below-stick-meta":"","astra-migrate-meta-layouts":"default","ast-page-background-enabled":"default","ast-page-background-meta":{"desktop":{"background-color":"var(--ast-global-color-4)","background-image":"","background-repeat":"repeat","background-position":"center center","background-size":"auto","background-attachment":"scroll","background-type":"","background-media":"","overlay-type":"","overlay-color":"","overlay-opacity":"","overlay-gradient":""},"tablet":{"background-color":"","background-image":"","background-repeat":"repeat","background-position":"center center","background-size":"auto","background-attachment":"scroll","background-type":"","background-media":"","overlay-type":"","overlay-color":"","overlay-opacity":"","overlay-gradient":""},"mobile":{"background-color":"","background-image":"","background-repeat":"repeat","background-position":"center center","background-size":"auto","background-attachment":"scroll","background-type":"","background-media":"","overlay-type":"","overlay-color":"","overlay-opacity":"","overlay-gradient":""}},"ast-content-background-meta":{"desktop":{"background-color":"var(--ast-global-color-5)","background-image":"","background-repeat":"repeat","background-position":"center center","background-size":"auto","background-attachment":"scroll","background-type":"","background-media":"","overlay-type":"","overlay-color":"","overlay-opacity":"","overlay-gradient":""},"tablet":{"background-color":"var(--ast-global-color-5)","background-image":"","background-repeat":"repeat","background-position":"center center","background-size":"auto","background-attachment":"scroll","background-type":"","background-media":"","overlay-type":"","overlay-color":"","overlay-opacity":"","overlay-gradient":""},"mobile":{"background-color":"var(--ast-global-color-5)","background-image":"","background-repeat":"repeat","background-position":"center center","background-size":"auto","background-attachment":"scroll","background-type":"","background-media":"","overlay-type":"","overlay-color":"","overlay-opacity":"","overlay-gradient":""}},"footnotes":""},"class_list":["post-2090","page","type-page","status-publish","hentry"],"post_mailing_queue_ids":[],"_links":{"self":[{"href":"https:\/\/agora.xtec.cat\/iescarrascobarcelona\/wp-json\/wp\/v2\/pages\/2090","targetHints":{"allow":["GET"]}}],"collection":[{"href":"https:\/\/agora.xtec.cat\/iescarrascobarcelona\/wp-json\/wp\/v2\/pages"}],"about":[{"href":"https:\/\/agora.xtec.cat\/iescarrascobarcelona\/wp-json\/wp\/v2\/types\/page"}],"author":[{"embeddable":true,"href":"https:\/\/agora.xtec.cat\/iescarrascobarcelona\/wp-json\/wp\/v2\/users\/1"}],"replies":[{"embeddable":true,"href":"https:\/\/agora.xtec.cat\/iescarrascobarcelona\/wp-json\/wp\/v2\/comments?post=2090"}],"version-history":[{"count":7,"href":"https:\/\/agora.xtec.cat\/iescarrascobarcelona\/wp-json\/wp\/v2\/pages\/2090\/revisions"}],"predecessor-version":[{"id":3123,"href":"https:\/\/agora.xtec.cat\/iescarrascobarcelona\/wp-json\/wp\/v2\/pages\/2090\/revisions\/3123"}],"wp:attachment":[{"href":"https:\/\/agora.xtec.cat\/iescarrascobarcelona\/wp-json\/wp\/v2\/media?parent=2090"}],"curies":[{"name":"wp","href":"https:\/\/api.w.org\/{rel}","templated":true}]}}