{"id":2066,"date":"2021-04-18T10:38:57","date_gmt":"2021-04-18T08:38:57","guid":{"rendered":"https:\/\/agora.xtec.cat\/iescarrascobarcelona\/?page_id=2066"},"modified":"2023-02-10T14:16:35","modified_gmt":"2023-02-10T13:16:35","slug":"certificacio-llengua-francesa-delf","status":"publish","type":"page","link":"https:\/\/agora.xtec.cat\/iescarrascobarcelona\/certificacio-llengua-francesa-delf\/","title":{"rendered":"Certificaci\u00f3 llengua francesa DELF"},"content":{"rendered":"<p>Preparaci\u00f3 de les proves <b>DELF<\/b> en llengua francesa (A2 i B1)<\/p>\n<div class=\"block block--intro\">\n<div class=\"content\">\n<p>El <strong>DELF<\/strong> (Dipl\u00f4me d\u2019Etudes en Langue Fran\u00e7aise) i el DALF (Dipl\u00f4me Approfondi de Langue Fran\u00e7aise) s\u00f3n diplomes oficials de llengua francesa atorgats pel Ministeri franc\u00e8s d\u2019Educaci\u00f3 Nacional i dissenyats segons les directrius del Marc Europeu Com\u00fa de Refer\u00e8ncia per les Lleng\u00fces<\/p>\n<\/div>\n<\/div>\n<div class=\"block block--paragraph\">\n<div class=\"content\">\n<p>S\u00f3n diplomes reconegut internacionalment i a Espanya tamb\u00e9 estan reconeguts per les universitats espanyoles.<\/p>\n<\/div>\n<\/div>\n<div class=\"block block--paragraph\">\n<div class=\"content\">\n<p>Tenen una\u00a0<strong>validesa permanent<\/strong>.<\/p>\n<\/div>\n<\/div>\n<div class=\"block block--paragraph\">\n<div class=\"content\">\n<p>Es proposen\u00a0<strong>6<\/strong>\u00a0diplomes independents: DELF A1, DELF A2, DELF B1, DELF B2, DALF C1, DALF C2.<\/p>\n<\/div>\n<\/div>\n<div class=\"block block--paragraph\">\n<div class=\"content\">\n<p>Cada examen permet avaluar\u00a0<strong>les quatre destreses de comunicaci\u00f3<\/strong>: comprensi\u00f3 i expressi\u00f3 oral, comprensi\u00f3 i expressi\u00f3 escrita.<\/p>\n<\/div>\n<p>Els nostres alumnes que cursen la mat\u00e8ria de franc\u00e8s tenen l&#8217;oportunitat de realitzar aquest examen oficial i obtenir el diploma corresponent.<\/p>\n<\/div>\n<p>&nbsp;<\/p>\n","protected":false},"excerpt":{"rendered":"<p>Preparaci\u00f3 de les proves DELF en llengua francesa (A2 i B1) El DELF (Dipl\u00f4me d\u2019Etudes en Langue Fran\u00e7aise) i el DALF (Dipl\u00f4me Approfondi de Langue Fran\u00e7aise) s\u00f3n diplomes oficials de llengua francesa atorgats pel Ministeri franc\u00e8s d\u2019Educaci\u00f3 Nacional i dissenyats segons les directrius del Marc Europeu Com\u00fa de Refer\u00e8ncia per les Lleng\u00fces S\u00f3n diplomes reconegut [&hellip;]<\/p>\n","protected":false},"author":1,"featured_media":0,"parent":0,"menu_order":0,"comment_status":"closed","ping_status":"closed","template":"","meta":{"_bbp_topic_count":0,"_bbp_reply_count":0,"_bbp_total_topic_count":0,"_bbp_total_reply_count":0,"_bbp_voice_count":0,"_bbp_anonymous_reply_count":0,"_bbp_topic_count_hidden":0,"_bbp_reply_count_hidden":0,"_bbp_forum_subforum_count":0,"site-sidebar-layout":"default","site-content-layout":"","ast-site-content-layout":"","site-content-style":"default","site-sidebar-style":"default","ast-global-header-display":"","ast-banner-title-visibility":"","ast-main-header-display":"","ast-hfb-above-header-display":"","ast-hfb-below-header-display":"","ast-hfb-mobile-header-display":"","site-post-title":"","ast-breadcrumbs-content":"","ast-featured-img":"","footer-sml-layout":"","theme-transparent-header-meta":"","adv-header-id-meta":"","stick-header-meta":"","header-above-stick-meta":"","header-main-stick-meta":"","header-below-stick-meta":"","astra-migrate-meta-layouts":"default","ast-page-background-enabled":"default","ast-page-background-meta":{"desktop":{"background-color":"var(--ast-global-color-4)","background-image":"","background-repeat":"repeat","background-position":"center center","background-size":"auto","background-attachment":"scroll","background-type":"","background-media":"","overlay-type":"","overlay-color":"","overlay-opacity":"","overlay-gradient":""},"tablet":{"background-color":"","background-image":"","background-repeat":"repeat","background-position":"center center","background-size":"auto","background-attachment":"scroll","background-type":"","background-media":"","overlay-type":"","overlay-color":"","overlay-opacity":"","overlay-gradient":""},"mobile":{"background-color":"","background-image":"","background-repeat":"repeat","background-position":"center center","background-size":"auto","background-attachment":"scroll","background-type":"","background-media":"","overlay-type":"","overlay-color":"","overlay-opacity":"","overlay-gradient":""}},"ast-content-background-meta":{"desktop":{"background-color":"var(--ast-global-color-5)","background-image":"","background-repeat":"repeat","background-position":"center center","background-size":"auto","background-attachment":"scroll","background-type":"","background-media":"","overlay-type":"","overlay-color":"","overlay-opacity":"","overlay-gradient":""},"tablet":{"background-color":"var(--ast-global-color-5)","background-image":"","background-repeat":"repeat","background-position":"center center","background-size":"auto","background-attachment":"scroll","background-type":"","background-media":"","overlay-type":"","overlay-color":"","overlay-opacity":"","overlay-gradient":""},"mobile":{"background-color":"var(--ast-global-color-5)","background-image":"","background-repeat":"repeat","background-position":"center center","background-size":"auto","background-attachment":"scroll","background-type":"","background-media":"","overlay-type":"","overlay-color":"","overlay-opacity":"","overlay-gradient":""}},"footnotes":""},"class_list":["post-2066","page","type-page","status-publish","hentry"],"post_mailing_queue_ids":[],"_links":{"self":[{"href":"https:\/\/agora.xtec.cat\/iescarrascobarcelona\/wp-json\/wp\/v2\/pages\/2066","targetHints":{"allow":["GET"]}}],"collection":[{"href":"https:\/\/agora.xtec.cat\/iescarrascobarcelona\/wp-json\/wp\/v2\/pages"}],"about":[{"href":"https:\/\/agora.xtec.cat\/iescarrascobarcelona\/wp-json\/wp\/v2\/types\/page"}],"author":[{"embeddable":true,"href":"https:\/\/agora.xtec.cat\/iescarrascobarcelona\/wp-json\/wp\/v2\/users\/1"}],"replies":[{"embeddable":true,"href":"https:\/\/agora.xtec.cat\/iescarrascobarcelona\/wp-json\/wp\/v2\/comments?post=2066"}],"version-history":[{"count":3,"href":"https:\/\/agora.xtec.cat\/iescarrascobarcelona\/wp-json\/wp\/v2\/pages\/2066\/revisions"}],"predecessor-version":[{"id":2579,"href":"https:\/\/agora.xtec.cat\/iescarrascobarcelona\/wp-json\/wp\/v2\/pages\/2066\/revisions\/2579"}],"wp:attachment":[{"href":"https:\/\/agora.xtec.cat\/iescarrascobarcelona\/wp-json\/wp\/v2\/media?parent=2066"}],"curies":[{"name":"wp","href":"https:\/\/api.w.org\/{rel}","templated":true}]}}