{"id":1777,"date":"2019-03-10T22:00:42","date_gmt":"2019-03-10T21:00:42","guid":{"rendered":"http:\/\/insmanuelcarrascoiformiguera.wordpress.com\/?page_id=51"},"modified":"2022-12-03T20:47:07","modified_gmt":"2022-12-03T19:47:07","slug":"linstitut-2","status":"publish","type":"page","link":"https:\/\/agora.xtec.cat\/iescarrascobarcelona\/linstitut\/linstitut-2\/","title":{"rendered":"Qui som?"},"content":{"rendered":"<p>L\u2019Institut Manuel Carrasco i Formiguera \u00e9s un institut p\u00fablic del <a href=\"http:\/\/ensenyament.gencat.cat\/ca\/inici\">Departament d\u2019Educaci\u00f3 <\/a>amb dues l\u00ednies d\u2019ESO per curs i dues de BATX tamb\u00e9 per curs (Ci\u00e8ncies i Tecnologia, Humanitats i Ci\u00e8ncies Socials).<\/p>\n<p>Est\u00e0 situat al n\u00famero 2 del carrer Santa Fe de Barcelona, delimitat pel passeig de Maragall. Zona fronterera, doncs, a cavall dels districtes d\u2019Horta-Guinard\u00f3 (d\u2019on rep l\u2019alumnat de les escoles adscrites) i Nou Barris.<\/p>\n<p>\u00c9s un institut relativament petit que acull una mitjana de 360 alumnes. Actualment t\u00e9 una plantilla de 35 professors\/es, 1 administrativa i 2 conserges.<\/p>\n<p>&nbsp;<\/p>\n<p><strong>Trets d\u2019identitat<\/strong><\/p>\n<p>L\u2019Institut Manuel Carrasco i Formiguera \u00e9s un centre p\u00fablic catal\u00e0 que imparteix ensenyaments secundaris i de batxillerat. Ofereix una formaci\u00f3 integral als alumnes amb l\u2019objectiu de formar persones competents a nivell intel\u00b7lectual i emocional, ciutadans responsables, cr\u00edtics i compromesos en la transformaci\u00f3 i millora de l\u2019entorn.<\/p>\n<p>Som un centre respectu\u00f3s amb la pluralitat, inclusiu, que cerca l\u2019excel\u00b7l\u00e8ncia, que fomenta la participaci\u00f3 dels alumnes i les fam\u00edlies, que est\u00e0 vinculat i participa amb el seu entorn, que fomenta l\u2019inter\u00e8s de l\u2019alumnat per a la recerca, obert a la innovaci\u00f3 i de qualitat pedag\u00f2gica.<\/p>\n<p>En definitiva, un centre que vol donar respostes a les necessitats i a les demandes de la societat del segle XXI i que ent\u00e9n que el progr\u00e9s i la millora han de ser constants.<\/p>\n<p>&nbsp;<\/p>\n<p><strong>Bases del model educatiu<\/strong><\/p>\n<p>Els pilars pedag\u00f2gics en els quals es basa el nostre model educatiu s\u00f3n:<\/p>\n<ul>\n<li>la <strong>tutoria orientadora<\/strong> que permet una atenci\u00f3 individualitzada, partim de les necessitats personals de cada un dels nostres alumnes per poder oferir-los la millor qualitat educativa possible.<\/li>\n<li>els <strong>agrupaments redu\u00efts<\/strong> en les mat\u00e8ries de llengua catalana, llengua castellana i matem\u00e0tiques.<\/li>\n<li>l&#8217;<strong>impuls de lleng\u00fces estrangeres<\/strong>: llengua anglesa i francesa.<\/li>\n<li>un projecte de <strong>mediaci\u00f3 <\/strong>com a eina fonamental per a la resoluci\u00f3 de conflictes i per a la prevenci\u00f3 dels mateixos.<\/li>\n<li><strong>tutoria entre iguals (TEI)<\/strong> com a projecte estretament vinculat a la mediaci\u00f3 i que aposta per una bona acollida i conviv\u00e8ncia al centre<\/li>\n<li>la <strong>vinculaci\u00f3 amb l&#8217;entorn<\/strong> (participaci\u00f3 en programes com el d\u2019Escoles + sostenibles, el projecte de Servei comunitari, la Xarxa de Compet\u00e8ncies B\u00e0siques).<\/li>\n<li>el foment de <strong>processos de participaci\u00f3<\/strong> de l&#8217;alumnat (delegats de classe, delegats verds, representants de comunicaci\u00f3, representants del consell escolar&#8230;)<\/li>\n<\/ul>\n<p>&nbsp;<\/p>\n<p><strong>Objectius educatius prioritaris<\/strong><\/p>\n<ul>\n<li>Promoure l\u2019excel\u00b7l\u00e8ncia educativa (acad\u00e8mica i personal) de cada alumne; fer conscients els alumnes de les seves pr\u00f2pies capacitats, aptituds i interessos i estimular-los perqu\u00e8 s&#8217;esforcin a desenvolupar-les al m\u00e0xim.<\/li>\n<li>Potenciar l&#8217;\u00fas de les lleng\u00fces estrangeres, en concret la llengua anglesa i francesa: impartici\u00f3 de mat\u00e8ries optatives i d&#8217;algunes mat\u00e8ries comunes en llengua anglesa amb metodologia AICLE (ci\u00e8ncies socials i tecnologia), motivaci\u00f3 i preparaci\u00f3 per a l&#8217;obtenci\u00f3 de certificacions externes en franc\u00e8s i angl\u00e8s (B1 i B2 EOI, DELF), utilitzaci\u00f3 de la llengua anglesa per treballar continguts en diferents mat\u00e8ries&#8230;<\/li>\n<li>Fomentar la participaci\u00f3 de tots els membres de la comunitat escolar en la vida del centre i estimular el sentiment de pertinen\u00e7a al centre a trav\u00e9s de processos de participaci\u00f3.<\/li>\n<li>Potenciar l&#8217;\u00fas de les tecnologies digitals en els processos d&#8217;aprenentatge.<\/li>\n<\/ul>\n\r\n\t<div class=\"slideshow_container slideshow_container_style-light\" style=\"height: 400px; \" data-slideshow-id=\"1539\" data-style-name=\"style-light\" data-style-version=\"2.3.1\" >\r\n\r\n\t\t\t\t\t<div class=\"slideshow_loading_icon\"><\/div>\r\n\t\t\r\n\t\t<div class=\"slideshow_content\" style=\"display: none;\">\r\n\r\n\t\t\t<div class=\"slideshow_view\">\r\n\t\t\t\t<div class=\"slideshow_slide slideshow_slide_image\">\r\n\t\t\t\t\t\t\t\t\t\t\t<img src=\"https:\/\/agora.xtec.cat\/iescarrascobarcelona\/wp-content\/uploads\/usu2495\/2020\/03\/0-edifici-bis.jpg\" alt=\"INS Manuel Carrasco i Formiguera\" width=\"667\" height=\"500\" \/>\r\n\t\t\t\t\t\t\t\t\t\t<div class=\"slideshow_description_box slideshow_transparent\">\r\n\t\t\t\t\t\t<div class=\"slideshow_title\">INS Manuel Carrasco i Formiguera<\/div>\t\t\t\t\t\t\t\t\t\t\t<\/div>\r\n\t\t\t\t<\/div>\r\n\r\n\t\t\t\t\t\t\r\n\t\t\t\t<div class=\"slideshow_slide slideshow_slide_image\">\r\n\t\t\t\t\t\t\t\t\t\t\t<img src=\"https:\/\/agora.xtec.cat\/iescarrascobarcelona\/wp-content\/uploads\/usu2495\/2020\/03\/0-Edifici.jpg\" alt=\"0 Edifici\" width=\"747\" height=\"500\" \/>\r\n\t\t\t\t\t\t\t\t\t\t<div class=\"slideshow_description_box slideshow_transparent\">\r\n\t\t\t\t\t\t\t\t\t\t\t\t\t\t\t\t\t<\/div>\r\n\t\t\t\t<\/div>\r\n\r\n\t\t\t\t\t\t<div style=\"clear: both;\"><\/div><\/div><div class=\"slideshow_view\">\r\n\t\t\t\t<div class=\"slideshow_slide slideshow_slide_image\">\r\n\t\t\t\t\t\t\t\t\t\t\t<img src=\"https:\/\/agora.xtec.cat\/iescarrascobarcelona\/wp-content\/uploads\/usu2495\/2020\/03\/1-londres.jpg\" alt=\"Estada de 4t ESO a Londres\" width=\"753\" height=\"500\" \/>\r\n\t\t\t\t\t\t\t\t\t\t<div class=\"slideshow_description_box slideshow_transparent\">\r\n\t\t\t\t\t\t<div class=\"slideshow_title\">Estada de 4t ESO a Londres<\/div>\t\t\t\t\t\t\t\t\t\t\t<\/div>\r\n\t\t\t\t<\/div>\r\n\r\n\t\t\t\t\t\t\r\n\t\t\t\t<div class=\"slideshow_slide slideshow_slide_image\">\r\n\t\t\t\t\t\t\t\t\t\t\t<img src=\"https:\/\/agora.xtec.cat\/iescarrascobarcelona\/wp-content\/uploads\/usu2495\/2020\/03\/2-esquiada.jpg\" alt=\"Esquiada 1r i 2n d&#039;ESO\" width=\"753\" height=\"500\" \/>\r\n\t\t\t\t\t\t\t\t\t\t<div class=\"slideshow_description_box slideshow_transparent\">\r\n\t\t\t\t\t\t<div class=\"slideshow_title\">Esquiada 1r i 2n d&#039;ESO<\/div>\t\t\t\t\t\t\t\t\t\t\t<\/div>\r\n\t\t\t\t<\/div>\r\n\r\n\t\t\t\t\t\t<div style=\"clear: both;\"><\/div><\/div><div class=\"slideshow_view\">\r\n\t\t\t\t<div class=\"slideshow_slide slideshow_slide_image\">\r\n\t\t\t\t\t\t\t\t\t\t\t<img src=\"https:\/\/agora.xtec.cat\/iescarrascobarcelona\/wp-content\/uploads\/usu2495\/2020\/03\/3-fran\u00e7a.jpg\" alt=\"Intercanvi de Fran\u00e7a 3r ESO\" width=\"666\" height=\"500\" \/>\r\n\t\t\t\t\t\t\t\t\t\t<div class=\"slideshow_description_box slideshow_transparent\">\r\n\t\t\t\t\t\t<div class=\"slideshow_title\">Intercanvi de Fran\u00e7a 3r ESO<\/div>\t\t\t\t\t\t\t\t\t\t\t<\/div>\r\n\t\t\t\t<\/div>\r\n\r\n\t\t\t\t\t\t\r\n\t\t\t\t<div class=\"slideshow_slide slideshow_slide_image\">\r\n\t\t\t\t\t\t\t\t\t\t\t<img src=\"https:\/\/agora.xtec.cat\/iescarrascobarcelona\/wp-content\/uploads\/usu2495\/2020\/03\/4-firenze.jpg\" alt=\"Viatge final batxillerat Firenze\" width=\"622\" height=\"500\" \/>\r\n\t\t\t\t\t\t\t\t\t\t<div class=\"slideshow_description_box slideshow_transparent\">\r\n\t\t\t\t\t\t<div class=\"slideshow_title\">Viatge final batxillerat Firenze<\/div>\t\t\t\t\t\t\t\t\t\t\t<\/div>\r\n\t\t\t\t<\/div>\r\n\r\n\t\t\t\t\t\t<div style=\"clear: both;\"><\/div><\/div><div class=\"slideshow_view\">\r\n\t\t\t\t<div class=\"slideshow_slide slideshow_slide_image\">\r\n\t\t\t\t\t\t\t\t\t\t\t<img src=\"https:\/\/agora.xtec.cat\/iescarrascobarcelona\/wp-content\/uploads\/usu2495\/2020\/03\/5-festival-nadal.jpg\" alt=\"Festival de Nadal 1r ESO\" width=\"747\" height=\"500\" \/>\r\n\t\t\t\t\t\t\t\t\t\t<div class=\"slideshow_description_box slideshow_transparent\">\r\n\t\t\t\t\t\t<div class=\"slideshow_title\">Festival de Nadal 1r ESO<\/div>\t\t\t\t\t\t\t\t\t\t\t<\/div>\r\n\t\t\t\t<\/div>\r\n\r\n\t\t\t\t\t\t\r\n\t\t\t\t<div class=\"slideshow_slide slideshow_slide_image\">\r\n\t\t\t\t\t\t\t\t\t\t\t<img src=\"https:\/\/agora.xtec.cat\/iescarrascobarcelona\/wp-content\/uploads\/usu2495\/2020\/03\/6-carnaval.jpg\" alt=\"Carnaval\" width=\"667\" height=\"500\" \/>\r\n\t\t\t\t\t\t\t\t\t\t<div class=\"slideshow_description_box slideshow_transparent\">\r\n\t\t\t\t\t\t<div class=\"slideshow_title\">Carnaval<\/div>\t\t\t\t\t\t\t\t\t\t\t<\/div>\r\n\t\t\t\t<\/div>\r\n\r\n\t\t\t\t\t\t<div style=\"clear: both;\"><\/div><\/div><div class=\"slideshow_view\">\r\n\t\t\t\t<div class=\"slideshow_slide slideshow_slide_image\">\r\n\t\t\t\t\t\t\t\t\t\t\t<img src=\"https:\/\/agora.xtec.cat\/iescarrascobarcelona\/wp-content\/uploads\/usu2495\/2020\/03\/8-robotica.jpg\" alt=\"Taller de la fusta a la rob\u00f2tica\" width=\"667\" height=\"500\" \/>\r\n\t\t\t\t\t\t\t\t\t\t<div class=\"slideshow_description_box slideshow_transparent\">\r\n\t\t\t\t\t\t<div class=\"slideshow_title\">Taller de la fusta a la rob\u00f2tica<\/div>\t\t\t\t\t\t\t\t\t\t\t<\/div>\r\n\t\t\t\t<\/div>\r\n\r\n\t\t\t\t\t\t\r\n\t\t\t\t<div class=\"slideshow_slide slideshow_slide_image\">\r\n\t\t\t\t\t\t\t\t\t\t\t<img src=\"https:\/\/agora.xtec.cat\/iescarrascobarcelona\/wp-content\/uploads\/usu2495\/2020\/03\/10-tecnologia.jpg\" alt=\"Aula de tecnologia\" width=\"753\" height=\"500\" \/>\r\n\t\t\t\t\t\t\t\t\t\t<div class=\"slideshow_description_box slideshow_transparent\">\r\n\t\t\t\t\t\t<div class=\"slideshow_title\">Aula de tecnologia<\/div>\t\t\t\t\t\t\t\t\t\t\t<\/div>\r\n\t\t\t\t<\/div>\r\n\r\n\t\t\t\t\t\t<div style=\"clear: both;\"><\/div><\/div><div class=\"slideshow_view\">\r\n\t\t\t\t<div class=\"slideshow_slide slideshow_slide_image\">\r\n\t\t\t\t\t\t\t\t\t\t\t<img src=\"https:\/\/agora.xtec.cat\/iescarrascobarcelona\/wp-content\/uploads\/usu2495\/2020\/03\/11-vacuna-malaria.jpg\" alt=\"Taller vacuna mal\u00e0ria\" width=\"667\" height=\"500\" \/>\r\n\t\t\t\t\t\t\t\t\t\t<div class=\"slideshow_description_box slideshow_transparent\">\r\n\t\t\t\t\t\t<div class=\"slideshow_title\">Taller vacuna mal\u00e0ria<\/div>\t\t\t\t\t\t\t\t\t\t\t<\/div>\r\n\t\t\t\t<\/div>\r\n\r\n\t\t\t\t\t\t\r\n\t\t\t\t<div class=\"slideshow_slide slideshow_slide_image\">\r\n\t\t\t\t\t\t\t\t\t\t\t<img src=\"https:\/\/agora.xtec.cat\/iescarrascobarcelona\/wp-content\/uploads\/usu2495\/2020\/03\/9-geometria.jpg\" alt=\"Taller de geometria\" width=\"889\" height=\"500\" \/>\r\n\t\t\t\t\t\t\t\t\t\t<div class=\"slideshow_description_box slideshow_transparent\">\r\n\t\t\t\t\t\t<div class=\"slideshow_title\">Taller de geometria<\/div>\t\t\t\t\t\t\t\t\t\t\t<\/div>\r\n\t\t\t\t<\/div>\r\n\r\n\t\t\t\t\t\t<div style=\"clear: both;\"><\/div><\/div><div class=\"slideshow_view\">\r\n\t\t\t\t<div class=\"slideshow_slide slideshow_slide_image\">\r\n\t\t\t\t\t\t\t\t\t\t\t<img src=\"https:\/\/agora.xtec.cat\/iescarrascobarcelona\/wp-content\/uploads\/usu2495\/2020\/03\/12-steam.jpg\" alt=\"Projecte STEAM\" width=\"667\" height=\"500\" \/>\r\n\t\t\t\t\t\t\t\t\t\t<div class=\"slideshow_description_box slideshow_transparent\">\r\n\t\t\t\t\t\t<div class=\"slideshow_title\">Projecte STEAM<\/div>\t\t\t\t\t\t\t\t\t\t\t<\/div>\r\n\t\t\t\t<\/div>\r\n\r\n\t\t\t\t\t\t\r\n\t\t\t\t<div class=\"slideshow_slide slideshow_slide_image\">\r\n\t\t\t\t\t\t\t\t\t\t\t<img src=\"https:\/\/agora.xtec.cat\/iescarrascobarcelona\/wp-content\/uploads\/usu2495\/2020\/03\/13-volei.jpg\" alt=\"Torneig Voleibol\" width=\"667\" height=\"500\" \/>\r\n\t\t\t\t\t\t\t\t\t\t<div class=\"slideshow_description_box slideshow_transparent\">\r\n\t\t\t\t\t\t<div class=\"slideshow_title\">Torneig Voleibol<\/div>\t\t\t\t\t\t\t\t\t\t\t<\/div>\r\n\t\t\t\t<\/div>\r\n\r\n\t\t\t\t\t\t<div style=\"clear: both;\"><\/div><\/div><div class=\"slideshow_view\">\t\r\n\t\t\t\t<div class=\"slideshow_slide slideshow_slide_image\">\r\n\t\t\t\t\t\t\t\t\t\t\t<img src=\"https:\/\/agora.xtec.cat\/iescarrascobarcelona\/wp-content\/uploads\/usu2495\/2020\/03\/17-finl.jpg\" alt=\"T&#039;uneixes al nostre projecte?\" width=\"667\" height=\"500\" \/>\r\n\t\t\t\t\t\t\t\t\t\t<div class=\"slideshow_description_box slideshow_transparent\">\r\n\t\t\t\t\t\t<div class=\"slideshow_title\">T&#039;uneixes al nostre projecte?<\/div>\t\t\t\t\t\t\t\t\t\t\t<\/div>\r\n\t\t\t\t<\/div>\r\n\r\n\t\t\t\t\t\t<div style=\"clear: both;\"><\/div><\/div>\r\n\t\t<\/div>\r\n\r\n\t\t<div class=\"slideshow_controlPanel slideshow_transparent\" style=\"display: none;\"><ul><li class=\"slideshow_togglePlay\" data-play-text=\"Visualitza\" data-pause-text=\"Pausa\"><\/li><\/ul><\/div>\r\n\r\n\t\t<div class=\"slideshow_button slideshow_previous slideshow_transparent\" role=\"button\" data-previous-text=\"Anterior\" style=\"display: none;\"><\/div>\r\n\t\t<div class=\"slideshow_button slideshow_next slideshow_transparent\" role=\"button\" data-next-text=\"Seg\u00fcent\" style=\"display: none;\"><\/div>\r\n\r\n\t\t<div class=\"slideshow_pagination\" style=\"display: none;\" data-go-to-text=\"V\u00e9s a la diapositiva\"><div class=\"slideshow_pagination_center\"><\/div><\/div>\r\n\r\n\t\t<!-- WordPress Slideshow Version 2.3.1 -->\r\n\r\n\t\t\t<\/div>\r\n\r\n\n","protected":false},"excerpt":{"rendered":"<p>L\u2019Institut Manuel Carrasco i Formiguera \u00e9s un institut p\u00fablic del Departament d\u2019Educaci\u00f3 amb dues l\u00ednies d\u2019ESO per curs i dues de BATX tamb\u00e9 per curs (Ci\u00e8ncies i Tecnologia, Humanitats i Ci\u00e8ncies Socials). Est\u00e0 situat al n\u00famero 2 del carrer Santa Fe de Barcelona, delimitat pel passeig de Maragall. Zona fronterera, doncs, a cavall dels districtes [&hellip;]<\/p>\n","protected":false},"author":1,"featured_media":0,"parent":19,"menu_order":1,"comment_status":"closed","ping_status":"closed","template":"page-templates\/side-menu.php","meta":{"_bbp_topic_count":0,"_bbp_reply_count":0,"_bbp_total_topic_count":0,"_bbp_total_reply_count":0,"_bbp_voice_count":0,"_bbp_anonymous_reply_count":0,"_bbp_topic_count_hidden":0,"_bbp_reply_count_hidden":0,"_bbp_forum_subforum_count":0,"site-sidebar-layout":"default","site-content-layout":"","ast-site-content-layout":"","site-content-style":"default","site-sidebar-style":"default","ast-global-header-display":"","ast-banner-title-visibility":"","ast-main-header-display":"","ast-hfb-above-header-display":"","ast-hfb-below-header-display":"","ast-hfb-mobile-header-display":"","site-post-title":"","ast-breadcrumbs-content":"","ast-featured-img":"","footer-sml-layout":"","theme-transparent-header-meta":"","adv-header-id-meta":"","stick-header-meta":"","header-above-stick-meta":"","header-main-stick-meta":"","header-below-stick-meta":"","astra-migrate-meta-layouts":"default","ast-page-background-enabled":"default","ast-page-background-meta":{"desktop":{"background-color":"var(--ast-global-color-4)","background-image":"","background-repeat":"repeat","background-position":"center center","background-size":"auto","background-attachment":"scroll","background-type":"","background-media":"","overlay-type":"","overlay-color":"","overlay-opacity":"","overlay-gradient":""},"tablet":{"background-color":"","background-image":"","background-repeat":"repeat","background-position":"center center","background-size":"auto","background-attachment":"scroll","background-type":"","background-media":"","overlay-type":"","overlay-color":"","overlay-opacity":"","overlay-gradient":""},"mobile":{"background-color":"","background-image":"","background-repeat":"repeat","background-position":"center center","background-size":"auto","background-attachment":"scroll","background-type":"","background-media":"","overlay-type":"","overlay-color":"","overlay-opacity":"","overlay-gradient":""}},"ast-content-background-meta":{"desktop":{"background-color":"var(--ast-global-color-5)","background-image":"","background-repeat":"repeat","background-position":"center center","background-size":"auto","background-attachment":"scroll","background-type":"","background-media":"","overlay-type":"","overlay-color":"","overlay-opacity":"","overlay-gradient":""},"tablet":{"background-color":"var(--ast-global-color-5)","background-image":"","background-repeat":"repeat","background-position":"center center","background-size":"auto","background-attachment":"scroll","background-type":"","background-media":"","overlay-type":"","overlay-color":"","overlay-opacity":"","overlay-gradient":""},"mobile":{"background-color":"var(--ast-global-color-5)","background-image":"","background-repeat":"repeat","background-position":"center center","background-size":"auto","background-attachment":"scroll","background-type":"","background-media":"","overlay-type":"","overlay-color":"","overlay-opacity":"","overlay-gradient":""}},"footnotes":""},"class_list":["post-1777","page","type-page","status-publish","hentry"],"post_mailing_queue_ids":[],"_links":{"self":[{"href":"https:\/\/agora.xtec.cat\/iescarrascobarcelona\/wp-json\/wp\/v2\/pages\/1777","targetHints":{"allow":["GET"]}}],"collection":[{"href":"https:\/\/agora.xtec.cat\/iescarrascobarcelona\/wp-json\/wp\/v2\/pages"}],"about":[{"href":"https:\/\/agora.xtec.cat\/iescarrascobarcelona\/wp-json\/wp\/v2\/types\/page"}],"author":[{"embeddable":true,"href":"https:\/\/agora.xtec.cat\/iescarrascobarcelona\/wp-json\/wp\/v2\/users\/1"}],"replies":[{"embeddable":true,"href":"https:\/\/agora.xtec.cat\/iescarrascobarcelona\/wp-json\/wp\/v2\/comments?post=1777"}],"version-history":[{"count":2,"href":"https:\/\/agora.xtec.cat\/iescarrascobarcelona\/wp-json\/wp\/v2\/pages\/1777\/revisions"}],"predecessor-version":[{"id":1989,"href":"https:\/\/agora.xtec.cat\/iescarrascobarcelona\/wp-json\/wp\/v2\/pages\/1777\/revisions\/1989"}],"up":[{"embeddable":true,"href":"https:\/\/agora.xtec.cat\/iescarrascobarcelona\/wp-json\/wp\/v2\/pages\/19"}],"wp:attachment":[{"href":"https:\/\/agora.xtec.cat\/iescarrascobarcelona\/wp-json\/wp\/v2\/media?parent=1777"}],"curies":[{"name":"wp","href":"https:\/\/api.w.org\/{rel}","templated":true}]}}