{"id":619,"date":"2017-10-15T13:44:04","date_gmt":"2017-10-15T11:44:04","guid":{"rendered":"http:\/\/agora.xtec.cat\/iescarlesrahola\/?page_id=619"},"modified":"2022-09-17T13:00:02","modified_gmt":"2022-09-17T11:00:02","slug":"biblioteca","status":"publish","type":"page","link":"https:\/\/agora.xtec.cat\/iescarlesrahola\/serveis\/biblioteca\/","title":{"rendered":"Biblioteca"},"content":{"rendered":"<p><img loading=\"lazy\" decoding=\"async\" class=\"alignleft size-medium wp-image-1678\" src=\"http:\/\/agora.xtec.cat\/iescarlesrahola\/wp-content\/uploads\/usu1066\/2018\/09\/noun_Library_1918751_f35a19-300x300.png\" alt=\"\" width=\"300\" height=\"300\" srcset=\"https:\/\/agora.xtec.cat\/iescarlesrahola\/wp-content\/uploads\/usu1066\/2018\/09\/noun_Library_1918751_f35a19-300x300.png 300w, https:\/\/agora.xtec.cat\/iescarlesrahola\/wp-content\/uploads\/usu1066\/2018\/09\/noun_Library_1918751_f35a19-150x150.png 150w, https:\/\/agora.xtec.cat\/iescarlesrahola\/wp-content\/uploads\/usu1066\/2018\/09\/noun_Library_1918751_f35a19-768x768.png 768w, https:\/\/agora.xtec.cat\/iescarlesrahola\/wp-content\/uploads\/usu1066\/2018\/09\/noun_Library_1918751_f35a19-1024x1024.png 1024w, https:\/\/agora.xtec.cat\/iescarlesrahola\/wp-content\/uploads\/usu1066\/2018\/09\/noun_Library_1918751_f35a19.png 1200w\" sizes=\"auto, (max-width: 300px) 100vw, 300px\" \/><\/p>\n<p>&nbsp;<\/p>\n<p><span style=\"color: #808080;\">La biblioteca de l&#8217;institut est\u00e0 a oberta cada dia lectiu durant les hores de pati. La resta d&#8217;horari pot ser usada per l&#8217;alumnat de batxillerat que cursa mat\u00e8ries a l&#8217;IOC.<\/span><\/p>\n<p><span style=\"color: #808080;\">Cal seguir les normes de seguretat COVID, mantenir-hi silenci i no s&#8217;hi pot menjar ni beure.<\/span><\/p>\n<p><span style=\"color: #808080;\">Aquest curs 2022-2023 hi estan de gu\u00e0rdia a l&#8217;hora de pati la S\u00edlvia Rovira, la Mavi Lucas i la Marta L\u00f3pez. La responsable de biblioteca \u00e9s la Marta L\u00f3pez del Departament de Llengua catalana, la podeu trobar els primers patis menys dimecres.<\/span><\/p>\n<p>Podeu anar als articles de<strong> L&#8217;espai biblioteca<\/strong> al seg\u00fcent <a href=\"https:\/\/agora.xtec.cat\/iescarlesrahola\/categoria\/biblio\/\">enlla\u00e7<\/a>.<\/p>\n<p><span style=\"color: #808080;\">Podeu consultar els llibres de la biblioteca de l&#8217;institut al seg\u00fcent<strong><a href=\"https:\/\/aplicacions.gestioeducativa.gencat.cat\/epergam\/web\/biblioteca.jsp\"> enlla\u00e7<\/a>.<\/strong><\/span><\/p>\n<p>&nbsp;<\/p>\n<p>&nbsp;<\/p>\n","protected":false},"excerpt":{"rendered":"<p>&nbsp;<br \/>\nLa biblioteca de l&#8217;institut est\u00e0 a oberta cada dia lectiu durant les hores de pati. La resta d&#8217;horari pot ser usada per l&#8217;alumnat de batxillerat que cursa mat\u00e8ries a l&#8217;IOC.<br \/>\nCal seguir les normes de seguretat COVID, mantenir-hi silenci i no s&#8217;hi pot menjar ni beure.<br \/>\nAquest&hellip;  <a href=\"https:\/\/agora.xtec.cat\/iescarlesrahola\/serveis\/biblioteca\/\" title=\"Read Biblioteca\">Llegeix m\u00e9s\u00bb<\/a><\/p>\n","protected":false},"author":1,"featured_media":0,"parent":63,"menu_order":20,"comment_status":"closed","ping_status":"closed","template":"page-templates\/side-menu.php","meta":{"_bbp_topic_count":0,"_bbp_reply_count":0,"_bbp_total_topic_count":0,"_bbp_total_reply_count":0,"_bbp_voice_count":0,"_bbp_anonymous_reply_count":0,"_bbp_topic_count_hidden":0,"_bbp_reply_count_hidden":0,"_bbp_forum_subforum_count":0,"footnotes":""},"class_list":["post-619","page","type-page","status-publish","hentry"],"post_mailing_queue_ids":[],"_links":{"self":[{"href":"https:\/\/agora.xtec.cat\/iescarlesrahola\/wp-json\/wp\/v2\/pages\/619","targetHints":{"allow":["GET"]}}],"collection":[{"href":"https:\/\/agora.xtec.cat\/iescarlesrahola\/wp-json\/wp\/v2\/pages"}],"about":[{"href":"https:\/\/agora.xtec.cat\/iescarlesrahola\/wp-json\/wp\/v2\/types\/page"}],"author":[{"embeddable":true,"href":"https:\/\/agora.xtec.cat\/iescarlesrahola\/wp-json\/wp\/v2\/users\/1"}],"replies":[{"embeddable":true,"href":"https:\/\/agora.xtec.cat\/iescarlesrahola\/wp-json\/wp\/v2\/comments?post=619"}],"version-history":[{"count":4,"href":"https:\/\/agora.xtec.cat\/iescarlesrahola\/wp-json\/wp\/v2\/pages\/619\/revisions"}],"predecessor-version":[{"id":6950,"href":"https:\/\/agora.xtec.cat\/iescarlesrahola\/wp-json\/wp\/v2\/pages\/619\/revisions\/6950"}],"up":[{"embeddable":true,"href":"https:\/\/agora.xtec.cat\/iescarlesrahola\/wp-json\/wp\/v2\/pages\/63"}],"wp:attachment":[{"href":"https:\/\/agora.xtec.cat\/iescarlesrahola\/wp-json\/wp\/v2\/media?parent=619"}],"curies":[{"name":"wp","href":"https:\/\/api.w.org\/{rel}","templated":true}]}}