{"id":3534,"date":"2019-11-06T04:26:21","date_gmt":"2019-11-06T03:26:21","guid":{"rendered":"http:\/\/agora.xtec.cat\/iescarlesrahola\/?page_id=3534"},"modified":"2026-04-09T10:52:18","modified_gmt":"2026-04-09T08:52:18","slug":"servei-de-menjador","status":"publish","type":"page","link":"https:\/\/agora.xtec.cat\/iescarlesrahola\/serveis\/servei-de-menjador\/","title":{"rendered":"Servei de menjador"},"content":{"rendered":"<p>&nbsp;<\/p>\n<p style=\"text-align: left;\"><a href=\"https:\/\/agora.xtec.cat\/iescarlesrahola\/wp-content\/uploads\/usu1066\/2019\/06\/noun_menu_2328443.png\"><img loading=\"lazy\" decoding=\"async\" class=\"size-medium wp-image-3320 alignleft\" src=\"https:\/\/agora.xtec.cat\/iescarlesrahola\/wp-content\/uploads\/usu1066\/2019\/06\/noun_menu_2328443-300x300.png\" alt=\"\" width=\"300\" height=\"300\" srcset=\"https:\/\/agora.xtec.cat\/iescarlesrahola\/wp-content\/uploads\/usu1066\/2019\/06\/noun_menu_2328443-300x300.png 300w, https:\/\/agora.xtec.cat\/iescarlesrahola\/wp-content\/uploads\/usu1066\/2019\/06\/noun_menu_2328443-150x150.png 150w, https:\/\/agora.xtec.cat\/iescarlesrahola\/wp-content\/uploads\/usu1066\/2019\/06\/noun_menu_2328443-768x768.png 768w, https:\/\/agora.xtec.cat\/iescarlesrahola\/wp-content\/uploads\/usu1066\/2019\/06\/noun_menu_2328443-1024x1024.png 1024w, https:\/\/agora.xtec.cat\/iescarlesrahola\/wp-content\/uploads\/usu1066\/2019\/06\/noun_menu_2328443.png 1200w\" sizes=\"auto, (max-width: 300px) 100vw, 300px\" \/><\/a><strong>INFORMACIONS DEL SERVEI DE MENJADOR<\/strong><\/p>\n<p>&nbsp;<\/p>\n<table style=\"border-collapse: collapse; width: 100%; height: 96px;\">\n<tbody>\n<tr style=\"height: 32px;\">\n<td style=\"width: 50%; height: 32px;\"><strong><a href=\"https:\/\/drive.google.com\/file\/d\/1jfK4hJQl7Oam3VFFxQicEKtoGnvoOkZz\/view?usp=drive_link\" target=\"_blank\" rel=\"noopener\">Informacions generals del menjador<\/a><\/strong><\/td>\n<td style=\"width: 50%; height: 32px;\"><\/td>\n<\/tr>\n<tr style=\"height: 32px;\">\n<td style=\"width: 50%; height: 32px;\"><strong><a href=\"https:\/\/drive.google.com\/file\/d\/1OWDcNR6VcoPE9S71Vjdw9rqMksSad1bt\/view?usp=drive_link\" target=\"_blank\" rel=\"noopener\">Informaci\u00f3 APP menjador<\/a><\/strong><\/td>\n<td style=\"width: 50%; height: 32px;\"><\/td>\n<\/tr>\n<tr style=\"height: 32px;\">\n<td style=\"width: 50%; height: 32px;\"><strong><a href=\"https:\/\/drive.google.com\/file\/d\/13l9YOpUbQyoShRrpiEm7S82Borbn2fLx\/view?usp=drive_link\" target=\"_blank\" rel=\"noopener\">Inscripcions setembre<\/a><\/strong><\/td>\n<td style=\"width: 50%; height: 32px;\"><\/td>\n<\/tr>\n<\/tbody>\n<\/table>\n<p>&nbsp;<\/p>\n<table style=\"width: 59.7614%; height: 122px;\">\n<tbody>\n<tr>\n<td style=\"width: 19.7959%; text-align: center; vertical-align: middle;\"><span style=\"color: #808080;\"><strong>Abril 2026<\/strong><\/span><\/td>\n<td style=\"text-align: center; width: 18.9885%;\"><a href=\"https:\/\/drive.google.com\/file\/d\/1Eb1vJKYJ8BNmNRclUlXaRJ0MHNJ5IDRW\/view?usp=drive_link\" target=\"_blank\" rel=\"noopener\">Men\u00fa Escola Taial\u00e0<\/a><\/td>\n<td style=\"text-align: center; width: 18.9748%;\"><a href=\"https:\/\/drive.google.com\/file\/d\/1BTiMvRR5Mgn60poN-TWw2wJhTxGC6Hix\/view?usp=drive_link\" target=\"_blank\" rel=\"noopener\">Men\u00fa ovol\u00e0ctic vegetari\u00e0<\/a><\/td>\n<td style=\"text-align: center; width: 21.7509%;\" colspan=\"2\"><a href=\"https:\/\/drive.google.com\/file\/d\/1_NUlMRf2MZR2I5rg1WyJAx7nAHKniSNw\/view?usp=drive_link\" target=\"_blank\" rel=\"noopener\">Men\u00fa sense gluten<\/a><\/td>\n<td style=\"text-align: center; width: 22.6734%;\" colspan=\"2\"><a href=\"https:\/\/drive.google.com\/file\/d\/1nUdyMb8obI6a7t5rQSrzIdIQQRaSjNaJ\/view?usp=drive_link\" target=\"_blank\" rel=\"noopener\">Men\u00fa sense lactosa<\/a><\/td>\n<\/tr>\n<tr>\n<td style=\"width: 19.7959%; text-align: center; vertical-align: middle;\"><span style=\"color: #808080;\">Mar\u00e7 2026<\/span><\/td>\n<td style=\"text-align: center; width: 18.9885%;\">Men\u00fa Escola Taial\u00e0<\/td>\n<td style=\"text-align: center; width: 18.9748%;\">Men\u00fa ovol\u00e0ctic vegetari\u00e0<\/td>\n<td style=\"text-align: center; width: 21.7509%;\" colspan=\"2\">Men\u00fa sense gluten<\/td>\n<td style=\"text-align: center; width: 22.6734%;\" colspan=\"2\">Men\u00fa sense lactosa<\/td>\n<\/tr>\n<tr>\n<td style=\"width: 19.7959%; text-align: center; vertical-align: middle;\"><span style=\"color: #808080;\">Febrer 2026<\/span><\/td>\n<td style=\"text-align: center; width: 18.9885%;\"><a href=\"https:\/\/drive.google.com\/file\/d\/10mW2Z17vuM0zMC8q-IfL6MoSTyoDAzNE\/view?usp=drive_link\" target=\"_blank\" rel=\"noopener\">Men\u00fa Escola Taial\u00e0<\/a><\/td>\n<td style=\"text-align: center; width: 18.9748%;\"><a href=\"https:\/\/drive.google.com\/file\/d\/1zYSKTtPhLsK-eG9x1tOMe2USYDKvinYN\/view?usp=drive_link\" target=\"_blank\" rel=\"noopener\">Men\u00fa ovol\u00e0ctic vegetari\u00e0<\/a><\/td>\n<td style=\"text-align: center; width: 21.7509%;\" colspan=\"2\"><a href=\"https:\/\/drive.google.com\/file\/d\/1oW-OEJJRPltww0hgH352AwvUKRNpSh3B\/view?usp=drive_link\" target=\"_blank\" rel=\"noopener\">Men\u00fa sense gluten<\/a><\/td>\n<td style=\"text-align: center; width: 22.6734%;\" colspan=\"2\"><a href=\"https:\/\/drive.google.com\/file\/d\/1nSWFaAmA0rESs-HP1M5b2q1cBUDRlByy\/view?usp=drive_link\" target=\"_blank\" rel=\"noopener\">Men\u00fa sense lactosa<\/a><\/td>\n<\/tr>\n<tr>\n<td style=\"width: 19.7959%; text-align: center;\"><span style=\"color: #808080;\">Gener 2026<\/span><\/td>\n<td style=\"width: 18.9885%; text-align: center;\"><a href=\"https:\/\/drive.google.com\/file\/d\/1e1Za_XgnQsdEH76xCOaorGCpH0HBnlad\/view?usp=drive_link\" target=\"_blank\" rel=\"noopener\">Men\u00fa Escola Taial\u00e0<\/a><\/td>\n<td style=\"width: 18.9748%; text-align: center;\"><a href=\"https:\/\/drive.google.com\/file\/d\/1LFct9hHfMpl5Q3_nVBgIBDSszugeYJvd\/view?usp=drive_link\" target=\"_blank\" rel=\"noopener\">Men\u00fa ovol\u00e0ctic vegetari\u00e0<\/a><\/td>\n<td style=\"width: 15.451%; text-align: center;\"><a href=\"https:\/\/drive.google.com\/file\/d\/1hFFXyBjzS58wZy-PxLJQiR7y-DxxTPtS\/view?usp=drive_link\" target=\"_blank\" rel=\"noopener\">Men\u00fa sense gluten<\/a><\/td>\n<td style=\"text-align: center; width: 14.883%;\" colspan=\"2\"><a href=\"https:\/\/drive.google.com\/file\/d\/1Xddv_rtA635dRC2aDG-8SgxMcQ7_pO2i\/view?usp=drive_link\" target=\"_blank\" rel=\"noopener\">Men\u00fa sense lactosa<\/a><\/td>\n<td style=\"width: 14.0904%; text-align: center;\">Men\u00fa sense peix<\/td>\n<\/tr>\n<tr>\n<td style=\"width: 19.7959%; text-align: center;\"><span style=\"color: #808080;\">Desembre 2025<\/span><\/td>\n<td style=\"width: 18.9885%; text-align: center;\"><a href=\"https:\/\/drive.google.com\/file\/d\/1lWMJshU1Jjg2xlAcynj_eCf866z3KEyl\/view?usp=drive_link\" target=\"_blank\" rel=\"noopener\">Men\u00fa Escola Taial\u00e0<\/a><\/td>\n<td style=\"width: 18.9748%; text-align: center;\"><a href=\"https:\/\/drive.google.com\/file\/d\/18RI60cK9onQhoeiyvcPiJxxw-vxNLJT2\/view?usp=drive_link\" target=\"_blank\" rel=\"noopener\">Men\u00fa ovol\u00e0ctic vegetari\u00e0<\/a><\/td>\n<td style=\"width: 15.451%; text-align: center;\"><a href=\"https:\/\/drive.google.com\/file\/d\/1ZJEMbQXC8RXf4MNPGFNmgExZgoggxwgp\/view?usp=drive_link\" target=\"_blank\" rel=\"noopener\">Men\u00fa sense gluten<\/a><\/td>\n<td style=\"text-align: center; width: 14.883%;\" colspan=\"2\"><a href=\"https:\/\/drive.google.com\/file\/d\/1VyoOiyTrVaPIj-_tdXMQ8JWmugAigpJq\/view?usp=drive_link\" target=\"_blank\" rel=\"noopener\">Men\u00fa sense lactosa<\/a><\/td>\n<td style=\"width: 14.0904%; text-align: center;\">Men\u00fa sense peix<\/td>\n<\/tr>\n<tr>\n<td style=\"width: 19.7959%; text-align: center;\"><span style=\"color: #808080;\">Novembre 2025<\/span><\/td>\n<td style=\"width: 18.9885%; text-align: center;\"><a href=\"https:\/\/drive.google.com\/file\/d\/1uQKFHGopZu1NW4o9KfePOoVK7SLClXAo\/view?usp=drive_link\" target=\"_blank\" rel=\"noopener\">Men\u00fa Escola Taial\u00e0<\/a><\/td>\n<td style=\"width: 18.9748%; text-align: center;\"><a href=\"https:\/\/drive.google.com\/file\/d\/1WHUwqnR5NtRONjcO8JY4tQdCMWdqDvDA\/view?usp=drive_link\" target=\"_blank\" rel=\"noopener\">Men\u00fa ovol\u00e0ctic vegetari\u00e0<\/a><\/td>\n<td style=\"width: 15.451%; text-align: center;\"><a href=\"https:\/\/drive.google.com\/file\/d\/1r_7Bw4v5gYDM6roHQfKg5X7P_On0RVIU\/view?usp=drive_link\" target=\"_blank\" rel=\"noopener\">Men\u00fa sense gluten<\/a><\/td>\n<td style=\"text-align: center; width: 14.883%;\" colspan=\"2\"><a href=\"https:\/\/drive.google.com\/file\/d\/1VjkmqVxTg8WMV--0nm15OK0xivkc9N38\/view?usp=drive_link\" target=\"_blank\" rel=\"noopener\">Men\u00fa sense lactosa<\/a><\/td>\n<td style=\"width: 14.0904%; text-align: center;\">Men\u00fa sense peix<\/td>\n<\/tr>\n<tr style=\"height: 97px;\">\n<td style=\"width: 19.7959%; text-align: center; height: 62px;\"><span style=\"color: #808080;\">Octubre 2025<\/span><\/td>\n<td style=\"width: 18.9885%; text-align: center; height: 62px;\"><a href=\"https:\/\/drive.google.com\/file\/d\/1BYIgJyIr0m-rTiLPQ6Nm7OdKdEqYJuJe\/view?usp=drive_link\" target=\"_blank\" rel=\"noopener\">Men\u00fa Escola Taial\u00e0<\/a><\/td>\n<td style=\"width: 18.9748%; text-align: center; height: 62px;\">Men\u00fa ovol\u00e0ctic vegetari\u00e0<\/td>\n<td style=\"width: 15.451%; text-align: center; height: 62px;\"><a href=\"https:\/\/drive.google.com\/file\/d\/1XtrZcx7wuoQ4GISxWcFJ7EU59kusDcgt\/view?usp=drive_link\" target=\"_blank\" rel=\"noopener\">Men\u00fa sense gluten<\/a><\/td>\n<td style=\"text-align: center; width: 14.883%;\" colspan=\"2\"><a href=\"https:\/\/drive.google.com\/file\/d\/1GKhpy0w6B-PKGQZNhpYhBj-VCxGsQvzk\/view?usp=drive_link\" target=\"_blank\" rel=\"noopener\">Men\u00fa sense lactosa<\/a><\/td>\n<td style=\"width: 14.0904%; text-align: center; height: 62px;\">Men\u00fa sense peix<\/td>\n<\/tr>\n<tr style=\"height: 97px;\">\n<td style=\"width: 19.7959%; text-align: center; height: 62px;\"><span style=\"color: #808080;\">Setembre 2025<\/span><\/td>\n<td style=\"width: 18.9885%; text-align: center; height: 62px;\"><a href=\"https:\/\/drive.google.com\/file\/d\/1GezFhvy0XEH6S3NPLXw01WHUkcXg8EuN\/view?usp=drive_link\" target=\"_blank\" rel=\"noopener\">Men\u00fa Escola Taial\u00e0<\/a><\/td>\n<td style=\"width: 18.9748%; text-align: center; height: 62px;\"><a href=\"https:\/\/drive.google.com\/file\/d\/13GRxQ6_xmas-41EYaQNf-_WYQxh2YqrO\/view?usp=drive_link\" target=\"_blank\" rel=\"noopener\">Men\u00fa ovol\u00e0ctic vegetari\u00e0<\/a><\/td>\n<td style=\"width: 15.451%; text-align: center; height: 62px;\"><a href=\"https:\/\/drive.google.com\/file\/d\/1sdBJWMwNNu9vA1q2sZp7AY6aWfvmACcZ\/view?usp=drive_link\" target=\"_blank\" rel=\"noopener\">Men\u00fa sense gluten<\/a><\/td>\n<td style=\"width: 14.883%; text-align: center;\" colspan=\"2\"><a href=\"https:\/\/drive.google.com\/file\/d\/1u1cspFeOBSbkEUFAJyLGn_86miq0-drg\/view?usp=drive_link\" target=\"_blank\" rel=\"noopener\">Men\u00fa sense lactosa<\/a><\/td>\n<td style=\"width: 14.0904%; text-align: center; height: 62px;\"><a href=\"https:\/\/drive.google.com\/file\/d\/1FbEOFvXC0hUVbY2G-bAB1nyZBqq4nPC2\/view?usp=drive_link\" target=\"_blank\" rel=\"noopener\">Men\u00fa sense peix<\/a><\/td>\n<\/tr>\n<tr style=\"height: 34px;\">\n<td style=\"width: 19.7959%; height: 36px;\"><\/td>\n<td style=\"width: 18.9885%; height: 36px;\"><\/td>\n<td style=\"width: 18.9748%; height: 36px;\"><\/td>\n<td style=\"width: 15.451%; height: 36px;\"><\/td>\n<td style=\"width: 14.883%;\" colspan=\"2\"><\/td>\n<td style=\"width: 14.0904%; height: 36px;\"><\/td>\n<\/tr>\n<\/tbody>\n<\/table>\n<p>&nbsp;<\/p>\n","protected":false},"excerpt":{"rendered":"<p>&nbsp;<br \/>\n<a href=\"https:\/\/agora.xtec.cat\/iescarlesrahola\/wp-content\/uploads\/usu1066\/2019\/06\/noun_menu_2328443.png\"><\/a>INFORMACIONS DEL SERVEI DE MENJADOR<br \/>\n&nbsp;<\/p>\n<p><a href=\"https:\/\/drive.google.com\/file\/d\/1jfK4hJQl7Oam3VFFxQicEKtoGnvoOkZz\/view?usp=drive_link\" target=\"_blank\" rel=\"noopener\">Informacions generals del menjador<\/a><\/p>\n<p><a href=\"https:\/\/drive.google.com\/file\/d\/1OWDcNR6VcoPE9S71Vjdw9rqMksSad1bt\/view?usp=drive_link\" target=\"_blank\" rel=\"noopener\">Informaci\u00f3 APP menjador<\/a><\/p>\n<p><a href=\"https:\/\/drive.google.com\/file\/d\/13l9YOpUbQyoShRrpiEm7S82Borbn2fLx\/view?usp=drive_link\" target=\"_blank\" rel=\"noopener\">Inscripcions setembre<\/a><\/p>\n<p>&nbsp;<\/p>\n<p>Abril 2026<br \/>\n<a href=\"https:\/\/drive.google.com\/file\/d\/1Eb1vJKYJ8BNmNRclUlXaRJ0MHNJ5IDRW\/view?usp=drive_link\" target=\"_blank\" rel=\"noopener\">Men\u00fa Escola Taial\u00e0<\/a><br \/>\n<a href=\"https:\/\/drive.google.com\/file\/d\/1BTiMvRR5Mgn60poN-TWw2wJhTxGC6Hix\/view?usp=drive_link\" target=\"_blank\" rel=\"noopener\">Men\u00fa ovol\u00e0ctic vegetari\u00e0<\/a><br \/>\n<a href=\"https:\/\/drive.google.com\/file\/d\/1_NUlMRf2MZR2I5rg1WyJAx7nAHKniSNw\/view?usp=drive_link\" target=\"_blank\" rel=\"noopener\">Men\u00fa sense gluten<\/a><br \/>\n<a href=\"https:\/\/drive.google.com\/file\/d\/1nUdyMb8obI6a7t5rQSrzIdIQQRaSjNaJ\/view?usp=drive_link\" target=\"_blank\" rel=\"noopener\">Men\u00fa sense lactosa<\/a><\/p>\n<p>Mar\u00e7 2026<br \/>\nMen\u00fa Escola Taial\u00e0<br \/>\nMen\u00fa&hellip;  <a href=\"https:\/\/agora.xtec.cat\/iescarlesrahola\/serveis\/servei-de-menjador\/\" title=\"Read Servei de menjador\">Llegeix m\u00e9s\u00bb<\/a><\/p>\n","protected":false},"author":1,"featured_media":0,"parent":63,"menu_order":0,"comment_status":"closed","ping_status":"closed","template":"page-templates\/side-menu.php","meta":{"_bbp_topic_count":0,"_bbp_reply_count":0,"_bbp_total_topic_count":0,"_bbp_total_reply_count":0,"_bbp_voice_count":0,"_bbp_anonymous_reply_count":0,"_bbp_topic_count_hidden":0,"_bbp_reply_count_hidden":0,"_bbp_forum_subforum_count":0,"footnotes":""},"class_list":["post-3534","page","type-page","status-publish","hentry"],"post_mailing_queue_ids":[],"_links":{"self":[{"href":"https:\/\/agora.xtec.cat\/iescarlesrahola\/wp-json\/wp\/v2\/pages\/3534","targetHints":{"allow":["GET"]}}],"collection":[{"href":"https:\/\/agora.xtec.cat\/iescarlesrahola\/wp-json\/wp\/v2\/pages"}],"about":[{"href":"https:\/\/agora.xtec.cat\/iescarlesrahola\/wp-json\/wp\/v2\/types\/page"}],"author":[{"embeddable":true,"href":"https:\/\/agora.xtec.cat\/iescarlesrahola\/wp-json\/wp\/v2\/users\/1"}],"replies":[{"embeddable":true,"href":"https:\/\/agora.xtec.cat\/iescarlesrahola\/wp-json\/wp\/v2\/comments?post=3534"}],"version-history":[{"count":6,"href":"https:\/\/agora.xtec.cat\/iescarlesrahola\/wp-json\/wp\/v2\/pages\/3534\/revisions"}],"predecessor-version":[{"id":9264,"href":"https:\/\/agora.xtec.cat\/iescarlesrahola\/wp-json\/wp\/v2\/pages\/3534\/revisions\/9264"}],"up":[{"embeddable":true,"href":"https:\/\/agora.xtec.cat\/iescarlesrahola\/wp-json\/wp\/v2\/pages\/63"}],"wp:attachment":[{"href":"https:\/\/agora.xtec.cat\/iescarlesrahola\/wp-json\/wp\/v2\/media?parent=3534"}],"curies":[{"name":"wp","href":"https:\/\/api.w.org\/{rel}","templated":true}]}}