{"id":1486,"date":"2018-07-25T11:01:11","date_gmt":"2018-07-25T09:01:11","guid":{"rendered":"http:\/\/agora.xtec.cat\/iescarlesrahola\/?page_id=1486"},"modified":"2018-07-26T10:59:34","modified_gmt":"2018-07-26T08:59:34","slug":"orientacio-batxillerat","status":"publish","type":"page","link":"https:\/\/agora.xtec.cat\/iescarlesrahola\/estudis\/espai-dorientacio\/orientacio-batxillerat\/","title":{"rendered":"Quin batxillerat fer?"},"content":{"rendered":"<p>&nbsp;<\/p>\n<p><img loading=\"lazy\" decoding=\"async\" class=\"wp-image-1524 alignleft\" src=\"http:\/\/agora.xtec.cat\/iescarlesrahola\/wp-content\/uploads\/usu1066\/2018\/07\/noun_Hand_1179765_f35a19-300x300.png\" alt=\"\" width=\"52\" height=\"52\" srcset=\"https:\/\/agora.xtec.cat\/iescarlesrahola\/wp-content\/uploads\/usu1066\/2018\/07\/noun_Hand_1179765_f35a19-300x300.png 300w, https:\/\/agora.xtec.cat\/iescarlesrahola\/wp-content\/uploads\/usu1066\/2018\/07\/noun_Hand_1179765_f35a19-150x150.png 150w, https:\/\/agora.xtec.cat\/iescarlesrahola\/wp-content\/uploads\/usu1066\/2018\/07\/noun_Hand_1179765_f35a19-768x768.png 768w, https:\/\/agora.xtec.cat\/iescarlesrahola\/wp-content\/uploads\/usu1066\/2018\/07\/noun_Hand_1179765_f35a19-1024x1024.png 1024w, https:\/\/agora.xtec.cat\/iescarlesrahola\/wp-content\/uploads\/usu1066\/2018\/07\/noun_Hand_1179765_f35a19.png 1200w\" sizes=\"auto, (max-width: 52px) 100vw, 52px\" \/><span style=\"color: #808080;\">Despr\u00e9s de l&#8217;ESO pots fer estudis de batxillerat, orientats al m\u00f3n universitari o a t\u00e8cnic superior. Podr\u00e0s trobar tota aquesta\u00a0 informaci\u00f3 <span style=\"color: #ff6600;\"><a style=\"color: #ff6600;\" href=\"http:\/\/queestudiar.gencat.cat\/ca\/orientacio\/joves\/informo-ensenyaments\/explora_mapa_destudis\/batxillerat#caixa_batxillerat_footnote\" target=\"_blank\" rel=\"noopener noreferrer\">aqu\u00ed<\/a><\/span>.\u00a0<\/span><\/p>\n<p>&nbsp;<\/p>\n<div><img loading=\"lazy\" decoding=\"async\" class=\"alignleft wp-image-1524\" src=\"http:\/\/agora.xtec.cat\/iescarlesrahola\/wp-content\/uploads\/usu1066\/2018\/07\/noun_Hand_1179765_f35a19-300x300.png\" alt=\"\" width=\"52\" height=\"52\" srcset=\"https:\/\/agora.xtec.cat\/iescarlesrahola\/wp-content\/uploads\/usu1066\/2018\/07\/noun_Hand_1179765_f35a19-300x300.png 300w, https:\/\/agora.xtec.cat\/iescarlesrahola\/wp-content\/uploads\/usu1066\/2018\/07\/noun_Hand_1179765_f35a19-150x150.png 150w, https:\/\/agora.xtec.cat\/iescarlesrahola\/wp-content\/uploads\/usu1066\/2018\/07\/noun_Hand_1179765_f35a19-768x768.png 768w, https:\/\/agora.xtec.cat\/iescarlesrahola\/wp-content\/uploads\/usu1066\/2018\/07\/noun_Hand_1179765_f35a19-1024x1024.png 1024w, https:\/\/agora.xtec.cat\/iescarlesrahola\/wp-content\/uploads\/usu1066\/2018\/07\/noun_Hand_1179765_f35a19.png 1200w\" sizes=\"auto, (max-width: 52px) 100vw, 52px\" \/><\/div>\n<div><span style=\"color: #808080;\">A l&#8217;institut Carles Rahola pots estudiar dues modalitats de batxillerat:\u00a0<\/span><\/div>\n<div><\/div>\n<div>\n<table style=\"border: none;\">\n<tbody>\n<tr>\n<td style=\"width: 200px; height: 200px; text-align: center; border: none;\">\n<pre><a href=\"http:\/\/queestudiar.gencat.cat\/ca\/estudis\/batxillerat\/que-estudiar\/humanitats\/\"><img loading=\"lazy\" decoding=\"async\" class=\"aligncenter wp-image-1547 size-thumbnail\" src=\"http:\/\/agora.xtec.cat\/iescarlesrahola\/wp-content\/uploads\/usu1066\/2018\/07\/batxillerat-humanitats-i-ciencies-socials-150x150.png\" alt=\"\" width=\"150\" height=\"150\" srcset=\"https:\/\/agora.xtec.cat\/iescarlesrahola\/wp-content\/uploads\/usu1066\/2018\/07\/batxillerat-humanitats-i-ciencies-socials-150x150.png 150w, https:\/\/agora.xtec.cat\/iescarlesrahola\/wp-content\/uploads\/usu1066\/2018\/07\/batxillerat-humanitats-i-ciencies-socials-300x300.png 300w, https:\/\/agora.xtec.cat\/iescarlesrahola\/wp-content\/uploads\/usu1066\/2018\/07\/batxillerat-humanitats-i-ciencies-socials-768x768.png 768w, https:\/\/agora.xtec.cat\/iescarlesrahola\/wp-content\/uploads\/usu1066\/2018\/07\/batxillerat-humanitats-i-ciencies-socials-1024x1024.png 1024w, https:\/\/agora.xtec.cat\/iescarlesrahola\/wp-content\/uploads\/usu1066\/2018\/07\/batxillerat-humanitats-i-ciencies-socials.png 1200w\" sizes=\"auto, (max-width: 150px) 100vw, 150px\" \/><\/a><strong><span style=\"color: #808080;\">Humanitats i ci\u00e8ncies socials<\/span><\/strong><\/pre>\n<\/td>\n<td style=\"width: 200px; height: 200px; text-align: center; border: none;\">\n<pre><a href=\"http:\/\/queestudiar.gencat.cat\/ca\/estudis\/batxillerat\/que-estudiar\/ciencies\/\"><img loading=\"lazy\" decoding=\"async\" class=\"aligncenter wp-image-1549 size-thumbnail\" src=\"http:\/\/agora.xtec.cat\/iescarlesrahola\/wp-content\/uploads\/usu1066\/2018\/07\/batxillerat-tecnolo\u0300gic-150x150.png\" alt=\"\" width=\"150\" height=\"150\" srcset=\"https:\/\/agora.xtec.cat\/iescarlesrahola\/wp-content\/uploads\/usu1066\/2018\/07\/batxillerat-tecnolo\u0300gic-150x150.png 150w, https:\/\/agora.xtec.cat\/iescarlesrahola\/wp-content\/uploads\/usu1066\/2018\/07\/batxillerat-tecnolo\u0300gic-300x300.png 300w, https:\/\/agora.xtec.cat\/iescarlesrahola\/wp-content\/uploads\/usu1066\/2018\/07\/batxillerat-tecnolo\u0300gic-768x768.png 768w, https:\/\/agora.xtec.cat\/iescarlesrahola\/wp-content\/uploads\/usu1066\/2018\/07\/batxillerat-tecnolo\u0300gic-1024x1024.png 1024w, https:\/\/agora.xtec.cat\/iescarlesrahola\/wp-content\/uploads\/usu1066\/2018\/07\/batxillerat-tecnolo\u0300gic.png 1200w\" sizes=\"auto, (max-width: 150px) 100vw, 150px\" \/><\/a><strong><span style=\"color: #808080;\">Ci\u00e8ncies i tecnologia\u00a0<\/span><\/strong><\/pre>\n<\/td>\n<\/tr>\n<\/tbody>\n<\/table>\n<p><img loading=\"lazy\" decoding=\"async\" class=\"alignleft wp-image-1524\" src=\"http:\/\/agora.xtec.cat\/iescarlesrahola\/wp-content\/uploads\/usu1066\/2018\/07\/noun_Hand_1179765_f35a19-150x150.png\" alt=\"\" width=\"52\" height=\"52\" srcset=\"https:\/\/agora.xtec.cat\/iescarlesrahola\/wp-content\/uploads\/usu1066\/2018\/07\/noun_Hand_1179765_f35a19-150x150.png 150w, https:\/\/agora.xtec.cat\/iescarlesrahola\/wp-content\/uploads\/usu1066\/2018\/07\/noun_Hand_1179765_f35a19-300x300.png 300w, https:\/\/agora.xtec.cat\/iescarlesrahola\/wp-content\/uploads\/usu1066\/2018\/07\/noun_Hand_1179765_f35a19-768x768.png 768w, https:\/\/agora.xtec.cat\/iescarlesrahola\/wp-content\/uploads\/usu1066\/2018\/07\/noun_Hand_1179765_f35a19-1024x1024.png 1024w, https:\/\/agora.xtec.cat\/iescarlesrahola\/wp-content\/uploads\/usu1066\/2018\/07\/noun_Hand_1179765_f35a19.png 1200w\" sizes=\"auto, (max-width: 52px) 100vw, 52px\" \/><span style=\"color: #808080;\">Si el teu objectiu a mig pla\u00e7 \u00e9s estudiar un grau et ser\u00e0 \u00fatil donar-li un cop d&#8217;ull al <a href=\"http:\/\/universitats.gencat.cat\/ca\/inici\"><span style=\"color: #ff6600;\">canal universitats<\/span><\/a>.<\/span><\/p>\n<\/div>\n<p>&nbsp;<\/p>\n<p><img loading=\"lazy\" decoding=\"async\" class=\"alignleft wp-image-1524\" src=\"http:\/\/agora.xtec.cat\/iescarlesrahola\/wp-content\/uploads\/usu1066\/2018\/07\/noun_Hand_1179765_f35a19-150x150.png\" alt=\"\" width=\"52\" height=\"52\" srcset=\"https:\/\/agora.xtec.cat\/iescarlesrahola\/wp-content\/uploads\/usu1066\/2018\/07\/noun_Hand_1179765_f35a19-150x150.png 150w, https:\/\/agora.xtec.cat\/iescarlesrahola\/wp-content\/uploads\/usu1066\/2018\/07\/noun_Hand_1179765_f35a19-300x300.png 300w, https:\/\/agora.xtec.cat\/iescarlesrahola\/wp-content\/uploads\/usu1066\/2018\/07\/noun_Hand_1179765_f35a19-768x768.png 768w, https:\/\/agora.xtec.cat\/iescarlesrahola\/wp-content\/uploads\/usu1066\/2018\/07\/noun_Hand_1179765_f35a19-1024x1024.png 1024w, https:\/\/agora.xtec.cat\/iescarlesrahola\/wp-content\/uploads\/usu1066\/2018\/07\/noun_Hand_1179765_f35a19.png 1200w\" sizes=\"auto, (max-width: 52px) 100vw, 52px\" \/><span style=\"color: #808080;\">Consulta l&#8217;apartat de <span style=\"color: #ff6600;\"><a style=\"color: #ff6600;\" href=\"http:\/\/agora.xtec.cat\/iescarlesrahola\/secretaria\/beques\/\">beques<\/a><\/span> de secretaria.<\/span><\/p>\n<p>&nbsp;<\/p>\n<p>&nbsp;<\/p>\n<div><\/div>\n","protected":false},"excerpt":{"rendered":"<p>&nbsp;<br \/>\nDespr\u00e9s de l&#8217;ESO pots fer estudis de batxillerat, orientats al m\u00f3n universitari o a t\u00e8cnic superior. Podr\u00e0s trobar tota aquesta\u00a0 informaci\u00f3 <a style=\"color: #ff6600;\" href=\"http:\/\/queestudiar.gencat.cat\/ca\/orientacio\/joves\/informo-ensenyaments\/explora_mapa_destudis\/batxillerat#caixa_batxillerat_footnote\" target=\"_blank\" rel=\"noopener noreferrer\">aqu\u00ed<\/a>.\u00a0<br \/>\n&nbsp;<\/p>\n<p>A l&#8217;institut Carles Rahola pots estudiar dues modalitats de batxillerat:\u00a0<\/p>\n<p><a href=\"http:\/\/queestudiar.gencat.cat\/ca\/estudis\/batxillerat\/que-estudiar\/humanitats\/\"><\/a>Humanitats i ci\u00e8ncies socials<\/p>\n<p><a href=\"http:\/\/queestudiar.gencat.cat\/ca\/estudis\/batxillerat\/que-estudiar\/ciencies\/\"><\/a>Ci\u00e8ncies i tecnologia\u00a0<\/p>\n<p>Si el&hellip;  <a href=\"https:\/\/agora.xtec.cat\/iescarlesrahola\/estudis\/espai-dorientacio\/orientacio-batxillerat\/\" title=\"Read Quin batxillerat fer?\">Llegeix m\u00e9s\u00bb<\/a><\/p>\n","protected":false},"author":1,"featured_media":0,"parent":1419,"menu_order":20,"comment_status":"closed","ping_status":"closed","template":"page-templates\/side-menu.php","meta":{"_bbp_topic_count":0,"_bbp_reply_count":0,"_bbp_total_topic_count":0,"_bbp_total_reply_count":0,"_bbp_voice_count":0,"_bbp_anonymous_reply_count":0,"_bbp_topic_count_hidden":0,"_bbp_reply_count_hidden":0,"_bbp_forum_subforum_count":0,"footnotes":""},"class_list":["post-1486","page","type-page","status-publish","hentry"],"post_mailing_queue_ids":[],"_links":{"self":[{"href":"https:\/\/agora.xtec.cat\/iescarlesrahola\/wp-json\/wp\/v2\/pages\/1486","targetHints":{"allow":["GET"]}}],"collection":[{"href":"https:\/\/agora.xtec.cat\/iescarlesrahola\/wp-json\/wp\/v2\/pages"}],"about":[{"href":"https:\/\/agora.xtec.cat\/iescarlesrahola\/wp-json\/wp\/v2\/types\/page"}],"author":[{"embeddable":true,"href":"https:\/\/agora.xtec.cat\/iescarlesrahola\/wp-json\/wp\/v2\/users\/1"}],"replies":[{"embeddable":true,"href":"https:\/\/agora.xtec.cat\/iescarlesrahola\/wp-json\/wp\/v2\/comments?post=1486"}],"version-history":[{"count":3,"href":"https:\/\/agora.xtec.cat\/iescarlesrahola\/wp-json\/wp\/v2\/pages\/1486\/revisions"}],"predecessor-version":[{"id":1559,"href":"https:\/\/agora.xtec.cat\/iescarlesrahola\/wp-json\/wp\/v2\/pages\/1486\/revisions\/1559"}],"up":[{"embeddable":true,"href":"https:\/\/agora.xtec.cat\/iescarlesrahola\/wp-json\/wp\/v2\/pages\/1419"}],"wp:attachment":[{"href":"https:\/\/agora.xtec.cat\/iescarlesrahola\/wp-json\/wp\/v2\/media?parent=1486"}],"curies":[{"name":"wp","href":"https:\/\/api.w.org\/{rel}","templated":true}]}}