{"id":1480,"date":"2018-07-25T10:59:09","date_gmt":"2018-07-25T08:59:09","guid":{"rendered":"http:\/\/agora.xtec.cat\/iescarlesrahola\/?page_id=1480"},"modified":"2019-05-03T13:43:17","modified_gmt":"2019-05-03T11:43:17","slug":"i-despres-de-leso-que","status":"publish","type":"page","link":"https:\/\/agora.xtec.cat\/iescarlesrahola\/estudis\/espai-dorientacio\/i-despres-de-leso-que\/","title":{"rendered":"I despr\u00e9s de l&#8217;ESO, qu\u00e8?"},"content":{"rendered":"<p>&nbsp;<\/p>\n<p><span style=\"color: #808080;\"><img loading=\"lazy\" decoding=\"async\" class=\"alignleft wp-image-1524\" src=\"http:\/\/agora.xtec.cat\/iescarlesrahola\/wp-content\/uploads\/usu1066\/2018\/07\/noun_Hand_1179765_f35a19-150x150.png\" alt=\"\" width=\"52\" height=\"52\" srcset=\"https:\/\/agora.xtec.cat\/iescarlesrahola\/wp-content\/uploads\/usu1066\/2018\/07\/noun_Hand_1179765_f35a19-150x150.png 150w, https:\/\/agora.xtec.cat\/iescarlesrahola\/wp-content\/uploads\/usu1066\/2018\/07\/noun_Hand_1179765_f35a19-300x300.png 300w, https:\/\/agora.xtec.cat\/iescarlesrahola\/wp-content\/uploads\/usu1066\/2018\/07\/noun_Hand_1179765_f35a19-768x768.png 768w, https:\/\/agora.xtec.cat\/iescarlesrahola\/wp-content\/uploads\/usu1066\/2018\/07\/noun_Hand_1179765_f35a19-1024x1024.png 1024w, https:\/\/agora.xtec.cat\/iescarlesrahola\/wp-content\/uploads\/usu1066\/2018\/07\/noun_Hand_1179765_f35a19.png 1200w\" sizes=\"auto, (max-width: 52px) 100vw, 52px\" \/>Despr\u00e9s de 4t d&#8217;ESO, tant si obtens el Graduat d&#8217;Educaci\u00f3 Secund\u00e0ria com si no, hi ha un munt de possibilitats! Consulta i explora el\u00a0<strong><span style=\"color: #ff6600;\"><a style=\"color: #ff6600;\" href=\"http:\/\/queestudiar.gencat.cat\/ca\/orientacio\/joves\/informo-ensenyaments\/explora_mapa_destudis\/\" target=\"_blank\" rel=\"noopener noreferrer\">mapa general del sistema educatiu a Catalunya<\/a><\/span><\/strong>\u00a0per trobar quina \u00e9s la teva.<\/span><\/p>\n<p style=\"text-align: justify;\"><img loading=\"lazy\" decoding=\"async\" class=\"wp-image-1524 alignleft\" src=\"http:\/\/agora.xtec.cat\/iescarlesrahola\/wp-content\/uploads\/usu1066\/2018\/07\/noun_Hand_1179765_f35a19-300x300.png\" alt=\"\" width=\"52\" height=\"52\" srcset=\"https:\/\/agora.xtec.cat\/iescarlesrahola\/wp-content\/uploads\/usu1066\/2018\/07\/noun_Hand_1179765_f35a19-300x300.png 300w, https:\/\/agora.xtec.cat\/iescarlesrahola\/wp-content\/uploads\/usu1066\/2018\/07\/noun_Hand_1179765_f35a19-150x150.png 150w, https:\/\/agora.xtec.cat\/iescarlesrahola\/wp-content\/uploads\/usu1066\/2018\/07\/noun_Hand_1179765_f35a19-768x768.png 768w, https:\/\/agora.xtec.cat\/iescarlesrahola\/wp-content\/uploads\/usu1066\/2018\/07\/noun_Hand_1179765_f35a19-1024x1024.png 1024w, https:\/\/agora.xtec.cat\/iescarlesrahola\/wp-content\/uploads\/usu1066\/2018\/07\/noun_Hand_1179765_f35a19.png 1200w\" sizes=\"auto, (max-width: 52px) 100vw, 52px\" \/><span style=\"color: #808080;\">D\u00f3na un cop d&#8217;ull als 4 enlla\u00e7os que t&#8217;adjuntem. L&#8217;Estaci\u00f3 Espai Jove de Girona t&#8217;atendr\u00e0 presencialment. Unportal \u00e9s una gu\u00eda d&#8217;orientaci\u00f3 on line. Per entrar \u00e9s requereix usuari i contrasenya que s&#8217;envia a les fam\u00edlies per mail. Els dos q\u00fcestionaris que trobar\u00e0s a continuaci\u00f3 tamb\u00e9 t&#8217;ajudaran en la teva tria.\u00a0<\/span><\/p>\n<p><img loading=\"lazy\" decoding=\"async\" class=\"wp-image-1524 alignleft\" src=\"https:\/\/agora.xtec.cat\/iescarlesrahola\/wp-content\/uploads\/usu1066\/2018\/07\/noun_Hand_1179765_f35a19.png\" alt=\"\" width=\"52\" height=\"52\" srcset=\"https:\/\/agora.xtec.cat\/iescarlesrahola\/wp-content\/uploads\/usu1066\/2018\/07\/noun_Hand_1179765_f35a19.png 1200w, https:\/\/agora.xtec.cat\/iescarlesrahola\/wp-content\/uploads\/usu1066\/2018\/07\/noun_Hand_1179765_f35a19-150x150.png 150w, https:\/\/agora.xtec.cat\/iescarlesrahola\/wp-content\/uploads\/usu1066\/2018\/07\/noun_Hand_1179765_f35a19-300x300.png 300w, https:\/\/agora.xtec.cat\/iescarlesrahola\/wp-content\/uploads\/usu1066\/2018\/07\/noun_Hand_1179765_f35a19-768x768.png 768w, https:\/\/agora.xtec.cat\/iescarlesrahola\/wp-content\/uploads\/usu1066\/2018\/07\/noun_Hand_1179765_f35a19-1024x1024.png 1024w\" sizes=\"auto, (max-width: 52px) 100vw, 52px\" \/><span style=\"color: #808080;\">Consulta i\/o descarrega&#8217;t el <a href=\"https:\/\/drive.google.com\/file\/d\/1kDrDFiVJqPfZQ8BrbwLh73oSpuE5KoWS\/view?usp=sharing\" target=\"_blank\" rel=\"noopener\">dossier EXPOJOVE 2019<\/a>.<\/span><\/p>\n<p>&nbsp;<\/p>\n<p>&nbsp;<\/p>\n<table style=\"border: none;\">\n<tbody>\n<tr>\n<td style=\"width: 300px; height: 300px; text-align: center; border: none;\"><a href=\"http:\/\/www2.girona.cat\/ca\/estacio_serveis\" target=\"_blank\" rel=\"noopener noreferrer\"><img loading=\"lazy\" decoding=\"async\" class=\"aligncenter wp-image-1533 size-medium\" src=\"http:\/\/agora.xtec.cat\/iescarlesrahola\/wp-content\/uploads\/usu1066\/2018\/07\/IMG_1FA032CB6407-1-300x300.jpeg\" alt=\"\" width=\"300\" height=\"300\" srcset=\"https:\/\/agora.xtec.cat\/iescarlesrahola\/wp-content\/uploads\/usu1066\/2018\/07\/IMG_1FA032CB6407-1-300x300.jpeg 300w, https:\/\/agora.xtec.cat\/iescarlesrahola\/wp-content\/uploads\/usu1066\/2018\/07\/IMG_1FA032CB6407-1-150x150.jpeg 150w, https:\/\/agora.xtec.cat\/iescarlesrahola\/wp-content\/uploads\/usu1066\/2018\/07\/IMG_1FA032CB6407-1-768x768.jpeg 768w, https:\/\/agora.xtec.cat\/iescarlesrahola\/wp-content\/uploads\/usu1066\/2018\/07\/IMG_1FA032CB6407-1-1024x1024.jpeg 1024w, https:\/\/agora.xtec.cat\/iescarlesrahola\/wp-content\/uploads\/usu1066\/2018\/07\/IMG_1FA032CB6407-1.jpeg 1200w\" sizes=\"auto, (max-width: 300px) 100vw, 300px\" \/><\/a><\/td>\n<td style=\"width: 300px; height: 300px; text-align: center; border: none;\"><a href=\"http:\/\/www.unportal.net\/\" target=\"_blank\" rel=\"noopener noreferrer\"><img loading=\"lazy\" decoding=\"async\" class=\"aligncenter wp-image-1534 size-medium\" src=\"http:\/\/agora.xtec.cat\/iescarlesrahola\/wp-content\/uploads\/usu1066\/2018\/07\/unportal-quadrat-300x300.jpeg\" alt=\"\" width=\"300\" height=\"300\" srcset=\"https:\/\/agora.xtec.cat\/iescarlesrahola\/wp-content\/uploads\/usu1066\/2018\/07\/unportal-quadrat-300x300.jpeg 300w, https:\/\/agora.xtec.cat\/iescarlesrahola\/wp-content\/uploads\/usu1066\/2018\/07\/unportal-quadrat-150x150.jpeg 150w, https:\/\/agora.xtec.cat\/iescarlesrahola\/wp-content\/uploads\/usu1066\/2018\/07\/unportal-quadrat-768x768.jpeg 768w, https:\/\/agora.xtec.cat\/iescarlesrahola\/wp-content\/uploads\/usu1066\/2018\/07\/unportal-quadrat.jpeg 910w\" sizes=\"auto, (max-width: 300px) 100vw, 300px\" \/><\/a><\/td>\n<\/tr>\n<tr>\n<td style=\"width: 300px; height: 300px; text-align: center; border: none;\"><a href=\"http:\/\/queestudiar.gencat.cat\/ca\/orientacio\/joves\/conec-interessos\/questionari-autoconeixement\/\" target=\"_blank\" rel=\"noopener noreferrer\"><img loading=\"lazy\" decoding=\"async\" class=\"aligncenter wp-image-1531 size-medium\" src=\"http:\/\/agora.xtec.cat\/iescarlesrahola\/wp-content\/uploads\/usu1066\/2018\/07\/test2-300x300.png\" alt=\"\" width=\"300\" height=\"300\" srcset=\"https:\/\/agora.xtec.cat\/iescarlesrahola\/wp-content\/uploads\/usu1066\/2018\/07\/test2-300x300.png 300w, https:\/\/agora.xtec.cat\/iescarlesrahola\/wp-content\/uploads\/usu1066\/2018\/07\/test2-150x150.png 150w, https:\/\/agora.xtec.cat\/iescarlesrahola\/wp-content\/uploads\/usu1066\/2018\/07\/test2-768x768.png 768w, https:\/\/agora.xtec.cat\/iescarlesrahola\/wp-content\/uploads\/usu1066\/2018\/07\/test2-1024x1024.png 1024w, https:\/\/agora.xtec.cat\/iescarlesrahola\/wp-content\/uploads\/usu1066\/2018\/07\/test2.png 1200w\" sizes=\"auto, (max-width: 300px) 100vw, 300px\" \/><\/a><\/td>\n<td style=\"width: 300px; height: 300px; text-align: center; border: none;\">\u00a0<a href=\"https:\/\/www.educaweb.com\/orientacion\/intereses-profesionales\/\" target=\"_blank\" rel=\"noopener noreferrer\"><img loading=\"lazy\" decoding=\"async\" class=\"aligncenter wp-image-1532 size-medium\" src=\"http:\/\/agora.xtec.cat\/iescarlesrahola\/wp-content\/uploads\/usu1066\/2018\/07\/test1-300x300.png\" alt=\"\" width=\"300\" height=\"300\" srcset=\"https:\/\/agora.xtec.cat\/iescarlesrahola\/wp-content\/uploads\/usu1066\/2018\/07\/test1-300x300.png 300w, https:\/\/agora.xtec.cat\/iescarlesrahola\/wp-content\/uploads\/usu1066\/2018\/07\/test1-150x150.png 150w, https:\/\/agora.xtec.cat\/iescarlesrahola\/wp-content\/uploads\/usu1066\/2018\/07\/test1-768x768.png 768w, https:\/\/agora.xtec.cat\/iescarlesrahola\/wp-content\/uploads\/usu1066\/2018\/07\/test1-1024x1024.png 1024w, https:\/\/agora.xtec.cat\/iescarlesrahola\/wp-content\/uploads\/usu1066\/2018\/07\/test1.png 1200w\" sizes=\"auto, (max-width: 300px) 100vw, 300px\" \/><\/a><\/td>\n<\/tr>\n<\/tbody>\n<\/table>\n<p>&nbsp;<\/p>\n<p>&nbsp;<\/p>\n","protected":false},"excerpt":{"rendered":"<p>&nbsp;<br \/>\nDespr\u00e9s de 4t d&#8217;ESO, tant si obtens el Graduat d&#8217;Educaci\u00f3 Secund\u00e0ria com si no, hi ha un munt de possibilitats! Consulta i explora el\u00a0<a style=\"color: #ff6600;\" href=\"http:\/\/queestudiar.gencat.cat\/ca\/orientacio\/joves\/informo-ensenyaments\/explora_mapa_destudis\/\" target=\"_blank\" rel=\"noopener noreferrer\">mapa general del sistema educatiu a Catalunya<\/a>\u00a0per trobar quina \u00e9s la teva.<br \/>\nD\u00f3na un cop d&#8217;ull als&hellip;  <a href=\"https:\/\/agora.xtec.cat\/iescarlesrahola\/estudis\/espai-dorientacio\/i-despres-de-leso-que\/\" title=\"Read I despr\u00e9s de l&#8217;ESO, qu\u00e8?\">Llegeix m\u00e9s\u00bb<\/a><\/p>\n","protected":false},"author":1,"featured_media":0,"parent":1419,"menu_order":10,"comment_status":"closed","ping_status":"closed","template":"page-templates\/side-menu.php","meta":{"_bbp_topic_count":0,"_bbp_reply_count":0,"_bbp_total_topic_count":0,"_bbp_total_reply_count":0,"_bbp_voice_count":0,"_bbp_anonymous_reply_count":0,"_bbp_topic_count_hidden":0,"_bbp_reply_count_hidden":0,"_bbp_forum_subforum_count":0,"footnotes":""},"class_list":["post-1480","page","type-page","status-publish","hentry"],"post_mailing_queue_ids":[],"_links":{"self":[{"href":"https:\/\/agora.xtec.cat\/iescarlesrahola\/wp-json\/wp\/v2\/pages\/1480","targetHints":{"allow":["GET"]}}],"collection":[{"href":"https:\/\/agora.xtec.cat\/iescarlesrahola\/wp-json\/wp\/v2\/pages"}],"about":[{"href":"https:\/\/agora.xtec.cat\/iescarlesrahola\/wp-json\/wp\/v2\/types\/page"}],"author":[{"embeddable":true,"href":"https:\/\/agora.xtec.cat\/iescarlesrahola\/wp-json\/wp\/v2\/users\/1"}],"replies":[{"embeddable":true,"href":"https:\/\/agora.xtec.cat\/iescarlesrahola\/wp-json\/wp\/v2\/comments?post=1480"}],"version-history":[{"count":3,"href":"https:\/\/agora.xtec.cat\/iescarlesrahola\/wp-json\/wp\/v2\/pages\/1480\/revisions"}],"predecessor-version":[{"id":2890,"href":"https:\/\/agora.xtec.cat\/iescarlesrahola\/wp-json\/wp\/v2\/pages\/1480\/revisions\/2890"}],"up":[{"embeddable":true,"href":"https:\/\/agora.xtec.cat\/iescarlesrahola\/wp-json\/wp\/v2\/pages\/1419"}],"wp:attachment":[{"href":"https:\/\/agora.xtec.cat\/iescarlesrahola\/wp-json\/wp\/v2\/media?parent=1480"}],"curies":[{"name":"wp","href":"https:\/\/api.w.org\/{rel}","templated":true}]}}