{"id":9,"date":"2025-08-29T22:32:40","date_gmt":"2025-08-29T20:32:40","guid":{"rendered":"http:\/\/agora.xtec.cat\/iescapmany\/?page_id=9"},"modified":"2026-04-09T08:59:46","modified_gmt":"2026-04-09T06:59:46","slug":"pagina-dinici-buida","status":"publish","type":"page","link":"https:\/\/agora.xtec.cat\/iescapmany\/","title":{"rendered":"PORTADA antiga"},"content":{"rendered":"\n<div>\n<div>\u00a0<\/div>\n<\/div>\n\n\n\n<div class=\"wp-block-getwid-advanced-spacer\" style=\"height:141px\" aria-hidden=\"true\"><\/div>\n\n\n\n<p class=\"has-text-align-center has-text-color has-link-color has-large-font-size wp-elements-2a29ded45095d9cf6285712862a85732\" style=\"color:#378b8b;padding-top:0;padding-right:var(--wp--preset--spacing--30);padding-bottom:0;padding-left:var(--wp--preset--spacing--30)\"><strong><a href=\"https:\/\/agora.xtec.cat\/iescapmany\/oferta-inicial-curs-2026-2027\/oferta-inicial-de-places-deso-pel-curs-academic-2026-2027\/\" data-type=\"link\" data-id=\"https:\/\/agora.xtec.cat\/iescapmany\/oferta-inicial-curs-2026-2027\/oferta-inicial-de-places-deso-pel-curs-academic-2026-2027\/\">JA PODEU CONSULTAR <\/a><\/strong> <strong><a href=\"https:\/\/agora.xtec.cat\/iescapmany\/oferta-inicial-curs-2026-2027\/oferta-inicial-de-places-deso-pel-curs-academic-2026-2027\/\" data-type=\"link\" data-id=\"https:\/\/agora.xtec.cat\/iescapmany\/oferta-inicial-curs-2026-2027\/oferta-inicial-de-places-deso-pel-curs-academic-2026-2027\/\">L&#8217;OFERTA INICIAL <\/a><\/strong><\/p>\n\n\n\n<p class=\"has-text-align-center has-text-color has-link-color has-large-font-size wp-elements-8d94188332ca18a54b03a394dd54ac0d\" style=\"color:#378b8b;padding-top:0;padding-right:var(--wp--preset--spacing--30);padding-bottom:0;padding-left:var(--wp--preset--spacing--30)\"><br><strong><a href=\"https:\/\/agora.xtec.cat\/iescapmany\/oferta-inicial-curs-2026-2027\/oferta-inicial-de-places-deso-pel-curs-academic-2026-2027\/\" data-type=\"link\" data-id=\"https:\/\/agora.xtec.cat\/iescapmany\/oferta-inicial-curs-2026-2027\/oferta-inicial-de-places-deso-pel-curs-academic-2026-2027\/\">DE PLACES D&#8217;ESO I BATXILLERAT <\/a><\/strong> <\/p>\n\n\n\n<p class=\"has-text-align-center has-text-color has-link-color has-large-font-size wp-elements-6f3333e3cd000ff16067d8689a5d625f\" style=\"color:#378b8b;padding-top:0;padding-right:var(--wp--preset--spacing--30);padding-bottom:0;padding-left:var(--wp--preset--spacing--30)\"><strong><a href=\"https:\/\/agora.xtec.cat\/iescapmany\/oferta-inicial-curs-2026-2027\/oferta-inicial-de-places-deso-pel-curs-academic-2026-2027\/\" data-type=\"link\" data-id=\"https:\/\/agora.xtec.cat\/iescapmany\/oferta-inicial-curs-2026-2027\/oferta-inicial-de-places-deso-pel-curs-academic-2026-2027\/\">PEL CURS ACAD\u00c8MIC <\/a><\/strong><\/p>\n\n\n\n<p><\/p>\n\n\n\n<p class=\"has-text-align-center has-text-color has-link-color has-large-font-size wp-elements-0bbffe4e315484ae1c5bac2d59592c78\" style=\"color:#378b8b;padding-top:0;padding-right:var(--wp--preset--spacing--30);padding-bottom:0;padding-left:var(--wp--preset--spacing--30)\"> <strong><a href=\"https:\/\/agora.xtec.cat\/iescapmany\/oferta-inicial-curs-2026-2027\/oferta-inicial-de-places-deso-pel-curs-academic-2026-2027\/\" data-type=\"link\" data-id=\"https:\/\/agora.xtec.cat\/iescapmany\/oferta-inicial-curs-2026-2027\/oferta-inicial-de-places-deso-pel-curs-academic-2026-2027\/\">2026\/2027<\/a><\/strong><\/p>\n\n\n\n<p class=\"has-text-align-center has-text-color has-link-color has-large-font-size wp-elements-a59a150d09ab06382f0bf366e271deab\" style=\"color:#378b8b;padding-top:0;padding-right:var(--wp--preset--spacing--30);padding-bottom:0;padding-left:var(--wp--preset--spacing--30)\">\ud83d\udc46<\/p>\n\n\n\n<div style=\"height:100px\" aria-hidden=\"true\" class=\"wp-block-spacer\"><\/div>\n\n\n\n<figure class=\"wp-block-image aligncenter size-full is-resized\"><a href=\"https:\/\/agora.xtec.cat\/iescapmany\/wp-content\/uploads\/usu234\/2026\/02\/PORTES-OBERTES-BATXILLERAT-2026.png\"><img loading=\"lazy\" decoding=\"async\" width=\"567\" height=\"186\" src=\"https:\/\/agora.xtec.cat\/iescapmany\/wp-content\/uploads\/usu234\/2026\/02\/PORTES-OBERTES-BATXILLERAT-2026.png\" alt=\"\" class=\"wp-image-8393\" style=\"width:935px;height:auto\" srcset=\"https:\/\/agora.xtec.cat\/iescapmany\/wp-content\/uploads\/usu234\/2026\/02\/PORTES-OBERTES-BATXILLERAT-2026.png 567w, https:\/\/agora.xtec.cat\/iescapmany\/wp-content\/uploads\/usu234\/2026\/02\/PORTES-OBERTES-BATXILLERAT-2026-300x98.png 300w\" sizes=\"auto, (max-width: 567px) 100vw, 567px\" \/><\/a><\/figure>\n\n\n\n<div style=\"height:100px\" aria-hidden=\"true\" class=\"wp-block-spacer\"><\/div>\n\n\n\n<div class=\"wp-block-getwid-content-slider has-arrows-inside has-dots-inside\" data-autoplay=\"true\" data-infinite=\"true\" data-center-mode=\"true\" data-adaptive-height=\"true\" data-pause-hover=\"true\"><div class=\"wp-block-getwid-content-slider__wrapper\">\n<div class=\"wp-block-getwid-content-slider-slide\"><div class=\"wp-block-getwid-content-slider-slide__wrapper\">\n<div data-wp-interactive=\"core\/file\" class=\"wp-block-file\"><object data-wp-bind--hidden=\"!state.hasPdfPreview\" hidden class=\"wp-block-file__embed\" data=\"https:\/\/agora.xtec.cat\/iescapmany\/wp-content\/uploads\/usu234\/2026\/01\/Criteris-GESO-i-curriculum.pdf\" type=\"application\/pdf\" style=\"width:100%;height:840px\" aria-label=\"Incrustaci\u00f3 del fitxer Criteris GESO i curr\u00edculum.\"><\/object><a id=\"wp-block-file--media-03310eb7-0880-4a3d-aa50-2530ababd093\" href=\"https:\/\/agora.xtec.cat\/iescapmany\/wp-content\/uploads\/usu234\/2026\/01\/Criteris-GESO-i-curriculum.pdf\">Criteris GESO i curr\u00edculum<\/a><a href=\"https:\/\/agora.xtec.cat\/iescapmany\/wp-content\/uploads\/usu234\/2026\/01\/Criteris-GESO-i-curriculum.pdf\" class=\"wp-block-file__button wp-element-button\" download aria-describedby=\"wp-block-file--media-03310eb7-0880-4a3d-aa50-2530ababd093\">Baixa<\/a><\/div>\n<\/div><\/div>\n\n\n\n<div class=\"wp-block-getwid-content-slider-slide\"><div class=\"wp-block-getwid-content-slider-slide__wrapper\">\n<div data-wp-interactive=\"core\/file\" class=\"wp-block-file\"><object data-wp-bind--hidden=\"!state.hasPdfPreview\" hidden class=\"wp-block-file__embed\" data=\"https:\/\/agora.xtec.cat\/iescapmany\/wp-content\/uploads\/usu234\/2025\/12\/Catala-a-Cornella_desembre-2025.pdf\" type=\"application\/pdf\" style=\"width:100%;height:2000px\" aria-label=\"Incrustaci\u00f3 del fitxer Catal\u00e0 a Cornell\u00e0_desembre 2025.\"><\/object><a id=\"wp-block-file--media-dc187e13-6350-4642-9e53-fdcd8c068bba\" href=\"https:\/\/agora.xtec.cat\/iescapmany\/wp-content\/uploads\/usu234\/2025\/12\/Catala-a-Cornella_desembre-2025.pdf\">Catal\u00e0 a Cornell\u00e0_desembre 2025<\/a><a href=\"https:\/\/agora.xtec.cat\/iescapmany\/wp-content\/uploads\/usu234\/2025\/12\/Catala-a-Cornella_desembre-2025.pdf\" class=\"wp-block-file__button wp-element-button\" download aria-describedby=\"wp-block-file--media-dc187e13-6350-4642-9e53-fdcd8c068bba\">Baixa<\/a><\/div>\n<\/div><\/div>\n\n\n\n<div class=\"wp-block-getwid-content-slider-slide\"><div class=\"wp-block-getwid-content-slider-slide__wrapper\">\n<figure class=\"wp-block-image size-full is-resized\"><a href=\"https:\/\/b-retina.cat\/dia-2-viernes-19-de-septiembre-2025\/\"><img loading=\"lazy\" decoding=\"async\" width=\"800\" height=\"800\" src=\"https:\/\/agora.xtec.cat\/iescapmany\/wp-content\/uploads\/usu234\/2025\/09\/SESION-MAC-2025-BRETINA.jpg\" alt=\"\" class=\"wp-image-8358\" style=\"width:872px;height:auto\" srcset=\"https:\/\/agora.xtec.cat\/iescapmany\/wp-content\/uploads\/usu234\/2025\/09\/SESION-MAC-2025-BRETINA.jpg 800w, https:\/\/agora.xtec.cat\/iescapmany\/wp-content\/uploads\/usu234\/2025\/09\/SESION-MAC-2025-BRETINA-300x300.jpg 300w, https:\/\/agora.xtec.cat\/iescapmany\/wp-content\/uploads\/usu234\/2025\/09\/SESION-MAC-2025-BRETINA-150x150.jpg 150w, https:\/\/agora.xtec.cat\/iescapmany\/wp-content\/uploads\/usu234\/2025\/09\/SESION-MAC-2025-BRETINA-768x768.jpg 768w\" sizes=\"auto, (max-width: 800px) 100vw, 800px\" \/><\/a><\/figure>\n<\/div><\/div>\n<\/div><\/div>\n","protected":false},"excerpt":{"rendered":"<p>\u00a0 JA PODEU CONSULTAR L&#8217;OFERTA INICIAL DE PLACES D&#8217;ESO I BATXILLERAT PEL CURS ACAD\u00c8MIC 2026\/2027 \ud83d\udc46<\/p>\n","protected":false},"author":1,"featured_media":0,"parent":0,"menu_order":0,"comment_status":"closed","ping_status":"closed","template":"","meta":{"_bbp_topic_count":0,"_bbp_reply_count":0,"_bbp_total_topic_count":0,"_bbp_total_reply_count":0,"_bbp_voice_count":0,"_bbp_anonymous_reply_count":0,"_bbp_topic_count_hidden":0,"_bbp_reply_count_hidden":0,"_bbp_forum_subforum_count":0,"site-sidebar-layout":"default","site-content-layout":"","ast-site-content-layout":"default","site-content-style":"default","site-sidebar-style":"default","ast-global-header-display":"","ast-banner-title-visibility":"","ast-main-header-display":"","ast-hfb-above-header-display":"","ast-hfb-below-header-display":"","ast-hfb-mobile-header-display":"","site-post-title":"disabled","ast-breadcrumbs-content":"","ast-featured-img":"","footer-sml-layout":"","theme-transparent-header-meta":"default","adv-header-id-meta":"","stick-header-meta":"","header-above-stick-meta":"","header-main-stick-meta":"","header-below-stick-meta":"","astra-migrate-meta-layouts":"set","ast-page-background-enabled":"default","ast-page-background-meta":{"desktop":{"background-color":"var(--ast-global-color-4)","background-image":"","background-repeat":"repeat","background-position":"center center","background-size":"auto","background-attachment":"scroll","background-type":"","background-media":"","overlay-type":"","overlay-color":"","overlay-opacity":"","overlay-gradient":""},"tablet":{"background-color":"","background-image":"","background-repeat":"repeat","background-position":"center center","background-size":"auto","background-attachment":"scroll","background-type":"","background-media":"","overlay-type":"","overlay-color":"","overlay-opacity":"","overlay-gradient":""},"mobile":{"background-color":"","background-image":"","background-repeat":"repeat","background-position":"center center","background-size":"auto","background-attachment":"scroll","background-type":"","background-media":"","overlay-type":"","overlay-color":"","overlay-opacity":"","overlay-gradient":""}},"ast-content-background-meta":{"desktop":{"background-color":"var(--ast-global-color-5)","background-image":"","background-repeat":"repeat","background-position":"center center","background-size":"auto","background-attachment":"scroll","background-type":"","background-media":"","overlay-type":"","overlay-color":"","overlay-opacity":"","overlay-gradient":""},"tablet":{"background-color":"var(--ast-global-color-5)","background-image":"","background-repeat":"repeat","background-position":"center center","background-size":"auto","background-attachment":"scroll","background-type":"","background-media":"","overlay-type":"","overlay-color":"","overlay-opacity":"","overlay-gradient":""},"mobile":{"background-color":"var(--ast-global-color-5)","background-image":"","background-repeat":"repeat","background-position":"center center","background-size":"auto","background-attachment":"scroll","background-type":"","background-media":"","overlay-type":"","overlay-color":"","overlay-opacity":"","overlay-gradient":""}},"footnotes":""},"class_list":["post-9","page","type-page","status-publish","hentry"],"post_mailing_queue_ids":[],"_links":{"self":[{"href":"https:\/\/agora.xtec.cat\/iescapmany\/wp-json\/wp\/v2\/pages\/9","targetHints":{"allow":["GET"]}}],"collection":[{"href":"https:\/\/agora.xtec.cat\/iescapmany\/wp-json\/wp\/v2\/pages"}],"about":[{"href":"https:\/\/agora.xtec.cat\/iescapmany\/wp-json\/wp\/v2\/types\/page"}],"author":[{"embeddable":true,"href":"https:\/\/agora.xtec.cat\/iescapmany\/wp-json\/wp\/v2\/users\/1"}],"replies":[{"embeddable":true,"href":"https:\/\/agora.xtec.cat\/iescapmany\/wp-json\/wp\/v2\/comments?post=9"}],"version-history":[{"count":6,"href":"https:\/\/agora.xtec.cat\/iescapmany\/wp-json\/wp\/v2\/pages\/9\/revisions"}],"predecessor-version":[{"id":8462,"href":"https:\/\/agora.xtec.cat\/iescapmany\/wp-json\/wp\/v2\/pages\/9\/revisions\/8462"}],"wp:attachment":[{"href":"https:\/\/agora.xtec.cat\/iescapmany\/wp-json\/wp\/v2\/media?parent=9"}],"curies":[{"name":"wp","href":"https:\/\/api.w.org\/{rel}","templated":true}]}}