{"id":8314,"date":"2025-08-29T22:31:03","date_gmt":"2025-08-29T20:31:03","guid":{"rendered":"https:\/\/agora.xtec.cat\/iescapmany\/?page_id=8314"},"modified":"2025-08-29T22:31:03","modified_gmt":"2025-08-29T20:31:03","slug":"matricula-curs-2025-2026","status":"publish","type":"page","link":"https:\/\/agora.xtec.cat\/iescapmany\/matricula-curs-2025-2026\/","title":{"rendered":"Matr\u00edcula curs 2025\/2026."},"content":{"rendered":"\n<div>\n<table style=\"border-collapse: collapse; width: 100%;\">\n<tbody>\n<tr>\n<td style=\"width: 50%; text-align: center;\"><a href=\"https:\/\/drive.google.com\/file\/d\/1-XDdKYQFNc6bzvg0BKvAwGPFhK3-EX8-\/view?usp=drive_link\"><img loading=\"lazy\" decoding=\"async\" class=\"alignnone wp-image-7451\" src=\"https:\/\/agora.xtec.cat\/iescapmany\/wp-content\/uploads\/usu234\/2023\/02\/Banner-280x360-1.png\" alt=\"\" width=\"191\" height=\"246\" srcset=\"https:\/\/agora.xtec.cat\/iescapmany\/wp-content\/uploads\/usu234\/2023\/02\/Banner-280x360-1.png 280w, https:\/\/agora.xtec.cat\/iescapmany\/wp-content\/uploads\/usu234\/2023\/02\/Banner-280x360-1-233x300.png 233w\" sizes=\"auto, (max-width: 191px) 100vw, 191px\" \/><\/a><\/td>\n<td style=\"width: 50%; text-align: center;\"><a href=\"https:\/\/drive.google.com\/file\/d\/1xdZD0JX_C8R6bav8Vs-4x8dJbk-r4_Xc\/view?usp=drive_link\"><strong>Llibres Batxillerat Curs 25\/26<\/strong><\/a><\/td>\n<\/tr>\n<\/tbody>\n<\/table>\n<div><i><span dir=\"ltr\"><strong>Benvolgudes fam\u00edlies,<\/strong><br>Aquest curs continuem oferint el Projecte de Reutilitzaci\u00f3 de llibres amb IDDINK i el seu sistema d&#8217;ecoBooks. Els avantatges d&#8217;aquest sistema s\u00f3n:<br>\u2022 Estalvi del&nbsp;<b>60<\/b><b dir=\"ltr\">%<\/b>&nbsp;respecte al PVP en l&#8217;adquisici\u00f3 dels llibres reutilitzables (ecoBooks).<br>\u2022 Comanda unificada amb sistema flexible: es pot triar qu\u00e8 comprar: llibres nous, reutilitzables, de lectura, quotes, dossiers, material de papereria, etc.<br>\u2022 Les comandes es lliuraran a domicili a partir de la tercera setmana de juliol.<br>\u2022 Contacte amb IDDINK:<\/span><\/i><\/div>\n<ul>\n<li><i>p\u00e0gina web:&nbsp;<a href=\"https:\/\/eur03.safelinks.protection.outlook.com\/?url=http%3A%2F%2Fwww.iddink.cat%2F&amp;data=05%7C01%7Craquel.fernandez%40iddinkgroup.es%7Cd6ea83a6eabb46bcf74808db60ff6743%7C4d5a48993bae4dc59ea0ba540b354430%7C0%7C0%7C638210422294431040%7CUnknown%7CTWFpbGZsb3d8eyJWIjoiMC4wLjAwMDAiLCJQIjoiV2luMzIiLCJBTiI6Ik1haWwiLCJXVCI6Mn0%3D%7C3000%7C%7C%7C&amp;sdata=dG%2F4D1bMO2hIdetkUg9F4hQmd6ZUmdzLAnrJypgDUNg%3D&amp;reserved=0\" target=\"_blank\" rel=\"noopener noreferrer\" data-saferedirecturl=\"https:\/\/www.google.com\/url?q=https:\/\/eur03.safelinks.protection.outlook.com\/?url%3Dhttp%253A%252F%252Fwww.iddink.cat%252F%26data%3D05%257C01%257Craquel.fernandez%2540iddinkgroup.es%257Cd6ea83a6eabb46bcf74808db60ff6743%257C4d5a48993bae4dc59ea0ba540b354430%257C0%257C0%257C638210422294431040%257CUnknown%257CTWFpbGZsb3d8eyJWIjoiMC4wLjAwMDAiLCJQIjoiV2luMzIiLCJBTiI6Ik1haWwiLCJXVCI6Mn0%253D%257C3000%257C%257C%257C%26sdata%3DdG%252F4D1bMO2hIdetkUg9F4hQmd6ZUmdzLAnrJypgDUNg%253D%26reserved%3D0&amp;source=gmail&amp;ust=1687600499637000&amp;usg=AOvVaw1NizgGbv_pAA14agM_9LN_\">www.iddink.cat<\/a><\/i><\/li>\n<li><i>tel. 93 238 88 33<\/i><\/li>\n<li><i>e-mail:&nbsp;<\/i><i><a href=\"mailto:info@iddink.cat\" target=\"_blank\" rel=\"noopener noreferrer\"><span dir=\"ltr\">info@iddink.cat<\/span><\/a><\/i><\/li>\n<\/ul>\n<div><i>Tingueu en compte que les&nbsp;comandes&nbsp;abans del 21 de juliol s&#8217;estalviaran&nbsp;3<\/i><i>\u20ac de despeses de gesti\u00f3.<br>Un any m\u00e9s us animem a utilitzar aquest sistema que redueix els costos mediambientals i aconsegueix un gran estalvi econ\u00f2mic.<br>Vols saber-ne m\u00e9s?<\/i><\/div>\n<\/div>\n\n\n\n<div>http:\/\/microsites.iddink.es\/121_institut_maria_aurelia_capmany<\/div>\n\n\n\n<p><\/p>\n","protected":false},"excerpt":{"rendered":"<p>Llibres Batxillerat Curs 25\/26 Benvolgudes fam\u00edlies,Aquest curs continuem oferint el Projecte de Reutilitzaci\u00f3 de llibres amb IDDINK i el seu sistema d&#8217;ecoBooks. Els avantatges d&#8217;aquest sistema s\u00f3n:\u2022 Estalvi del&nbsp;60%&nbsp;respecte al PVP en l&#8217;adquisici\u00f3 dels llibres reutilitzables (ecoBooks).\u2022 Comanda unificada amb sistema flexible: es pot triar qu\u00e8 comprar: llibres nous, reutilitzables, de lectura, quotes, dossiers, material [&hellip;]<\/p>\n","protected":false},"author":62,"featured_media":0,"parent":0,"menu_order":0,"comment_status":"closed","ping_status":"close","template":"","meta":{"_bbp_topic_count":0,"_bbp_reply_count":0,"_bbp_total_topic_count":0,"_bbp_total_reply_count":0,"_bbp_voice_count":0,"_bbp_anonymous_reply_count":0,"_bbp_topic_count_hidden":0,"_bbp_reply_count_hidden":0,"_bbp_forum_subforum_count":0,"site-sidebar-layout":"default","site-content-layout":"","ast-site-content-layout":"","site-content-style":"default","site-sidebar-style":"default","ast-global-header-display":"","ast-banner-title-visibility":"","ast-main-header-display":"","ast-hfb-above-header-display":"","ast-hfb-below-header-display":"","ast-hfb-mobile-header-display":"","site-post-title":"","ast-breadcrumbs-content":"","ast-featured-img":"","footer-sml-layout":"","theme-transparent-header-meta":"","adv-header-id-meta":"","stick-header-meta":"","header-above-stick-meta":"","header-main-stick-meta":"","header-below-stick-meta":"","astra-migrate-meta-layouts":"default","ast-page-background-enabled":"default","ast-page-background-meta":{"desktop":{"background-color":"var(--ast-global-color-4)","background-image":"","background-repeat":"repeat","background-position":"center center","background-size":"auto","background-attachment":"scroll","background-type":"","background-media":"","overlay-type":"","overlay-color":"","overlay-opacity":"","overlay-gradient":""},"tablet":{"background-color":"","background-image":"","background-repeat":"repeat","background-position":"center center","background-size":"auto","background-attachment":"scroll","background-type":"","background-media":"","overlay-type":"","overlay-color":"","overlay-opacity":"","overlay-gradient":""},"mobile":{"background-color":"","background-image":"","background-repeat":"repeat","background-position":"center center","background-size":"auto","background-attachment":"scroll","background-type":"","background-media":"","overlay-type":"","overlay-color":"","overlay-opacity":"","overlay-gradient":""}},"ast-content-background-meta":{"desktop":{"background-color":"var(--ast-global-color-5)","background-image":"","background-repeat":"repeat","background-position":"center center","background-size":"auto","background-attachment":"scroll","background-type":"","background-media":"","overlay-type":"","overlay-color":"","overlay-opacity":"","overlay-gradient":""},"tablet":{"background-color":"var(--ast-global-color-5)","background-image":"","background-repeat":"repeat","background-position":"center center","background-size":"auto","background-attachment":"scroll","background-type":"","background-media":"","overlay-type":"","overlay-color":"","overlay-opacity":"","overlay-gradient":""},"mobile":{"background-color":"var(--ast-global-color-5)","background-image":"","background-repeat":"repeat","background-position":"center center","background-size":"auto","background-attachment":"scroll","background-type":"","background-media":"","overlay-type":"","overlay-color":"","overlay-opacity":"","overlay-gradient":""}},"footnotes":""},"class_list":["post-8314","page","type-page","status-publish","hentry"],"post_mailing_queue_ids":[],"_links":{"self":[{"href":"https:\/\/agora.xtec.cat\/iescapmany\/wp-json\/wp\/v2\/pages\/8314","targetHints":{"allow":["GET"]}}],"collection":[{"href":"https:\/\/agora.xtec.cat\/iescapmany\/wp-json\/wp\/v2\/pages"}],"about":[{"href":"https:\/\/agora.xtec.cat\/iescapmany\/wp-json\/wp\/v2\/types\/page"}],"author":[{"embeddable":true,"href":"https:\/\/agora.xtec.cat\/iescapmany\/wp-json\/wp\/v2\/users\/62"}],"replies":[{"embeddable":true,"href":"https:\/\/agora.xtec.cat\/iescapmany\/wp-json\/wp\/v2\/comments?post=8314"}],"version-history":[{"count":1,"href":"https:\/\/agora.xtec.cat\/iescapmany\/wp-json\/wp\/v2\/pages\/8314\/revisions"}],"predecessor-version":[{"id":8317,"href":"https:\/\/agora.xtec.cat\/iescapmany\/wp-json\/wp\/v2\/pages\/8314\/revisions\/8317"}],"wp:attachment":[{"href":"https:\/\/agora.xtec.cat\/iescapmany\/wp-json\/wp\/v2\/media?parent=8314"}],"curies":[{"name":"wp","href":"https:\/\/api.w.org\/{rel}","templated":true}]}}