{"id":8109,"date":"2025-03-31T10:10:47","date_gmt":"2025-03-31T08:10:47","guid":{"rendered":"https:\/\/agora.xtec.cat\/iescapmany\/?page_id=8109"},"modified":"2025-04-03T10:05:41","modified_gmt":"2025-04-03T08:05:41","slug":"dibuix-artistic-i-i-ii","status":"publish","type":"page","link":"https:\/\/agora.xtec.cat\/iescapmany\/dibuix-artistic-i-i-ii\/","title":{"rendered":"DIBUIX ART\u00cdSTIC II"},"content":{"rendered":"<header class=\"entry-header\">\n<h1><img loading=\"lazy\" decoding=\"async\" class=\"alignnone size-large wp-image-8009\" src=\"https:\/\/agora.xtec.cat\/iescapmany\/wp-content\/uploads\/usu234\/2025\/02\/cropped-cropped-apaisat-1024x230.jpg\" alt=\"\" width=\"1024\" height=\"230\" srcset=\"https:\/\/agora.xtec.cat\/iescapmany\/wp-content\/uploads\/usu234\/2025\/02\/cropped-cropped-apaisat-1024x230.jpg 1024w, https:\/\/agora.xtec.cat\/iescapmany\/wp-content\/uploads\/usu234\/2025\/02\/cropped-cropped-apaisat-300x68.jpg 300w, https:\/\/agora.xtec.cat\/iescapmany\/wp-content\/uploads\/usu234\/2025\/02\/cropped-cropped-apaisat-768x173.jpg 768w, https:\/\/agora.xtec.cat\/iescapmany\/wp-content\/uploads\/usu234\/2025\/02\/cropped-cropped-apaisat.jpg 1120w\" sizes=\"auto, (max-width: 1024px) 100vw, 1024px\" \/><\/h1>\n<h1 class=\"entry-title\">DIBUIX ART\u00cdSTIC II<\/h1>\n<\/header>\n<div class=\"entry-content\">\n<p>La mat\u00e8ria de dibuix art\u00edstic del batxillerat t\u00e9 com a finalitat el desenvolupament de les capacitats de mostrar<br \/>\nhabilitat interpretativa en les representacions i destresa expressiva en l\u2019\u00fas dels mitjans graficopl\u00e0stics a partir de<br \/>\nl\u2019experimentaci\u00f3 i la recerca de plantejaments innovadors, aix\u00ed com desenvolupar en el pla espais reals interiors i<br \/>\nexteriors, fent \u00fas de la perspectiva i dels indicadors de profunditat<br \/>\nRealitzar composicions bidimensionals que transmetin determinats valors expressius a partir de la interpretaci\u00f3 de<br \/>\nreferents reals o produ\u00efts per la imaginaci\u00f3.<br \/>\nAnalitzar oralment i\/o per escrit missatges visuals amb interpretaci\u00f3 dels valors expressius transmesos pels<br \/>\nelements formals i determinaci\u00f3 dels significats d\u2019acord amb el context art\u00edstic, social i cultural en qu\u00e8 s\u00f3n produ\u00efts.<\/p>\n<\/div>\n<p><a href=\"https:\/\/agora.xtec.cat\/iescapmany\/wp-content\/uploads\/usu234\/2025\/03\/Dibxart-Anim1.gif\"><img loading=\"lazy\" decoding=\"async\" class=\"alignnone wp-image-8122\" src=\"https:\/\/agora.xtec.cat\/iescapmany\/wp-content\/uploads\/usu234\/2025\/03\/Dibxart-Anim1.gif\" alt=\"\" width=\"491\" height=\"351\" \/><\/a><\/p>\n<p>&nbsp;<\/p>\n<p><strong>Activitats de Dibuix Art\u00edstic<\/strong><\/p>\n<p>1r Batxillerat<\/p>\n<p>A partir d activitats competencials ens apropem al m\u00f3n art\u00edstic del dibuix d\u2019una manera real, \u00e9s a dir, participant en concursos i exposicions.<\/p>\n<p><img loading=\"lazy\" decoding=\"async\" class=\"wp-image-8115 aligncenter\" src=\"https:\/\/agora.xtec.cat\/iescapmany\/wp-content\/uploads\/usu234\/2025\/03\/IMG-20210218-WA0054-1024x768-1.jpg\" alt=\"\" width=\"514\" height=\"385\" srcset=\"https:\/\/agora.xtec.cat\/iescapmany\/wp-content\/uploads\/usu234\/2025\/03\/IMG-20210218-WA0054-1024x768-1.jpg 1024w, https:\/\/agora.xtec.cat\/iescapmany\/wp-content\/uploads\/usu234\/2025\/03\/IMG-20210218-WA0054-1024x768-1-300x225.jpg 300w, https:\/\/agora.xtec.cat\/iescapmany\/wp-content\/uploads\/usu234\/2025\/03\/IMG-20210218-WA0054-1024x768-1-768x576.jpg 768w, https:\/\/agora.xtec.cat\/iescapmany\/wp-content\/uploads\/usu234\/2025\/03\/IMG-20210218-WA0054-1024x768-1-200x150.jpg 200w\" sizes=\"auto, (max-width: 514px) 100vw, 514px\" \/><\/p>\n<p>Exposici\u00f3\u00a0<strong><em>Dona o ets. Celler Can Ginestar:<\/em><\/strong><\/p>\n<p><em>Projecte triat per l\u2019Ajuntament de Sant Just realitzat per Imma Boronat, professora i artista pl\u00e0stica<\/em><\/p>\n<p>A partir d\u2019un text i un poema realitzats per la professora; l\u2019alumnat ha pogut fer els seus dibuixos i creacions subjectives incloent dibuix art\u00edstic sobre tela i posterior confecci\u00f3 d\u2019un disseny d\u2019indument\u00e0ria.<\/p>\n<figure id=\"attachment_8116\" aria-describedby=\"caption-attachment-8116\" style=\"width: 213px\" class=\"wp-caption aligncenter\"><a href=\"https:\/\/agora.xtec.cat\/iescapmany\/wp-content\/uploads\/usu234\/2025\/03\/IMG20210204102639.jpg\"><img loading=\"lazy\" decoding=\"async\" class=\"size-full wp-image-8116\" src=\"https:\/\/agora.xtec.cat\/iescapmany\/wp-content\/uploads\/usu234\/2025\/03\/IMG20210204102639.jpg\" alt=\"\" width=\"213\" height=\"283\" \/><\/a><figcaption id=\"caption-attachment-8116\" class=\"wp-caption-text\">oppo_32<\/figcaption><\/figure>\n<p>Tamb\u00e9 hem treballat el dibuix art\u00edstic des de la vessant m\u00e9s objectiva i introduint la subjectiva a partir de figures de guix i de l\u2019observaci\u00f3 del cos observant-nos.<\/p>\n<p><img loading=\"lazy\" decoding=\"async\" class=\"alignnone size-full wp-image-8113\" src=\"https:\/\/agora.xtec.cat\/iescapmany\/wp-content\/uploads\/usu234\/2025\/03\/Dibuix-al-natural-figura-guix-8-oct-2020-10_28-171x300-1.png\" alt=\"\" width=\"171\" height=\"300\" \/>\u00a0 \u00a0 \u00a0 \u00a0 <img loading=\"lazy\" decoding=\"async\" class=\"alignnone size-full wp-image-8114\" src=\"https:\/\/agora.xtec.cat\/iescapmany\/wp-content\/uploads\/usu234\/2025\/03\/Dibuixos-de-companys-de-10-minuts.-Dubix-BN-10min-28-oct.-2020-12_17_00-225x300-1.jpeg\" alt=\"\" width=\"225\" height=\"300\" \/><\/p>\n<p>Observar de la realitat ens apropa al dibuix art\u00edstic objectiu.<\/p>\n<p style=\"text-align: center;\"><img loading=\"lazy\" decoding=\"async\" class=\"alignnone wp-image-8124\" src=\"https:\/\/agora.xtec.cat\/iescapmany\/wp-content\/uploads\/usu234\/2025\/03\/Dibxart-Anim2.gif\" alt=\"\" width=\"203\" height=\"353\" \/><\/p>\n<p>Participar al concurs de\u00a0<strong>punts de llibre sobre el dia de la dona<\/strong>\u00a0tamb\u00e9 ens ajuda a reflexionar sobre la coeducaci\u00f3. Treballem tamb\u00e9 la figura de la dona artista fent re-interpretacions d\u2019obres.<\/p>\n<p><img loading=\"lazy\" decoding=\"async\" class=\" wp-image-8125 aligncenter\" src=\"https:\/\/agora.xtec.cat\/iescapmany\/wp-content\/uploads\/usu234\/2025\/03\/Dibxart-Anim3.gif\" alt=\"\" width=\"158\" height=\"476\" \/><\/p>\n<p>Tamb\u00e9 treballem la perspectiva c\u00f2nica frontal per a crear profunditat en els nostres dibuixos.<\/p>\n<p><img loading=\"lazy\" decoding=\"async\" class=\"wp-image-8127 aligncenter\" src=\"https:\/\/agora.xtec.cat\/iescapmany\/wp-content\/uploads\/usu234\/2025\/03\/Dibxart-Anim4.gif\" alt=\"\" width=\"507\" height=\"381\" \/><\/p>\n<p>Participar en concursos com ara el\u00a0<strong><em>Conte de reis de Corn<strong style=\"font-family: inherit; font-size: 1em;\">ell\u00e0<\/strong><span style=\"font-family: inherit; font-size: 1em;\">, tamb\u00e9 ens apropa al m\u00f3n de la il\u00b7lustraci\u00f3.<\/span><\/em><\/strong><\/p>\n<p><img loading=\"lazy\" decoding=\"async\" class=\" wp-image-8117\" src=\"https:\/\/agora.xtec.cat\/iescapmany\/wp-content\/uploads\/usu234\/2025\/03\/IMG20210412093855-1.jpg\" alt=\"\" width=\"459\" height=\"345\" srcset=\"https:\/\/agora.xtec.cat\/iescapmany\/wp-content\/uploads\/usu234\/2025\/03\/IMG20210412093855-1.jpg 787w, https:\/\/agora.xtec.cat\/iescapmany\/wp-content\/uploads\/usu234\/2025\/03\/IMG20210412093855-1-300x225.jpg 300w, https:\/\/agora.xtec.cat\/iescapmany\/wp-content\/uploads\/usu234\/2025\/03\/IMG20210412093855-1-768x577.jpg 768w, https:\/\/agora.xtec.cat\/iescapmany\/wp-content\/uploads\/usu234\/2025\/03\/IMG20210412093855-1-200x150.jpg 200w\" sizes=\"auto, (max-width: 459px) 100vw, 459px\" \/><\/p>\n<p><img loading=\"lazy\" decoding=\"async\" class=\" wp-image-8118\" src=\"https:\/\/agora.xtec.cat\/iescapmany\/wp-content\/uploads\/usu234\/2025\/03\/IMG20210414102210.jpg\" alt=\"\" width=\"465\" height=\"349\" srcset=\"https:\/\/agora.xtec.cat\/iescapmany\/wp-content\/uploads\/usu234\/2025\/03\/IMG20210414102210.jpg 787w, https:\/\/agora.xtec.cat\/iescapmany\/wp-content\/uploads\/usu234\/2025\/03\/IMG20210414102210-300x225.jpg 300w, https:\/\/agora.xtec.cat\/iescapmany\/wp-content\/uploads\/usu234\/2025\/03\/IMG20210414102210-768x577.jpg 768w, https:\/\/agora.xtec.cat\/iescapmany\/wp-content\/uploads\/usu234\/2025\/03\/IMG20210414102210-200x150.jpg 200w\" sizes=\"auto, (max-width: 465px) 100vw, 465px\" \/><\/p>\n<p>&nbsp;<\/p>\n<p>CONCURS DE CARTELLS: Vine a l\u2019escola p\u00fablica a Cornell\u00e0 2020-21<\/p>\n<p><img loading=\"lazy\" decoding=\"async\" class=\" wp-image-8112 aligncenter\" src=\"https:\/\/agora.xtec.cat\/iescapmany\/wp-content\/uploads\/usu234\/2025\/03\/Cartell-vine-a-l_escola-publica-de-Cornella-14-dic-2020-9_11.png\" alt=\"\" width=\"321\" height=\"454\" srcset=\"https:\/\/agora.xtec.cat\/iescapmany\/wp-content\/uploads\/usu234\/2025\/03\/Cartell-vine-a-l_escola-publica-de-Cornella-14-dic-2020-9_11.png 418w, https:\/\/agora.xtec.cat\/iescapmany\/wp-content\/uploads\/usu234\/2025\/03\/Cartell-vine-a-l_escola-publica-de-Cornella-14-dic-2020-9_11-212x300.png 212w\" sizes=\"auto, (max-width: 321px) 100vw, 321px\" \/><\/p>\n","protected":false},"excerpt":{"rendered":"<p>DIBUIX ART\u00cdSTIC II La mat\u00e8ria de dibuix art\u00edstic del batxillerat t\u00e9 com a finalitat el desenvolupament de les capacitats de mostrar habilitat interpretativa en les representacions i destresa expressiva en l\u2019\u00fas dels mitjans graficopl\u00e0stics a partir de l\u2019experimentaci\u00f3 i la recerca de plantejaments innovadors, aix\u00ed com desenvolupar en el pla espais reals interiors i exteriors, [&hellip;]<\/p>\n","protected":false},"author":32,"featured_media":0,"parent":0,"menu_order":0,"comment_status":"closed","ping_status":"closed","template":"","meta":{"_bbp_topic_count":0,"_bbp_reply_count":0,"_bbp_total_topic_count":0,"_bbp_total_reply_count":0,"_bbp_voice_count":0,"_bbp_anonymous_reply_count":0,"_bbp_topic_count_hidden":0,"_bbp_reply_count_hidden":0,"_bbp_forum_subforum_count":0,"site-sidebar-layout":"default","site-content-layout":"","ast-site-content-layout":"","site-content-style":"default","site-sidebar-style":"default","ast-global-header-display":"","ast-banner-title-visibility":"","ast-main-header-display":"","ast-hfb-above-header-display":"","ast-hfb-below-header-display":"","ast-hfb-mobile-header-display":"","site-post-title":"","ast-breadcrumbs-content":"","ast-featured-img":"","footer-sml-layout":"","theme-transparent-header-meta":"","adv-header-id-meta":"","stick-header-meta":"","header-above-stick-meta":"","header-main-stick-meta":"","header-below-stick-meta":"","astra-migrate-meta-layouts":"default","ast-page-background-enabled":"default","ast-page-background-meta":{"desktop":{"background-color":"var(--ast-global-color-4)","background-image":"","background-repeat":"repeat","background-position":"center center","background-size":"auto","background-attachment":"scroll","background-type":"","background-media":"","overlay-type":"","overlay-color":"","overlay-opacity":"","overlay-gradient":""},"tablet":{"background-color":"","background-image":"","background-repeat":"repeat","background-position":"center center","background-size":"auto","background-attachment":"scroll","background-type":"","background-media":"","overlay-type":"","overlay-color":"","overlay-opacity":"","overlay-gradient":""},"mobile":{"background-color":"","background-image":"","background-repeat":"repeat","background-position":"center center","background-size":"auto","background-attachment":"scroll","background-type":"","background-media":"","overlay-type":"","overlay-color":"","overlay-opacity":"","overlay-gradient":""}},"ast-content-background-meta":{"desktop":{"background-color":"var(--ast-global-color-5)","background-image":"","background-repeat":"repeat","background-position":"center center","background-size":"auto","background-attachment":"scroll","background-type":"","background-media":"","overlay-type":"","overlay-color":"","overlay-opacity":"","overlay-gradient":""},"tablet":{"background-color":"var(--ast-global-color-5)","background-image":"","background-repeat":"repeat","background-position":"center center","background-size":"auto","background-attachment":"scroll","background-type":"","background-media":"","overlay-type":"","overlay-color":"","overlay-opacity":"","overlay-gradient":""},"mobile":{"background-color":"var(--ast-global-color-5)","background-image":"","background-repeat":"repeat","background-position":"center center","background-size":"auto","background-attachment":"scroll","background-type":"","background-media":"","overlay-type":"","overlay-color":"","overlay-opacity":"","overlay-gradient":""}},"footnotes":""},"class_list":["post-8109","page","type-page","status-publish","hentry"],"post_mailing_queue_ids":[],"_links":{"self":[{"href":"https:\/\/agora.xtec.cat\/iescapmany\/wp-json\/wp\/v2\/pages\/8109","targetHints":{"allow":["GET"]}}],"collection":[{"href":"https:\/\/agora.xtec.cat\/iescapmany\/wp-json\/wp\/v2\/pages"}],"about":[{"href":"https:\/\/agora.xtec.cat\/iescapmany\/wp-json\/wp\/v2\/types\/page"}],"author":[{"embeddable":true,"href":"https:\/\/agora.xtec.cat\/iescapmany\/wp-json\/wp\/v2\/users\/32"}],"replies":[{"embeddable":true,"href":"https:\/\/agora.xtec.cat\/iescapmany\/wp-json\/wp\/v2\/comments?post=8109"}],"version-history":[{"count":6,"href":"https:\/\/agora.xtec.cat\/iescapmany\/wp-json\/wp\/v2\/pages\/8109\/revisions"}],"predecessor-version":[{"id":8144,"href":"https:\/\/agora.xtec.cat\/iescapmany\/wp-json\/wp\/v2\/pages\/8109\/revisions\/8144"}],"wp:attachment":[{"href":"https:\/\/agora.xtec.cat\/iescapmany\/wp-json\/wp\/v2\/media?parent=8109"}],"curies":[{"name":"wp","href":"https:\/\/api.w.org\/{rel}","templated":true}]}}