{"id":8008,"date":"2025-02-11T11:03:26","date_gmt":"2025-02-11T10:03:26","guid":{"rendered":"https:\/\/agora.xtec.cat\/iescapmany\/?page_id=8008"},"modified":"2025-03-20T11:05:10","modified_gmt":"2025-03-20T10:05:10","slug":"artisticmac","status":"publish","type":"page","link":"https:\/\/agora.xtec.cat\/iescapmany\/artisticmac\/","title":{"rendered":"Artisticmac"},"content":{"rendered":"<p style=\"color: #ff0000; text-align: center;\">Batxillerat Art\u00edstic a Cornell\u00e0: Institut Maria Aur\u00e8lia Capmany<\/p>\n<p><img loading=\"lazy\" decoding=\"async\" class=\"alignnone size-large wp-image-8009\" src=\"https:\/\/agora.xtec.cat\/iescapmany\/wp-content\/uploads\/usu234\/2025\/02\/cropped-cropped-apaisat-1024x230.jpg\" alt=\"\" width=\"1024\" height=\"230\" srcset=\"https:\/\/agora.xtec.cat\/iescapmany\/wp-content\/uploads\/usu234\/2025\/02\/cropped-cropped-apaisat-1024x230.jpg 1024w, https:\/\/agora.xtec.cat\/iescapmany\/wp-content\/uploads\/usu234\/2025\/02\/cropped-cropped-apaisat-300x68.jpg 300w, https:\/\/agora.xtec.cat\/iescapmany\/wp-content\/uploads\/usu234\/2025\/02\/cropped-cropped-apaisat-768x173.jpg 768w, https:\/\/agora.xtec.cat\/iescapmany\/wp-content\/uploads\/usu234\/2025\/02\/cropped-cropped-apaisat.jpg 1120w\" sizes=\"auto, (max-width: 1024px) 100vw, 1024px\" \/><\/p>\n<table style=\"border-collapse: collapse; width: 100%;\">\n<tbody>\n<tr>\n<td style=\"width: 16.3397%; border-color: #000000; background-color: #000000;\">\n<p style=\"color: #fafafa; text-align: center;\">SOM ART<\/p>\n<\/td>\n<td style=\"width: 29.0595%; border-color: #000000; background-color: #000000;\">\n<p style=\"color: #fafafa; text-align: center;\"><a href=\"https:\/\/agora.xtec.cat\/iescapmany\/pagines-dinici\/informacio-general\/\">INFORMACI\u00d3 GENERAL<\/a><\/p>\n<\/td>\n<td style=\"width: 36.6373%; border-color: #000000; background-color: #000000;\">\n<p style=\"color: #fafafa; text-align: center;\"><a href=\"https:\/\/agora.xtec.cat\/iescapmany\/assignatures-de-modalitat\/\">ASSIGNATURES<\/a><\/p>\n<\/td>\n<td style=\"width: 17.9635%; border-color: #000000; background-color: #000000;\"><\/td>\n<\/tr>\n<\/tbody>\n<\/table>\n<header class=\"entry-header\">\n<h1 class=\"entry-title\">SOM ART<\/h1>\n<\/header>\n<div class=\"entry-content\">\n<p>El\u00a0<strong>Batxillerat d\u2019Arts<\/strong>\u00a0al MAC s\u2019adre\u00e7a als joves que presenten inter\u00e8s en el camp de les arts on la sensibilitat, la creativitat, la imaginaci\u00f3 i l\u2019expressi\u00f3 s\u00f3n el seu fonament.<\/p>\n<p>Es caracteritza per oferir a l\u2019alumnat un curr\u00edculum obert per treballar les seves inquietuds art\u00edstiques i despertar les seves capacitats (destreses), a trav\u00e9s d\u2019una pr\u00e0ctica m\u00e9s creativa amb el m\u00f3n de la imatge, del disseny i de les noves tecnologies.<\/p>\n<p>Disposem d\u2019un\u00a0<strong>programaci\u00f3 actualitzada<\/strong>\u00a0que combina l\u2019adquisici\u00f3 de coneixements\u00a0<strong>infogr\u00e0fics<\/strong>\u00a0(A. Photoshop i Illustrator) i d\u2019<strong>edici\u00f3 audiovisual i sonora<\/strong>\u00a0(A. Premiere, Audacity\u2026) amb les\u00a0<strong>t\u00e8cniques tradicionals<\/strong>\u00a0indispensables tot afavorint el desenvolupament educatiu m\u00e9s innovador.<\/p>\n<\/div>\n<p><img loading=\"lazy\" decoding=\"async\" class=\"alignnone wp-image-8028\" src=\"https:\/\/agora.xtec.cat\/iescapmany\/wp-content\/uploads\/usu234\/2025\/02\/Animacio-1.gif\" alt=\"\" width=\"451\" height=\"338\" \/><\/p>\n<p>A m\u00e9s a m\u00e9s organitzem:<\/p>\n<p><img loading=\"lazy\" decoding=\"async\" class=\"alignnone wp-image-8025\" src=\"https:\/\/agora.xtec.cat\/iescapmany\/wp-content\/uploads\/usu234\/2025\/02\/Expo-2019-Batx-Artistic-1.jpg\" alt=\"\" width=\"310\" height=\"439\" srcset=\"https:\/\/agora.xtec.cat\/iescapmany\/wp-content\/uploads\/usu234\/2025\/02\/Expo-2019-Batx-Artistic-1.jpg 626w, https:\/\/agora.xtec.cat\/iescapmany\/wp-content\/uploads\/usu234\/2025\/02\/Expo-2019-Batx-Artistic-1-212x300.jpg 212w\" sizes=\"auto, (max-width: 310px) 100vw, 310px\" \/><\/p>\n<div class=\"entry-content\">\n<p><strong>Exposicions<\/strong>\u00a0anuals de les produccions art\u00edstiques dels alumnes, la realitzaci\u00f3 de\u00a0<strong>curtmetratges,<\/strong>\u00a0el foment continuat de la participaci\u00f3 en\u00a0<strong>concursos<\/strong>\u00a0de diverses disciplines (cartellisme, il\u00b7lustraci\u00f3, producci\u00f3 audiovisual\u2026), la\u00a0<strong>col\u00b7laboraci\u00f3<\/strong>\u00a0amb institucions municipals i locals i l\u2019enriquiment de l\u2019experi\u00e8ncia educativa mitjan\u00e7ant\u00a0<em><strong>workshops<\/strong><\/em>\u00a0i\u00a0<em><strong>masterclass<\/strong><\/em>\u00a0d\u2019il\u00b7lustradors professionals, xerrades de diversos\u00a0<strong>professionals de l\u2019\u00e0mbit creatiu<\/strong>, activitats d\u2019<strong>orientaci\u00f3 professional<\/strong>,\u00a0<strong>viatges<\/strong>\u00a0culturals per fomentar l\u2019esperit art\u00edstic\u2026.<\/p>\n<\/div>\n<p><a href=\"https:\/\/agora.xtec.cat\/iescapmany\/wp-content\/uploads\/usu234\/2025\/02\/Animacio-2.gif\"><img loading=\"lazy\" decoding=\"async\" class=\"wp-image-8030 aligncenter\" src=\"https:\/\/agora.xtec.cat\/iescapmany\/wp-content\/uploads\/usu234\/2025\/02\/Animacio-2.gif\" alt=\"\" width=\"385\" height=\"296\" \/><\/a><\/p>\n<p><strong>1r Premi i acc\u00e8ssit dels premis de curtmetratges \u201cMents despertes\u201d 2018<\/strong><\/p>\n<p>Ments Despertes \u00e9s un programa formatiu dirigit als centres educatius amb una doble finalitat: normalitzar el que \u00e9s malaltia mental dins la nostra societat, alhora que pret\u00e9n realitzar una acci\u00f3 de promoci\u00f3 de la salut. En aquesta edici\u00f3 s\u2019han presentat una vintena de curtmetratges, dels quals el Jurat n\u2019ha premiat tres. El Jurat, constitu\u00eft per experts en cinema i en salut mental, ha valorat aspectes com el vincle amb el concepte Ment Desperta, el missatge educatiu, la creativitat, l\u2019originalitat i la realitzaci\u00f3.<\/p>\n<p>Els alumnes de 1r de batxillerat art\u00edstic han estat els guanyador del primer premi i els de 2n de batxillerat art\u00edstic han rebut un acc\u00e8ssit del concurs de curtmetratges \u201cMents despertes\u201d<\/p>\n<div class=\"entry-content\">\n<p><a href=\"https:\/\/www.youtube.com\/watch?time_continue=6&amp;v=Lq45cOqqFqs&amp;embeds_referring_euri=https%3A%2F%2Fblocs.xtec.cat%2F&amp;source_ve_path=MTM5MTE3LDI4NjY2\"><img loading=\"lazy\" decoding=\"async\" class=\"alignnone wp-image-8018\" src=\"https:\/\/agora.xtec.cat\/iescapmany\/wp-content\/uploads\/usu234\/2025\/02\/Video-Youtube-Iztiar.jpg\" alt=\"\" width=\"319\" height=\"230\" srcset=\"https:\/\/agora.xtec.cat\/iescapmany\/wp-content\/uploads\/usu234\/2025\/02\/Video-Youtube-Iztiar.jpg 436w, https:\/\/agora.xtec.cat\/iescapmany\/wp-content\/uploads\/usu234\/2025\/02\/Video-Youtube-Iztiar-300x216.jpg 300w\" sizes=\"auto, (max-width: 319px) 100vw, 319px\" \/><\/a><\/p>\n<p><a href=\"https:\/\/www.youtube.com\/watch?v=T8SW8ngCE9s&amp;embeds_referring_euri=https%3A%2F%2Fblocs.xtec.cat%2F&amp;source_ve_path=Mjg2NjY\"><img loading=\"lazy\" decoding=\"async\" class=\"alignnone wp-image-8019\" src=\"https:\/\/agora.xtec.cat\/iescapmany\/wp-content\/uploads\/usu234\/2025\/02\/Video-Youtube-Sonia.jpg\" alt=\"\" width=\"321\" height=\"240\" srcset=\"https:\/\/agora.xtec.cat\/iescapmany\/wp-content\/uploads\/usu234\/2025\/02\/Video-Youtube-Sonia.jpg 436w, https:\/\/agora.xtec.cat\/iescapmany\/wp-content\/uploads\/usu234\/2025\/02\/Video-Youtube-Sonia-300x224.jpg 300w, https:\/\/agora.xtec.cat\/iescapmany\/wp-content\/uploads\/usu234\/2025\/02\/Video-Youtube-Sonia-200x150.jpg 200w\" sizes=\"auto, (max-width: 321px) 100vw, 321px\" \/><\/a><\/p>\n<p>&nbsp;<\/p>\n<\/div>\n","protected":false},"excerpt":{"rendered":"<p>Batxillerat Art\u00edstic a Cornell\u00e0: Institut Maria Aur\u00e8lia Capmany SOM ART INFORMACI\u00d3 GENERAL ASSIGNATURES SOM ART El\u00a0Batxillerat d\u2019Arts\u00a0al MAC s\u2019adre\u00e7a als joves que presenten inter\u00e8s en el camp de les arts on la sensibilitat, la creativitat, la imaginaci\u00f3 i l\u2019expressi\u00f3 s\u00f3n el seu fonament. Es caracteritza per oferir a l\u2019alumnat un curr\u00edculum obert per treballar les [&hellip;]<\/p>\n","protected":false},"author":32,"featured_media":0,"parent":0,"menu_order":0,"comment_status":"closed","ping_status":"closed","template":"","meta":{"_bbp_topic_count":0,"_bbp_reply_count":0,"_bbp_total_topic_count":0,"_bbp_total_reply_count":0,"_bbp_voice_count":0,"_bbp_anonymous_reply_count":0,"_bbp_topic_count_hidden":0,"_bbp_reply_count_hidden":0,"_bbp_forum_subforum_count":0,"site-sidebar-layout":"default","site-content-layout":"","ast-site-content-layout":"","site-content-style":"default","site-sidebar-style":"default","ast-global-header-display":"","ast-banner-title-visibility":"","ast-main-header-display":"","ast-hfb-above-header-display":"","ast-hfb-below-header-display":"","ast-hfb-mobile-header-display":"","site-post-title":"","ast-breadcrumbs-content":"","ast-featured-img":"","footer-sml-layout":"","theme-transparent-header-meta":"","adv-header-id-meta":"","stick-header-meta":"","header-above-stick-meta":"","header-main-stick-meta":"","header-below-stick-meta":"","astra-migrate-meta-layouts":"default","ast-page-background-enabled":"default","ast-page-background-meta":{"desktop":{"background-color":"var(--ast-global-color-4)","background-image":"","background-repeat":"repeat","background-position":"center center","background-size":"auto","background-attachment":"scroll","background-type":"","background-media":"","overlay-type":"","overlay-color":"","overlay-opacity":"","overlay-gradient":""},"tablet":{"background-color":"","background-image":"","background-repeat":"repeat","background-position":"center center","background-size":"auto","background-attachment":"scroll","background-type":"","background-media":"","overlay-type":"","overlay-color":"","overlay-opacity":"","overlay-gradient":""},"mobile":{"background-color":"","background-image":"","background-repeat":"repeat","background-position":"center center","background-size":"auto","background-attachment":"scroll","background-type":"","background-media":"","overlay-type":"","overlay-color":"","overlay-opacity":"","overlay-gradient":""}},"ast-content-background-meta":{"desktop":{"background-color":"var(--ast-global-color-5)","background-image":"","background-repeat":"repeat","background-position":"center center","background-size":"auto","background-attachment":"scroll","background-type":"","background-media":"","overlay-type":"","overlay-color":"","overlay-opacity":"","overlay-gradient":""},"tablet":{"background-color":"var(--ast-global-color-5)","background-image":"","background-repeat":"repeat","background-position":"center center","background-size":"auto","background-attachment":"scroll","background-type":"","background-media":"","overlay-type":"","overlay-color":"","overlay-opacity":"","overlay-gradient":""},"mobile":{"background-color":"var(--ast-global-color-5)","background-image":"","background-repeat":"repeat","background-position":"center center","background-size":"auto","background-attachment":"scroll","background-type":"","background-media":"","overlay-type":"","overlay-color":"","overlay-opacity":"","overlay-gradient":""}},"footnotes":""},"class_list":["post-8008","page","type-page","status-publish","hentry"],"post_mailing_queue_ids":[],"_links":{"self":[{"href":"https:\/\/agora.xtec.cat\/iescapmany\/wp-json\/wp\/v2\/pages\/8008","targetHints":{"allow":["GET"]}}],"collection":[{"href":"https:\/\/agora.xtec.cat\/iescapmany\/wp-json\/wp\/v2\/pages"}],"about":[{"href":"https:\/\/agora.xtec.cat\/iescapmany\/wp-json\/wp\/v2\/types\/page"}],"author":[{"embeddable":true,"href":"https:\/\/agora.xtec.cat\/iescapmany\/wp-json\/wp\/v2\/users\/32"}],"replies":[{"embeddable":true,"href":"https:\/\/agora.xtec.cat\/iescapmany\/wp-json\/wp\/v2\/comments?post=8008"}],"version-history":[{"count":6,"href":"https:\/\/agora.xtec.cat\/iescapmany\/wp-json\/wp\/v2\/pages\/8008\/revisions"}],"predecessor-version":[{"id":8096,"href":"https:\/\/agora.xtec.cat\/iescapmany\/wp-json\/wp\/v2\/pages\/8008\/revisions\/8096"}],"wp:attachment":[{"href":"https:\/\/agora.xtec.cat\/iescapmany\/wp-json\/wp\/v2\/media?parent=8008"}],"curies":[{"name":"wp","href":"https:\/\/api.w.org\/{rel}","templated":true}]}}