{"id":9692,"date":"2024-09-19T14:03:47","date_gmt":"2024-09-19T12:03:47","guid":{"rendered":"https:\/\/agora.xtec.cat\/iescanpeixauet\/?page_id=9692"},"modified":"2026-03-27T09:54:10","modified_gmt":"2026-03-27T08:54:10","slug":"tallers-destudi-assistit","status":"publish","type":"page","link":"https:\/\/agora.xtec.cat\/iescanpeixauet\/tallers-destudi-assistit\/","title":{"rendered":"Taller d&#8217;estudi assistit"},"content":{"rendered":"<p style=\"text-align: justify;\">Com cada curs ja est\u00e0 en marxa el nostre <strong>Taller d&#8217;Estudi Assistit<\/strong>. Una acci\u00f3 positiva que vol proporcionar <strong>a l\u2019alumnat de 1r i 2n d&#8217;ESO del nostre Institut<\/strong>, unes condicions que els ajudi al seguiment del curr\u00edculum escolar, \u00a0adquirint h\u00e0bits d\u2019organitzaci\u00f3 i d\u2019estudi, planificaci\u00f3 del treball escolar i aprofitament de totes les oportunitats que t\u00e9 al voltant en el seu proc\u00e9s de desenvolupament personal.<\/p>\n<p style=\"text-align: justify;\">D&#8217;aquesta manera, el nostre <strong>Taller d&#8217;Estudi Assistit<\/strong> t\u00e9 com a objectiu general potenciar la igualtat d\u2019oportunitats, i evitar qualsevol tipus de marginaci\u00f3 i exclusi\u00f3,\u00a0 afavorint l\u2019\u00e8xit escolar d\u2019aquest alumnat.<\/p>\n<p>El desenvolupament de l\u2019actuaci\u00f3 comporta l\u2019atenci\u00f3 a l\u2019alumnat amb un m\u00ednim de dues a la setmana fora de l\u2019horari lectiu. Durant aquest per\u00edode, el centre afavoreix l\u2019aprofitament de tots els recursos i els espais disponibles del centre, per aconseguir els millors resultats (\u00fas de la biblioteca, aules TIC, altres espais comuns\u2026).<\/p>\n<p style=\"text-align: justify;\">Aix\u00ed mateix, per al seu bon desenvolupament, s\u2019elabora una planificaci\u00f3 per a les formadores amb totes les activitats a desenvolupar, tenint en compte tamb\u00e9 els recursos culturals que proporciona l\u2019entorn immediat del centre. En aquest sentit, es considera interessant que es facin sortides a les biblioteques p\u00fabliques, a les ludoteques o a qualsevol equipament cultural de l\u2019entorn m\u00e9s proper al centre. Aquest aspecte \u00e9s interessant ja que d\u00f3na continu\u00eftat a l\u2019acci\u00f3 educativa de l\u2019alumnat fora de l\u2019\u00e0mbit estricte del centre.<\/p>\n<p style=\"text-align: center;\"><a href=\"https:\/\/agora.xtec.cat\/iescanpeixauet\/wp-content\/uploads\/usu1366\/2024\/09\/Captura-de-pantalla-2024-09-19-134821.png\"><img loading=\"lazy\" decoding=\"async\" class=\"alignnone wp-image-9693 size-full\" src=\"https:\/\/agora.xtec.cat\/iescanpeixauet\/wp-content\/uploads\/usu1366\/2024\/09\/Captura-de-pantalla-2024-09-19-134821.png\" alt=\"\" width=\"720\" height=\"538\" \/><\/a><\/p>\n<h3><span style=\"color: #800000;\"><b>INCORPORACI\u00d3 d\u2019alumnes al Taller d&#8217;Estudi Assistit:<\/b><\/span><\/h3>\n<p><span style=\"font-weight: 400;\">El <\/span><b>procediment<\/b><span style=\"font-weight: 400;\"> que cal seguir \u00e9s el seg\u00fcent:<\/span><\/p>\n<ol>\n<li style=\"font-weight: 400; text-align: justify;\" aria-level=\"1\"><b>En cas que l\u2019alumne\/a estigui interessat\/da li comunica al tutor\/a i aquest\/a li lliura l\u2019autoritzaci\u00f3.<\/b> <span style=\"font-weight: 400;\">[Els\/les tutors\/es podeu<\/span><b> imprimir el full [<\/b><a href=\"https:\/\/docs.google.com\/document\/d\/1wWDisbuTIhXo3NPqUXb29eVBgisfntx4cFRxi0LoNvI\/edit?usp=sharing\"><b>enlla\u00e7 Autoritzacions<\/b><\/a><b>] en funci\u00f3 de les demandes<\/b><span style=\"font-weight: 400;\"> que facin els vostres alumnes].\u00a0<\/span><\/li>\n<\/ol>\n<p style=\"text-align: justify;\"><span style=\"font-weight: 400;\">Cal recordar que:\u00a0<\/span><\/p>\n<ol>\n<li style=\"list-style-type: none;\">\n<ol>\n<li style=\"list-style-type: none;\">\n<ol>\n<li style=\"list-style-type: none;\">\n<ol>\n<li style=\"list-style-type: none;\">\n<ol style=\"text-align: justify;\">\n<li style=\"font-weight: 400;\" aria-level=\"1\"><span style=\"font-weight: 400;\">El nombre d&#8217;alumnes participants es <\/span><span style=\"font-weight: 400;\">limitat [<\/span><b>15 places<\/b><span style=\"font-weight: 400;\">] per grup<\/span><span style=\"font-weight: 400;\">.\u00a0<\/span><\/li>\n<li style=\"font-weight: 400;\" aria-level=\"1\"><span style=\"font-weight: 400;\">El lliurament de <\/span><b>l\u2019autoritzaci\u00f3, \u00e9s necess\u00e0ria<\/b><span style=\"font-weight: 400;\">, per\u00f2 no garanteix la participaci\u00f3 <\/span><span style=\"font-weight: 400;\">en el taller.<\/span><\/li>\n<li style=\"font-weight: 400;\" aria-level=\"1\"><span style=\"font-weight: 400;\">Poden <\/span><b>sol\u00b7licitar la inscripci\u00f3 en qualsevol moment del curs<\/b><span style=\"font-weight: 400;\">, per\u00f2 la participaci\u00f3 dependr\u00e0 del nombre de places vacants<\/span><b>.<\/b><\/li>\n<\/ol>\n<\/li>\n<\/ol>\n<\/li>\n<\/ol>\n<\/li>\n<\/ol>\n<\/li>\n<\/ol>\n<p style=\"text-align: justify;\"><b>2.\u00a0 L\u2019alumnat ha de lliurar l\u2019autoritzaci\u00f3 al tutor\/a de grup.<\/b><\/p>\n<p style=\"text-align: justify;\"><span style=\"font-weight: 400;\">3.\u00a0 Amb les sol\u00b7licituds rebudes <\/span><b>seran els\/les coordinadors\/es de nivell,<\/b><span style=\"font-weight: 400;\"> un cop escoltada l&#8217;opini\u00f3 dels tutors i les tutores, i en funci\u00f3 de les necessitats dels alumnes, <\/span><b>qui determinar\u00e0 la relaci\u00f3 final de participants.<\/b><\/p>\n<p style=\"text-align: justify;\"><span style=\"font-weight: 400;\">4. De la llista final s\u2019informar\u00e0 als respectius tutors\/es i ser\u00e0 la persona responsable dels tallers <\/span><b>qui s\u2019encarregar\u00e0 de contactar amb les fam\u00edlies\u00a0 per tal de comunicar que es pot fer efectiva la incorporaci\u00f3 als tallers.\u00a0<\/b><\/p>\n<p style=\"text-align: justify;\"><span style=\"font-weight: 400;\">5.Amb la resta de peticions s\u2019elaborar\u00e0 una <\/span><b>llista d\u2019espera<\/b><span style=\"font-weight: 400;\"> per anar cobrint les possibles baixes.<\/span><\/p>\n<p style=\"text-align: justify;\"><span style=\"font-weight: 400;\">6. Els\/les tutors\/es podr\u00e0n fer un <\/span><b>seguiment setmanal de l\u2019evoluci\u00f3<\/b><span style=\"font-weight: 400;\"> [assist\u00e8ncia i comportament\/treball] dels seus alumnes mitjan\u00e7ant el seg\u00fcent enlla\u00e7; <\/span><\/p>\n<h2 style=\"text-align: center;\"><span style=\"font-weight: 400;\">[<\/span><a href=\"https:\/\/docs.google.com\/spreadsheets\/d\/1Xg9_ZcALNCAD0YX2yAUxoKtMN3nRYQJ_xHEWVaX3JVk\/edit?usp=sharing\"><span style=\"font-weight: 400;\">Seguiment taller de refor\u00e7 Fundesplai<\/span><\/a><span style=\"font-weight: 400;\">].<\/span><\/h2>\n<h2 style=\"text-align: center;\"><span style=\"font-weight: 400;\">[<\/span><a href=\"https:\/\/docs.google.com\/spreadsheets\/d\/1bTJXOsX55NfLpck2JN2WvnZaMmuFoTM4DW3JP_tKQFk\/edit?usp=sharing\"><span style=\"font-weight: 400;\">Seguiment taller de refor\u00e7 Drecera<\/span><\/a><span style=\"font-weight: 400;\">].<\/span><\/h2>\n","protected":false},"excerpt":{"rendered":"<p>Com cada curs ja est\u00e0 en marxa el nostre Taller d&#8217;Estudi Assistit. Una acci\u00f3 positiva que vol proporcionar a l\u2019alumnat de 1r i 2n d&#8217;ESO del nostre Institut, unes condicions que els ajudi al seguiment del curr\u00edculum escolar, \u00a0adquirint h\u00e0bits d\u2019organitzaci\u00f3 i d\u2019estudi, planificaci\u00f3 del&hellip;  <a href=\"https:\/\/agora.xtec.cat\/iescanpeixauet\/tallers-destudi-assistit\/\" title=\"Read Taller d&#8217;estudi assistit\">Llegeix m\u00e9s\u00bb<\/a><\/p>\n","protected":false},"author":10,"featured_media":0,"parent":0,"menu_order":0,"comment_status":"closed","ping_status":"closed","template":"","meta":{"_bbp_topic_count":0,"_bbp_reply_count":0,"_bbp_total_topic_count":0,"_bbp_total_reply_count":0,"_bbp_voice_count":0,"_bbp_anonymous_reply_count":0,"_bbp_topic_count_hidden":0,"_bbp_reply_count_hidden":0,"_bbp_forum_subforum_count":0,"footnotes":""},"class_list":["post-9692","page","type-page","status-publish","hentry"],"post_mailing_queue_ids":[],"_links":{"self":[{"href":"https:\/\/agora.xtec.cat\/iescanpeixauet\/wp-json\/wp\/v2\/pages\/9692","targetHints":{"allow":["GET"]}}],"collection":[{"href":"https:\/\/agora.xtec.cat\/iescanpeixauet\/wp-json\/wp\/v2\/pages"}],"about":[{"href":"https:\/\/agora.xtec.cat\/iescanpeixauet\/wp-json\/wp\/v2\/types\/page"}],"author":[{"embeddable":true,"href":"https:\/\/agora.xtec.cat\/iescanpeixauet\/wp-json\/wp\/v2\/users\/10"}],"replies":[{"embeddable":true,"href":"https:\/\/agora.xtec.cat\/iescanpeixauet\/wp-json\/wp\/v2\/comments?post=9692"}],"version-history":[{"count":7,"href":"https:\/\/agora.xtec.cat\/iescanpeixauet\/wp-json\/wp\/v2\/pages\/9692\/revisions"}],"predecessor-version":[{"id":10585,"href":"https:\/\/agora.xtec.cat\/iescanpeixauet\/wp-json\/wp\/v2\/pages\/9692\/revisions\/10585"}],"wp:attachment":[{"href":"https:\/\/agora.xtec.cat\/iescanpeixauet\/wp-json\/wp\/v2\/media?parent=9692"}],"curies":[{"name":"wp","href":"https:\/\/api.w.org\/{rel}","templated":true}]}}