{"id":9043,"date":"2023-09-19T12:24:30","date_gmt":"2023-09-19T10:24:30","guid":{"rendered":"https:\/\/agora.xtec.cat\/iescanpeixauet\/?page_id=9043"},"modified":"2024-09-25T12:34:52","modified_gmt":"2024-09-25T10:34:52","slug":"aplicacio-ieduca","status":"publish","type":"page","link":"https:\/\/agora.xtec.cat\/iescanpeixauet\/aplicacio-ieduca\/","title":{"rendered":"Aplicaci\u00f3 iEduca"},"content":{"rendered":"<p style=\"text-align: justify;\">Amb aquesta plataforma <strong>les vies de comunicaci\u00f3 seran:<\/strong><\/p>\n<ul style=\"list-style-type: square; text-align: justify;\">\n<li>\n<h3><strong><span style=\"color: #000000;\">Correu electr\u00f2nic.<\/span><\/strong><\/h3>\n<\/li>\n<\/ul>\n<p><span style=\"color: #ff0000;\">Les dades d\u2019acc\u00e9s els arribaran via correu electr\u00f2nic.\u00a0<\/span>En cas de qu\u00e8 no rebin la notificaci\u00f3 s\u2019hauran de posar en contacte amb el\/la tutor\/a del ser fill\/a.<\/p>\n<ul style=\"list-style-type: square; text-align: justify;\">\n<li>\n<h3><span style=\"color: #000000;\"><strong>App m\u00f2bil:<\/strong> <\/span><b><span style=\"color: #000000;\">iEduca tokapp.<\/span><\/b><\/h3>\n<\/li>\n<\/ul>\n<p><b><\/b>Al seg\u00fcent document podeu consultar els &#8220;<a style=\"color: #000000;\" href=\"https:\/\/drive.google.com\/file\/d\/1gdvSy8uoH1DMb-_5R4Yg5gU4pkZPa3Kw\/view?usp=sharing\">Beneficis acce\u0301s fami\u0301lies via APP.&#8221;<\/a><\/p>\n<div style=\"width: 100%;\">\n<div style=\"position: relative; padding-bottom: 56.25%; padding-top: 0; height: 0;\"><iframe loading=\"lazy\" style=\"position: absolute; top: 0; left: 0; width: 100%; height: 100%;\" src=\"https:\/\/view.genial.ly\/62060ee8ab239900110f3b56\" width=\"1200\" height=\"675\" frameborder=\"0\" scrolling=\"yes\" allowfullscreen=\"allowfullscreen\"><\/iframe><\/div>\n<\/div>\n<p>&nbsp;<\/p>\n<p>A continuaci\u00f3, trobareu tota la informaci\u00f3 perqu\u00e8 pugueu comen\u00e7ar a fer servir l\u2019<strong>aplicaci\u00f3 iEduca<\/strong>:<\/p>\n<h6 class=\"style-scope ytd-watch-metadata\">Com baixar-se l&#8217;App iEduca Tokapp. Perfil fam\u00edlies <strong>[La podeu descarregar de: app store (apple \u201ciphone\u201d) o play store (android)].<\/strong><\/h6>\n<div class=\"page\" title=\"Page 1\">\n<div class=\"layoutArea\">\n<div class=\"column\">\n<p><iframe loading=\"lazy\" title=\"Com baixar-se l&#039;App iEduca Tokapp. Perfil fam\u00edlies\" width=\"500\" height=\"281\" src=\"https:\/\/www.youtube.com\/embed\/4P97HfIh_RY?list=PLh6RbrqunrkUoTp8TdfsW3wEvQhprV8l-\" frameborder=\"0\" allow=\"accelerometer; autoplay; clipboard-write; encrypted-media; gyroscope; picture-in-picture; web-share\" referrerpolicy=\"strict-origin-when-cross-origin\" allowfullscreen><\/iframe><\/p>\n<h6 class=\"style-scope ytd-watch-metadata\">Com instal\u00b7lar TokApp fam\u00edlies v2<\/h6>\n<p><iframe loading=\"lazy\" title=\"FAM - Com instal\u00b7lar TokApp fam\u00edlies v2\" width=\"500\" height=\"281\" src=\"https:\/\/www.youtube.com\/embed\/J1A1eLSb450?list=PLh6RbrqunrkUoTp8TdfsW3wEvQhprV8l-\" frameborder=\"0\" allow=\"accelerometer; autoplay; clipboard-write; encrypted-media; gyroscope; picture-in-picture; web-share\" referrerpolicy=\"strict-origin-when-cross-origin\" allowfullscreen><\/iframe><\/p>\n<\/div>\n<\/div>\n<\/div>\n<p><a href=\"https:\/\/drive.google.com\/file\/d\/1gdvSy8uoH1DMb-_5R4Yg5gU4pkZPa3Kw\/view?usp=sharing\">Guia d\u2019\u00fas per a les fam\u00edlies<\/a><\/p>\n<p><a href=\"https:\/\/drive.google.com\/file\/d\/1gdvSy8uoH1DMb-_5R4Yg5gU4pkZPa3Kw\/view?usp=sharing\">Beneficis acc\u00e9s fam\u00edlies via APP<\/a><\/p>\n<p><a href=\"https:\/\/docs.google.com\/document\/d\/1H0KSLGoxUzVMfHVb_qra3fAhwDCCnLUr4GMPHZMw_oQ\/edit?usp=sharing\">Guia aplicaci\u00f3 iEduca TokApp<\/a><\/p>\n<p style=\"text-align: justify;\"><strong><span style=\"color: #ff0000;\">MOLT IMPORTANT:<\/span> <\/strong>Per qualsevol incid\u00e8ncia amb el programa iEduca, envieu un correu al centre assenyalant a l&#8217;asumpte: <em>&#8220;<strong>Incid\u00e8ncia IEduca fam\u00edlies<\/strong>&#8220;.\u00a0<\/em><\/p>\n<p style=\"text-align: justify;\"><span style=\"color: #ff00ff;\"><strong>LA RESPOSTA A LES VOSTRES PETICIONS\/INCID\u00c8NCIES NO SER\u00c0 IMMEDIATA, POT TRIGAR UNS DIES. \u00c9S PER AIX\u00d2 QUE US DEMANEM COMPRENSI\u00d3 I PACI\u00c8NCIA.<\/strong><\/span><\/p>\n","protected":false},"excerpt":{"rendered":"<p>Amb aquesta plataforma les vies de comunicaci\u00f3 seran:<\/p>\n<ul style=\"list-style-type: square; text-align: justify;\">\n<li>\nCorreu electr\u00f2nic.\n<\/li>\n<\/ul>\n<p>Les dades d\u2019acc\u00e9s els arribaran via correu electr\u00f2nic.\u00a0En cas de qu\u00e8 no rebin la notificaci\u00f3 s\u2019hauran de posar en contacte amb el\/la tutor\/a del ser fill\/a.<\/p>\n<ul style=\"list-style-type: square; text-align: justify;\">\n<li>\nApp m\u00f2bil: iEduca tokapp.\n<\/li>\n<\/ul>\n<p>Al&hellip;  <a href=\"https:\/\/agora.xtec.cat\/iescanpeixauet\/aplicacio-ieduca\/\" title=\"Read Aplicaci\u00f3 iEduca\">Llegeix m\u00e9s\u00bb<\/a><\/p>\n","protected":false},"author":10,"featured_media":0,"parent":0,"menu_order":0,"comment_status":"closed","ping_status":"closed","template":"","meta":{"_bbp_topic_count":0,"_bbp_reply_count":0,"_bbp_total_topic_count":0,"_bbp_total_reply_count":0,"_bbp_voice_count":0,"_bbp_anonymous_reply_count":0,"_bbp_topic_count_hidden":0,"_bbp_reply_count_hidden":0,"_bbp_forum_subforum_count":0,"footnotes":""},"class_list":["post-9043","page","type-page","status-publish","hentry"],"post_mailing_queue_ids":[],"_links":{"self":[{"href":"https:\/\/agora.xtec.cat\/iescanpeixauet\/wp-json\/wp\/v2\/pages\/9043","targetHints":{"allow":["GET"]}}],"collection":[{"href":"https:\/\/agora.xtec.cat\/iescanpeixauet\/wp-json\/wp\/v2\/pages"}],"about":[{"href":"https:\/\/agora.xtec.cat\/iescanpeixauet\/wp-json\/wp\/v2\/types\/page"}],"author":[{"embeddable":true,"href":"https:\/\/agora.xtec.cat\/iescanpeixauet\/wp-json\/wp\/v2\/users\/10"}],"replies":[{"embeddable":true,"href":"https:\/\/agora.xtec.cat\/iescanpeixauet\/wp-json\/wp\/v2\/comments?post=9043"}],"version-history":[{"count":7,"href":"https:\/\/agora.xtec.cat\/iescanpeixauet\/wp-json\/wp\/v2\/pages\/9043\/revisions"}],"predecessor-version":[{"id":9711,"href":"https:\/\/agora.xtec.cat\/iescanpeixauet\/wp-json\/wp\/v2\/pages\/9043\/revisions\/9711"}],"wp:attachment":[{"href":"https:\/\/agora.xtec.cat\/iescanpeixauet\/wp-json\/wp\/v2\/media?parent=9043"}],"curies":[{"name":"wp","href":"https:\/\/api.w.org\/{rel}","templated":true}]}}