{"id":7503,"date":"2022-07-14T19:42:18","date_gmt":"2022-07-14T17:42:18","guid":{"rendered":"https:\/\/agora.xtec.cat\/iescanpeixauet\/?page_id=7503"},"modified":"2022-07-18T09:24:53","modified_gmt":"2022-07-18T07:24:53","slug":"claustre-de-docents","status":"publish","type":"page","link":"https:\/\/agora.xtec.cat\/iescanpeixauet\/linstitut\/organigrama\/claustre-de-docents\/","title":{"rendered":"Claustre de docents"},"content":{"rendered":"<p style=\"text-align: justify;\"><span style=\"color: #000000;\">El <strong>Claustre <\/strong>agrupa a tot el professorat del centre i \u00e9s el m\u00e0xim \u00f2rgan de participaci\u00f3 d\u2019aquest estament en la gesti\u00f3 i control de l\u2019acci\u00f3 educativa.\u00a0<\/span><a href=\"https:\/\/agora.xtec.cat\/iescanpeixauet\/wp-content\/uploads\/usu1366\/2022\/07\/profesorado.png\"><img loading=\"lazy\" decoding=\"async\" class=\"aligncenter wp-image-7504 size-large\" src=\"https:\/\/agora.xtec.cat\/iescanpeixauet\/wp-content\/uploads\/usu1366\/2022\/07\/profesorado-1024x416.png\" alt=\"\" width=\"1024\" height=\"416\" srcset=\"https:\/\/agora.xtec.cat\/iescanpeixauet\/wp-content\/uploads\/usu1366\/2022\/07\/profesorado-1024x416.png 1024w, https:\/\/agora.xtec.cat\/iescanpeixauet\/wp-content\/uploads\/usu1366\/2022\/07\/profesorado-300x122.png 300w, https:\/\/agora.xtec.cat\/iescanpeixauet\/wp-content\/uploads\/usu1366\/2022\/07\/profesorado-768x312.png 768w, https:\/\/agora.xtec.cat\/iescanpeixauet\/wp-content\/uploads\/usu1366\/2022\/07\/profesorado-1536x624.png 1536w, https:\/\/agora.xtec.cat\/iescanpeixauet\/wp-content\/uploads\/usu1366\/2022\/07\/profesorado-2048x833.png 2048w\" sizes=\"auto, (max-width: 1024px) 100vw, 1024px\" \/><\/a><\/p>\n<p style=\"text-align: justify;\"><span style=\"color: #000000;\">Els <strong>equips docents<\/strong> s\u2019organitzaran per nivells i est\u00e0n composats pel professorat que est\u00e0 assignat a cada nivell. Es reuneixen peri\u00f2dicament sota la direcci\u00f3 del coordinador. Cada equip docent d\u2019un grup \u2013 classe est\u00e0 presidit per la tutora i tots els grups d\u2019un nivell per la coordinadora del nivell.<\/span><\/p>\n<p style=\"text-align: justify;\"><span style=\"color: #000000;\">En els equips docents interv\u00e9 quan \u00e9s necessari l\u2019orientador educatiu, tant per sol\u00b7licitud de l\u2019equip docent com del propi departament d\u2019orientaci\u00f3. La seva tasca ser\u00e0 la d\u2019assessorar l\u2019equip sobre les peculiaritats i caracter\u00edstiques de l\u2019alumnat amb NEE i proposar les mesures m\u00e9s adequades per tal de garantir l\u2019\u00e8xit de l\u2019alumnat, tot fent d\u2019enlla\u00e7 amb la CAD.<\/span><\/p>\n<p><span style=\"color: #000000;\">Si feu &#8220;<span style=\"color: #ff0000;\">clic<\/span>&#8221; a la imatge trobareu una graella que recull totes les:<\/span><\/p>\n<h3 style=\"text-align: center;\"><a href=\"https:\/\/docs.google.com\/spreadsheets\/d\/1MmAMcBPfWYMilqM49gQSMXCyzxHJrBQdDzXKvFkBXts\/edit?usp=sharing\"><span style=\"color: #000000;\">Adreces del professorat<\/span><\/a><\/h3>\n<p><a href=\"https:\/\/docs.google.com\/spreadsheets\/d\/1MmAMcBPfWYMilqM49gQSMXCyzxHJrBQdDzXKvFkBXts\/edit?usp=sharing\"><img loading=\"lazy\" decoding=\"async\" class=\"aligncenter wp-image-5852 size-medium\" src=\"https:\/\/agora.xtec.cat\/iescanpeixauet\/wp-content\/uploads\/usu1366\/2020\/09\/BuenasPr\u00e1cticasCorreo-300x198.png\" alt=\"\" width=\"300\" height=\"198\" srcset=\"https:\/\/agora.xtec.cat\/iescanpeixauet\/wp-content\/uploads\/usu1366\/2020\/09\/BuenasPr\u00e1cticasCorreo-300x198.png 300w, https:\/\/agora.xtec.cat\/iescanpeixauet\/wp-content\/uploads\/usu1366\/2020\/09\/BuenasPr\u00e1cticasCorreo.png 530w\" sizes=\"auto, (max-width: 300px) 100vw, 300px\" \/><\/a><\/p>\n<p>&nbsp;<\/p>\n","protected":false},"excerpt":{"rendered":"<p>El Claustre agrupa a tot el professorat del centre i \u00e9s el m\u00e0xim \u00f2rgan de participaci\u00f3 d\u2019aquest estament en la gesti\u00f3 i control de l\u2019acci\u00f3 educativa.\u00a0<a href=\"https:\/\/agora.xtec.cat\/iescanpeixauet\/wp-content\/uploads\/usu1366\/2022\/07\/profesorado.png\"><\/a><br \/>\nEls equips docents s\u2019organitzaran per nivells i est\u00e0n composats pel professorat que est\u00e0 assignat a cada nivell. Es reuneixen&hellip;  <a href=\"https:\/\/agora.xtec.cat\/iescanpeixauet\/linstitut\/organigrama\/claustre-de-docents\/\" title=\"Read Claustre de docents\">Llegeix m\u00e9s\u00bb<\/a><\/p>\n","protected":false},"author":10,"featured_media":0,"parent":46,"menu_order":0,"comment_status":"closed","ping_status":"closed","template":"","meta":{"_bbp_topic_count":0,"_bbp_reply_count":0,"_bbp_total_topic_count":0,"_bbp_total_reply_count":0,"_bbp_voice_count":0,"_bbp_anonymous_reply_count":0,"_bbp_topic_count_hidden":0,"_bbp_reply_count_hidden":0,"_bbp_forum_subforum_count":0,"footnotes":""},"class_list":["post-7503","page","type-page","status-publish","hentry"],"post_mailing_queue_ids":[],"_links":{"self":[{"href":"https:\/\/agora.xtec.cat\/iescanpeixauet\/wp-json\/wp\/v2\/pages\/7503","targetHints":{"allow":["GET"]}}],"collection":[{"href":"https:\/\/agora.xtec.cat\/iescanpeixauet\/wp-json\/wp\/v2\/pages"}],"about":[{"href":"https:\/\/agora.xtec.cat\/iescanpeixauet\/wp-json\/wp\/v2\/types\/page"}],"author":[{"embeddable":true,"href":"https:\/\/agora.xtec.cat\/iescanpeixauet\/wp-json\/wp\/v2\/users\/10"}],"replies":[{"embeddable":true,"href":"https:\/\/agora.xtec.cat\/iescanpeixauet\/wp-json\/wp\/v2\/comments?post=7503"}],"version-history":[{"count":3,"href":"https:\/\/agora.xtec.cat\/iescanpeixauet\/wp-json\/wp\/v2\/pages\/7503\/revisions"}],"predecessor-version":[{"id":7558,"href":"https:\/\/agora.xtec.cat\/iescanpeixauet\/wp-json\/wp\/v2\/pages\/7503\/revisions\/7558"}],"up":[{"embeddable":true,"href":"https:\/\/agora.xtec.cat\/iescanpeixauet\/wp-json\/wp\/v2\/pages\/46"}],"wp:attachment":[{"href":"https:\/\/agora.xtec.cat\/iescanpeixauet\/wp-json\/wp\/v2\/media?parent=7503"}],"curies":[{"name":"wp","href":"https:\/\/api.w.org\/{rel}","templated":true}]}}