{"id":5143,"date":"2020-05-28T08:41:26","date_gmt":"2020-05-28T06:41:26","guid":{"rendered":"http:\/\/agora.xtec.cat\/iescanpeixauet\/?page_id=5143"},"modified":"2020-05-28T08:41:26","modified_gmt":"2020-05-28T06:41:26","slug":"families","status":"publish","type":"page","link":"https:\/\/agora.xtec.cat\/iescanpeixauet\/families\/","title":{"rendered":"Fam\u00edlies"},"content":{"rendered":"<div class=\"fpca_descripciopagina formatter_body\">\n<div>\n<p style=\"text-align: justify;\">Aquest espai web del Departament d\u2019Educaci\u00f3 ofereix eines amb la voluntat de facilitar la participaci\u00f3 de <a href=\"http:\/\/ensenyament.gencat.cat\/ca\/arees-actuacio\/families\/\">les fam\u00edlies<\/a> en la vida escolar dels fills i filles i guiar-les en l&#8217;acompanyament de la seva educaci\u00f3, i promoure&#8217;n, com a conseq\u00fc\u00e8ncia, l&#8217;\u00e8xit educatiu.<\/p>\n<p style=\"text-align: justify;\">Hi trobareu una diversitat de tem\u00e0tiques d&#8217;inter\u00e8s educatiu, vinculades a orientacions, recomanacions, enquestes de coneixement i formacions, a fi que fam\u00edlies i escola sumin en la tasca compartida de l&#8217;educaci\u00f3 dels infants i joves.<\/p>\n<\/div>\n<div class=\"basic_text_peq pd-15 pd-30\">\n<h4><a href=\"http:\/\/ensenyament.gencat.cat\/ca\/arees-actuacio\/families\/ajudem-fills\/\">Ajudem els fills i filles<\/a><\/h4>\n<\/div>\n<\/div>\n<div class=\"fpca_distribuidora pd-15 pd-30\">\n<div class=\"llistat_destacat_text_avancat\">\n<div class=\"llistat_col-lg-3 nova-altura-dist fila_0\">\n<div class=\"col-xs-12 corrector-margins col-sm-4\">\n<div class=\"box destacat_text_avancat_cont distribuidora-nova-3\">\n<div class=\"caixa_imatge\"><img decoding=\"async\" class=\"img-responsive\" src=\"http:\/\/ensenyament.gencat.cat\/web\/.content\/home\/arees-actuacio\/families\/portada\/ajudem-fills.png_1477461541.png\" alt=\"\" \/><\/div>\n<\/div>\n<\/div>\n<div class=\"col-xs-12 corrector-margins col-sm-4\">\n<div class=\"box destacat_text_avancat_cont distribuidora-nova-3\">\n<h4 class=\"border_blau4\"><a title=\"Relaci\u00f3 fam\u00edlies i escola\" href=\"http:\/\/ensenyament.gencat.cat\/ca\/arees-actuacio\/families\/families-escola\/\">Relaci\u00f3 fam\u00edlies i escola<\/a><\/h4>\n<div class=\"caixa_imatge\"><img decoding=\"async\" class=\"img-responsive\" src=\"http:\/\/ensenyament.gencat.cat\/web\/.content\/home\/arees-actuacio\/families\/portada\/families-escola.png_1477461541.png\" alt=\"\" \/><\/div>\n<\/div>\n<\/div>\n<div class=\"col-xs-12 corrector-margins col-sm-4\">\n<div class=\"box destacat_text_avancat_cont distribuidora-nova-3\">\n<h4 class=\"border_taronja2\"><a title=\"Fomentem els valors\" href=\"http:\/\/ensenyament.gencat.cat\/ca\/arees-actuacio\/families\/fomentem-valors\/\">Fomentem els valors<\/a><\/h4>\n<div class=\"caixa_imatge\"><img decoding=\"async\" class=\"img-responsive\" src=\"http:\/\/ensenyament.gencat.cat\/web\/.content\/home\/arees-actuacio\/families\/portada\/fomentem-valors.png_1477461541.png\" alt=\"\" \/><\/div>\n<\/div>\n<\/div>\n<\/div>\n<div class=\"llistat_col-lg-3 nova-altura-dist fila_1\">\n<div class=\"col-xs-12 corrector-margins col-sm-4\">\n<div class=\"box destacat_text_avancat_cont distribuidora-nova-3\">\n<h4 class=\"border_verd4\"><a title=\"Passem temps en fam\u00edlia\" href=\"http:\/\/ensenyament.gencat.cat\/ca\/arees-actuacio\/families\/temps-familia\/\">Passem temps en fam\u00edlia<\/a><\/h4>\n<div class=\"caixa_imatge\"><img decoding=\"async\" class=\"img-responsive\" src=\"http:\/\/ensenyament.gencat.cat\/web\/.content\/home\/arees-actuacio\/families\/portada\/temps-familia.png_1477461541.png\" alt=\"\" \/><\/div>\n<\/div>\n<\/div>\n<div class=\"col-xs-12 corrector-margins col-sm-4\">\n<div class=\"box destacat_text_avancat_cont distribuidora-nova-3\">\n<h4 class=\"border_vermell2\"><a title=\"Fem un bon \u00fas de les tecnologies\" href=\"http:\/\/ensenyament.gencat.cat\/ca\/arees-actuacio\/families\/us-tecnologies\/\">Fem un bon \u00fas de les tecnologies<\/a><\/h4>\n<div class=\"caixa_imatge\"><img decoding=\"async\" class=\"img-responsive\" src=\"http:\/\/ensenyament.gencat.cat\/web\/.content\/home\/arees-actuacio\/families\/portada\/us-tecnologies.png_1477461541.png\" alt=\"\" \/><\/div>\n<\/div>\n<\/div>\n<div class=\"col-xs-12 corrector-margins col-sm-4\">\n<div class=\"box destacat_text_avancat_cont distribuidora-nova-3\">\n<h4 class=\"border_blau_fosc\"><a title=\"Promovem h\u00e0bits saludables\" href=\"http:\/\/ensenyament.gencat.cat\/ca\/arees-actuacio\/families\/habits-saludables\/\">Promovem h\u00e0bits saludables<\/a><\/h4>\n<div class=\"caixa_imatge\"><img decoding=\"async\" class=\"img-responsive\" src=\"http:\/\/ensenyament.gencat.cat\/web\/.content\/home\/arees-actuacio\/families\/portada\/habits-saludables.png_1477461541.png\" alt=\"\" \/><\/div>\n<\/div>\n<\/div>\n<\/div>\n<div class=\"llistat_col-lg-3 nova-altura-dist fila_2\">\n<div class=\"col-xs-12 corrector-margins col-sm-4\">\n<div class=\"box destacat_text_avancat_cont distribuidora-nova-3\">\n<h4 class=\"border_verd5\"><a title=\"M\u00e9s recursos\" href=\"http:\/\/ensenyament.gencat.cat\/ca\/arees-actuacio\/families\/recursos\/\">M\u00e9s recursos<\/a><\/h4>\n<div class=\"caixa_imatge\"><img decoding=\"async\" class=\"img-responsive\" src=\"http:\/\/ensenyament.gencat.cat\/web\/.content\/home\/arees-actuacio\/families\/recursos\/recursos.png_1477461541.png\" alt=\"\" \/><\/div>\n<\/div>\n<\/div>\n<\/div>\n<\/div>\n<\/div>\n","protected":false},"excerpt":{"rendered":"<p>Aquest espai web del Departament d\u2019Educaci\u00f3 ofereix eines amb la voluntat de facilitar la participaci\u00f3 de <a href=\"http:\/\/ensenyament.gencat.cat\/ca\/arees-actuacio\/families\/\">les fam\u00edlies<\/a> en la vida escolar dels fills i filles i guiar-les en l&#8217;acompanyament de la seva educaci\u00f3, i promoure&#8217;n, com a conseq\u00fc\u00e8ncia, l&#8217;\u00e8xit educatiu.<br \/>\nHi trobareu una diversitat&hellip;  <a href=\"https:\/\/agora.xtec.cat\/iescanpeixauet\/families\/\" title=\"Read Fam\u00edlies\">Llegeix m\u00e9s\u00bb<\/a><\/p>\n","protected":false},"author":10,"featured_media":0,"parent":0,"menu_order":0,"comment_status":"closed","ping_status":"closed","template":"","meta":{"_bbp_topic_count":0,"_bbp_reply_count":0,"_bbp_total_topic_count":0,"_bbp_total_reply_count":0,"_bbp_voice_count":0,"_bbp_anonymous_reply_count":0,"_bbp_topic_count_hidden":0,"_bbp_reply_count_hidden":0,"_bbp_forum_subforum_count":0,"footnotes":""},"class_list":["post-5143","page","type-page","status-publish","hentry"],"post_mailing_queue_ids":[],"_links":{"self":[{"href":"https:\/\/agora.xtec.cat\/iescanpeixauet\/wp-json\/wp\/v2\/pages\/5143","targetHints":{"allow":["GET"]}}],"collection":[{"href":"https:\/\/agora.xtec.cat\/iescanpeixauet\/wp-json\/wp\/v2\/pages"}],"about":[{"href":"https:\/\/agora.xtec.cat\/iescanpeixauet\/wp-json\/wp\/v2\/types\/page"}],"author":[{"embeddable":true,"href":"https:\/\/agora.xtec.cat\/iescanpeixauet\/wp-json\/wp\/v2\/users\/10"}],"replies":[{"embeddable":true,"href":"https:\/\/agora.xtec.cat\/iescanpeixauet\/wp-json\/wp\/v2\/comments?post=5143"}],"version-history":[{"count":3,"href":"https:\/\/agora.xtec.cat\/iescanpeixauet\/wp-json\/wp\/v2\/pages\/5143\/revisions"}],"predecessor-version":[{"id":5146,"href":"https:\/\/agora.xtec.cat\/iescanpeixauet\/wp-json\/wp\/v2\/pages\/5143\/revisions\/5146"}],"wp:attachment":[{"href":"https:\/\/agora.xtec.cat\/iescanpeixauet\/wp-json\/wp\/v2\/media?parent=5143"}],"curies":[{"name":"wp","href":"https:\/\/api.w.org\/{rel}","templated":true}]}}