{"id":5035,"date":"2020-05-23T10:09:13","date_gmt":"2020-05-23T08:09:13","guid":{"rendered":"http:\/\/agora.xtec.cat\/iescanpeixauet\/?page_id=5035"},"modified":"2024-09-13T10:10:11","modified_gmt":"2024-09-13T08:10:11","slug":"les-materies-de-batxillerat-com-fer-la-tria","status":"publish","type":"page","link":"https:\/\/agora.xtec.cat\/iescanpeixauet\/les-materies-de-batxillerat-com-fer-la-tria\/","title":{"rendered":"Les mat\u00e8ries de Batxillerat: com fer la tria?"},"content":{"rendered":"<h2><strong>Les mat\u00e8ries de Modalitat<\/strong><\/h2>\n<p style=\"text-align: justify;\">La seva finalitat \u00e9s formar als i les alumnes en aquells coneixements m\u00e9s espec\u00edfics en funci\u00f3 dels seus interessos sobre estudis posteriors. Dins de les mat\u00e8ries de modalitat est\u00e0 la mat\u00e8ria comuna d\u2019opci\u00f3, que \u00e9s aquella que l\u2019alumne est\u00e0 obligat a cursar en funci\u00f3 de la modalitat de batxillerat escollida.<\/p>\n<h3 style=\"text-align: justify;\"><span style=\"color: #800080;\"><strong>Passos a seguir per fer la tria de mat\u00e8ries de <span style=\"caret-color: #ff9900;\">modalitat<\/span><\/strong><\/span><\/h3>\n<hr \/>\n<h3 style=\"text-align: justify;\"><strong><em>1. Qu\u00e8 vols estudiar en el futur?<\/em><\/strong><\/h3>\n<p><a href=\"https:\/\/agora.xtec.cat\/iescanpeixauet\/wp-content\/uploads\/usu1366\/2020\/05\/Captura-de-Pantalla-2020-05-23-a-les-11.26.05.png\"><img loading=\"lazy\" decoding=\"async\" class=\"size-large wp-image-5051 aligncenter\" src=\"https:\/\/agora.xtec.cat\/iescanpeixauet\/wp-content\/uploads\/usu1366\/2020\/05\/Captura-de-Pantalla-2020-05-23-a-les-11.26.05-1024x89.png\" alt=\"\" width=\"1024\" height=\"89\" srcset=\"https:\/\/agora.xtec.cat\/iescanpeixauet\/wp-content\/uploads\/usu1366\/2020\/05\/Captura-de-Pantalla-2020-05-23-a-les-11.26.05-1024x89.png 1024w, https:\/\/agora.xtec.cat\/iescanpeixauet\/wp-content\/uploads\/usu1366\/2020\/05\/Captura-de-Pantalla-2020-05-23-a-les-11.26.05-300x26.png 300w, https:\/\/agora.xtec.cat\/iescanpeixauet\/wp-content\/uploads\/usu1366\/2020\/05\/Captura-de-Pantalla-2020-05-23-a-les-11.26.05-768x67.png 768w, https:\/\/agora.xtec.cat\/iescanpeixauet\/wp-content\/uploads\/usu1366\/2020\/05\/Captura-de-Pantalla-2020-05-23-a-les-11.26.05.png 1094w\" sizes=\"auto, (max-width: 1024px) 100vw, 1024px\" \/><\/a><\/p>\n<ul style=\"list-style-type: square;\">\n<li style=\"text-align: justify;\">Si vols cursar <span style=\"text-decoration: underline;\">estudis universitaris<\/span> mira el llistat de graus universitaris que pots cursar a les diferents universitats i identifica a quina branca de coneixement pertanyen aquells que m\u00e9s t\u2019interessen: <a style=\"font-family: inherit; font-size: 1em; text-align: left;\" href=\"http:\/\/universitats.gencat.cat\/ca\/cercador\/\" target=\"_blank\" rel=\"noopener noreferrer\">Oferta de graus universitaris per branca de coneixement.<\/a><\/li>\n<\/ul>\n<ul style=\"text-align: justify; list-style-type: square;\">\n<li>Si vols estudiar algun <span style=\"text-decoration: underline;\">cicle superior de grau professional<\/span> mira a quin \u00e0mbit professional pertany, quines mat\u00e8ries s\u2019imparteixen i quines mat\u00e8ries de modalitat del batxillerat estarien m\u00e9s relacionades: <a style=\"font-family: inherit; font-size: 1em; text-align: left;\" href=\"http:\/\/queestudiar.gencat.cat\/ca\/estudis\/fp\/\" target=\"_blank\" rel=\"noopener noreferrer\">Oferta de cicles formatius per fam\u00edlies professionals.<\/a><\/li>\n<\/ul>\n<p>Si tens dubtes<span style=\"font-family: inherit; font-size: 1em; font-weight: normal;\">, et recomanem que facis algun dels <\/span><a style=\"font-family: inherit; font-size: 1em; font-weight: normal;\" href=\"https:\/\/triaeducativa.gencat.cat\/ca\/orientacio\/\">q\u00fcestionaris<\/a><span style=\"font-family: inherit; font-size: 1em; font-weight: normal;\"> que pots trobar al web del Departament d&#8217;Educaci\u00f3:<\/span><\/p>\n<h5><\/h5>\n<h3 style=\"text-align: justify;\"><strong><em>2. Busca la relaci\u00f3 entre les modalitats de batxillerat i les mat\u00e8ries amb les branques de coneixement.<br \/>\n<\/em><\/strong><\/h3>\n<p style=\"text-align: justify;\">Busca amb quina branca de coneixement es troben relacionades les mat\u00e8ries de modalitat de batxillerat i fixa\u2019t en aquelles que es troben vinculades amb la <a href=\"https:\/\/www.educaweb.cat\/continguts\/educatius\/estudis-universitaris\/oferta-titulacions-universitaries-branca-coneixement\/\">branca de coneixement<\/a> a la que pertanyen els graus universitaris que t\u2019agradaria estudiar en el futur, o amb les fam\u00edlies professionals en el cas de cicles formatius.<\/p>\n<h4 style=\"text-align: center;\">Si voleu m\u00e9s informaci\u00f3: <span style=\"color: #0000ff;\">https:\/\/triaeducativa.gencat.cat\/ca\/batxillerat\/<\/span><\/h4>\n<h3 style=\"text-align: justify;\"><strong><em>3. An\u00e0lisi de les ponderacions de les mat\u00e8ries per al c\u00e0lcul de la nota d\u2019admissi\u00f3 a les universitats.<br \/>\n<\/em><\/strong><\/h3>\n<p style=\"text-align: justify;\">Si vols estudiar un grau universitari has de maximitzar la teva nota d\u2019admissi\u00f3. Per aquest motiu, mira quines s\u00f3n les mat\u00e8ries de modalitat de 2n de batxillerat que m\u00e9s ponderen en l\u2019obtenci\u00f3 de la teva nota d\u2019admissi\u00f3 a la universitat. Les mat\u00e8ries poden ponderar:<\/p>\n<ul>\n<li style=\"list-style-type: none;\">\n<ul>\n<li style=\"list-style-type: none;\">\n<ul>\n<li style=\"list-style-type: none;\">\n<ul>\n<li style=\"list-style-type: none;\">\n<ul>\n<li style=\"list-style-type: none;\">\n<ul>\n<li style=\"list-style-type: none;\">\n<ul>\n<li style=\"list-style-type: none;\">\n<ul>\n<li style=\"list-style-type: none;\">\n<ul>\n<li style=\"list-style-type: none;\">\n<ul>\n<li style=\"list-style-type: none;\">\n<ul>\n<li style=\"list-style-type: none;\">\n<ul>\n<li style=\"list-style-type: none;\">\n<ul>\n<li style=\"list-style-type: none;\">\n<ul>\n<li style=\"list-style-type: none;\">\n<ul>\n<li style=\"list-style-type: none;\">\n<ul>\n<li style=\"list-style-type: none;\">\n<ul>\n<li style=\"list-style-type: none;\">\n<ul style=\"text-align: justify;\">\n<li>0: en el cas de que no existeix relaci\u00f3 entre la mat\u00e8ria i la branca de coneixement.<\/li>\n<li>0,1: en el cas de que la mat\u00e8ria estigui relacionada amb la branca de coneixement.<\/li>\n<li>0,2: en el cas de que la mat\u00e8ria estigui relacionada amb el t\u00edtol de grau universitari.<\/li>\n<\/ul>\n<\/li>\n<\/ul>\n<\/li>\n<\/ul>\n<\/li>\n<\/ul>\n<\/li>\n<\/ul>\n<\/li>\n<\/ul>\n<\/li>\n<\/ul>\n<\/li>\n<\/ul>\n<\/li>\n<\/ul>\n<\/li>\n<\/ul>\n<\/li>\n<\/ul>\n<\/li>\n<\/ul>\n<\/li>\n<\/ul>\n<\/li>\n<\/ul>\n<\/li>\n<\/ul>\n<\/li>\n<\/ul>\n<\/li>\n<\/ul>\n<\/li>\n<\/ul>\n<p style=\"text-align: justify;\"><span style=\"color: #000000;\">Consulteu la taula:<\/span> <a href=\"https:\/\/universitats.gencat.cat\/ca\/preinscripcions\/sobre-preinscripcio\/ponderacions\/index.html\">Ponderacions de les mat\u00e8ries de modalitat per graus universitaris. <\/a>Per a maximitzar la nota d\u2019admissi\u00f3 a la universitat \u00e9s recomanable que curses i t\u2019examines a les proves d\u2019acc\u00e9s a la universitat (PAU) <strong>d\u2019aquelles mat\u00e8ries que ponderen 0,2<\/strong> (estan assenyalades en groc en el document), o en el seu defecte d\u2019aquelles que almenys ponderen un 0,1.<\/p>\n<p style=\"text-align: justify;\">A primer de batxillerat, \u00e9s molt important que escullis aquelles mat\u00e8ries de modalitat que m\u00e9s relacionades estiguin amb les que haur\u00e0s de cursar a segon de batxillerat.<\/p>\n<h3 style=\"text-align: justify;\"><strong><em>4. Emplenar el full\/formulari de tria de mat\u00e8ries de modalitat o espec\u00edfiques que vulguis cursar.<\/em><\/strong><\/h3>\n<p style=\"text-align: justify;\">Una vegada tinguis clar quina modalitat de batxillerat i quines mat\u00e8ries vols cursar, has d\u2019emplenar el full de tria de mat\u00e8ries.<\/p>\n<table style=\"border-collapse: collapse; width: 100%;\">\n<tbody>\n<tr>\n<td style=\"width: 50%;\">\n<h3 style=\"text-align: center;\"><a href=\"https:\/\/drive.google.com\/file\/d\/1no6u2bQo44AxA3HBJPHASyfnLSLxdaZt\/view?usp=sharing\">Tria de mat\u00e8ries de 1r de Batxillerat<\/a><\/h3>\n<\/td>\n<td style=\"width: 50%;\">\n<h3 style=\"text-align: center;\"><a href=\"https:\/\/drive.google.com\/file\/d\/1mgAomJRDx9YWYdC2Qf9pJjf4OKq5lXKX\/view?usp=sharing\">Tria de mat\u00e8ries de 2n de Batxillerat<\/a><\/h3>\n<\/td>\n<\/tr>\n<\/tbody>\n<\/table>\n<p style=\"text-align: justify;\">Si al nostre centre no s\u2019ofereix alguna mat\u00e8ria que vulguis cursar, tens l\u2019opci\u00f3 de cursar-la a l\u2019IOC (<a href=\"https:\/\/ioc.xtec.cat\/educacio\/\">Institut Obert de Catalunya<\/a>).<\/p>\n<h3 style=\"text-align: justify;\"><strong><em>5. Lliurar el full de tria de mat\u00e8ries de modalitat.<br \/>\n<\/em><\/strong><\/h3>\n<p style=\"text-align: justify;\">Entregar el full de tria de mat\u00e8ries i formalitzar la matr\u00edcula dins del per\u00edode de matr\u00edcula establert pel centre.<\/p>\n","protected":false},"excerpt":{"rendered":"<p>Les mat\u00e8ries de Modalitat<br \/>\nLa seva finalitat \u00e9s formar als i les alumnes en aquells coneixements m\u00e9s espec\u00edfics en funci\u00f3 dels seus interessos sobre estudis posteriors. Dins de les mat\u00e8ries de modalitat est\u00e0 la mat\u00e8ria comuna d\u2019opci\u00f3, que \u00e9s aquella que l\u2019alumne est\u00e0 obligat a cursar&hellip;  <a href=\"https:\/\/agora.xtec.cat\/iescanpeixauet\/les-materies-de-batxillerat-com-fer-la-tria\/\" title=\"Read Les mat\u00e8ries de Batxillerat: com fer la tria?\">Llegeix m\u00e9s\u00bb<\/a><\/p>\n","protected":false},"author":10,"featured_media":0,"parent":0,"menu_order":0,"comment_status":"closed","ping_status":"closed","template":"page-templates\/side-menu.php","meta":{"_bbp_topic_count":0,"_bbp_reply_count":0,"_bbp_total_topic_count":0,"_bbp_total_reply_count":0,"_bbp_voice_count":0,"_bbp_anonymous_reply_count":0,"_bbp_topic_count_hidden":0,"_bbp_reply_count_hidden":0,"_bbp_forum_subforum_count":0,"footnotes":""},"class_list":["post-5035","page","type-page","status-publish","hentry"],"post_mailing_queue_ids":[],"_links":{"self":[{"href":"https:\/\/agora.xtec.cat\/iescanpeixauet\/wp-json\/wp\/v2\/pages\/5035","targetHints":{"allow":["GET"]}}],"collection":[{"href":"https:\/\/agora.xtec.cat\/iescanpeixauet\/wp-json\/wp\/v2\/pages"}],"about":[{"href":"https:\/\/agora.xtec.cat\/iescanpeixauet\/wp-json\/wp\/v2\/types\/page"}],"author":[{"embeddable":true,"href":"https:\/\/agora.xtec.cat\/iescanpeixauet\/wp-json\/wp\/v2\/users\/10"}],"replies":[{"embeddable":true,"href":"https:\/\/agora.xtec.cat\/iescanpeixauet\/wp-json\/wp\/v2\/comments?post=5035"}],"version-history":[{"count":4,"href":"https:\/\/agora.xtec.cat\/iescanpeixauet\/wp-json\/wp\/v2\/pages\/5035\/revisions"}],"predecessor-version":[{"id":9680,"href":"https:\/\/agora.xtec.cat\/iescanpeixauet\/wp-json\/wp\/v2\/pages\/5035\/revisions\/9680"}],"wp:attachment":[{"href":"https:\/\/agora.xtec.cat\/iescanpeixauet\/wp-json\/wp\/v2\/media?parent=5035"}],"curies":[{"name":"wp","href":"https:\/\/api.w.org\/{rel}","templated":true}]}}