{"id":4952,"date":"2020-05-19T11:58:06","date_gmt":"2020-05-19T09:58:06","guid":{"rendered":"http:\/\/agora.xtec.cat\/iescanpeixauet\/?page_id=4952"},"modified":"2020-05-19T12:00:56","modified_gmt":"2020-05-19T10:00:56","slug":"servei-virtual-dorientacio-academica","status":"publish","type":"page","link":"https:\/\/agora.xtec.cat\/iescanpeixauet\/orientacio\/servei-virtual-dorientacio-academica\/","title":{"rendered":"Servei virtual d&#8217;orientaci\u00f3 acad\u00e8mica"},"content":{"rendered":"<div style=\"text-align: justify;\">\n<div><b>1. Servei virtual d&#8217;orientaci\u00f3 acad\u00e8mica<\/b><\/div>\n<div><\/div>\n<p>El Servei d&#8217;Orientaci\u00f3 Acad\u00e8mica que s&#8217;oferix habitualment a trav\u00e9s del Servei de Joventut l&#8217;hem s&#8217;ha adaptat a la versi\u00f3 virtual.<\/p>\n<p>Estan fent atencions telef\u00f2niques, per correu i per via WhatsApp de persones que pregunten per l&#8217;oferta, per dates i per possibles itineraris a la ciutat.<\/p>\n<p>A la imatge poder consultar les dades de contacte:<\/p>\n<\/div>\n<div><\/div>\n<div><a href=\"https:\/\/agora.xtec.cat\/iescanpeixauet\/wp-content\/uploads\/usu1366\/2020\/05\/Servei-Orientaci\u00f3-acad\u00e8mica-online-1.png\"><img loading=\"lazy\" decoding=\"async\" class=\"alignnone size-large wp-image-4953\" src=\"https:\/\/agora.xtec.cat\/iescanpeixauet\/wp-content\/uploads\/usu1366\/2020\/05\/Servei-Orientaci\u00f3-acad\u00e8mica-online-1-1024x1024.png\" alt=\"\" width=\"1024\" height=\"1024\" srcset=\"https:\/\/agora.xtec.cat\/iescanpeixauet\/wp-content\/uploads\/usu1366\/2020\/05\/Servei-Orientaci\u00f3-acad\u00e8mica-online-1-1024x1024.png 1024w, https:\/\/agora.xtec.cat\/iescanpeixauet\/wp-content\/uploads\/usu1366\/2020\/05\/Servei-Orientaci\u00f3-acad\u00e8mica-online-1-150x150.png 150w, https:\/\/agora.xtec.cat\/iescanpeixauet\/wp-content\/uploads\/usu1366\/2020\/05\/Servei-Orientaci\u00f3-acad\u00e8mica-online-1-300x300.png 300w, https:\/\/agora.xtec.cat\/iescanpeixauet\/wp-content\/uploads\/usu1366\/2020\/05\/Servei-Orientaci\u00f3-acad\u00e8mica-online-1-768x768.png 768w, https:\/\/agora.xtec.cat\/iescanpeixauet\/wp-content\/uploads\/usu1366\/2020\/05\/Servei-Orientaci\u00f3-acad\u00e8mica-online-1.png 1080w\" sizes=\"auto, (max-width: 1024px) 100vw, 1024px\" \/><\/a><\/div>\n<div><\/div>\n<div style=\"text-align: justify;\">\n<div><b>\u00a0<\/b><\/div>\n<h6><b>2. Informaci\u00f3 sobre l&#8217;oferta de ciutat\u00a0<\/b><\/h6>\n<div><\/div>\n<p>Es traca d&#8217;una s\u00e8rie d&#8217;infografies per explicar l&#8217;oferta. les podes consultar al document seg\u00fcent:<\/p>\n<\/div>\n<p style=\"text-align: center;\"><a href=\"https:\/\/agora.xtec.cat\/iescanpeixauet\/wp-content\/uploads\/usu1366\/2020\/05\/ESTUDIS-POSTOBLIGATORIS.pdf\">ESTUDIS POSTOBLIGATORIS<\/a><\/p>\n<div style=\"text-align: justify;\">\n<div><\/div>\n<\/div>\n","protected":false},"excerpt":{"rendered":"<p>1. Servei virtual d&#8217;orientaci\u00f3 acad\u00e8mica<\/p>\n<p>El Servei d&#8217;Orientaci\u00f3 Acad\u00e8mica que s&#8217;oferix habitualment a trav\u00e9s del Servei de Joventut l&#8217;hem s&#8217;ha adaptat a la versi\u00f3 virtual.<br \/>\nEstan fent atencions telef\u00f2niques, per correu i per via WhatsApp de persones que pregunten per l&#8217;oferta, per dates i per possibles itineraris&hellip;  <a href=\"https:\/\/agora.xtec.cat\/iescanpeixauet\/orientacio\/servei-virtual-dorientacio-academica\/\" title=\"Read Servei virtual d&#8217;orientaci\u00f3 acad\u00e8mica\">Llegeix m\u00e9s\u00bb<\/a><\/p>\n","protected":false},"author":10,"featured_media":0,"parent":672,"menu_order":0,"comment_status":"closed","ping_status":"closed","template":"page-templates\/side-menu.php","meta":{"_bbp_topic_count":0,"_bbp_reply_count":0,"_bbp_total_topic_count":0,"_bbp_total_reply_count":0,"_bbp_voice_count":0,"_bbp_anonymous_reply_count":0,"_bbp_topic_count_hidden":0,"_bbp_reply_count_hidden":0,"_bbp_forum_subforum_count":0,"footnotes":""},"class_list":["post-4952","page","type-page","status-publish","hentry"],"post_mailing_queue_ids":[],"_links":{"self":[{"href":"https:\/\/agora.xtec.cat\/iescanpeixauet\/wp-json\/wp\/v2\/pages\/4952","targetHints":{"allow":["GET"]}}],"collection":[{"href":"https:\/\/agora.xtec.cat\/iescanpeixauet\/wp-json\/wp\/v2\/pages"}],"about":[{"href":"https:\/\/agora.xtec.cat\/iescanpeixauet\/wp-json\/wp\/v2\/types\/page"}],"author":[{"embeddable":true,"href":"https:\/\/agora.xtec.cat\/iescanpeixauet\/wp-json\/wp\/v2\/users\/10"}],"replies":[{"embeddable":true,"href":"https:\/\/agora.xtec.cat\/iescanpeixauet\/wp-json\/wp\/v2\/comments?post=4952"}],"version-history":[{"count":3,"href":"https:\/\/agora.xtec.cat\/iescanpeixauet\/wp-json\/wp\/v2\/pages\/4952\/revisions"}],"predecessor-version":[{"id":4957,"href":"https:\/\/agora.xtec.cat\/iescanpeixauet\/wp-json\/wp\/v2\/pages\/4952\/revisions\/4957"}],"up":[{"embeddable":true,"href":"https:\/\/agora.xtec.cat\/iescanpeixauet\/wp-json\/wp\/v2\/pages\/672"}],"wp:attachment":[{"href":"https:\/\/agora.xtec.cat\/iescanpeixauet\/wp-json\/wp\/v2\/media?parent=4952"}],"curies":[{"name":"wp","href":"https:\/\/api.w.org\/{rel}","templated":true}]}}