{"id":3762,"date":"2019-04-10T10:17:54","date_gmt":"2019-04-10T08:17:54","guid":{"rendered":"http:\/\/agora.xtec.cat\/iescanpeixauet\/?page_id=3762"},"modified":"2019-04-23T12:27:04","modified_gmt":"2019-04-23T10:27:04","slug":"som-biblioteca-dacollida","status":"publish","type":"page","link":"https:\/\/agora.xtec.cat\/iescanpeixauet\/biblioteca\/som-biblioteca-dacollida\/","title":{"rendered":"Som biblioteca d&#8217;acollida!!"},"content":{"rendered":"<p style=\"text-align: justify;\"><a href=\"http:\/\/llengua.gencat.cat\/ca\/serveis\/informacio_i_difusio\/publicacions_en_linia\/viure_a_catalunya_col\/viure_a_catalunya_comencem_a_parlar\"><img loading=\"lazy\" decoding=\"async\" class=\" wp-image-3831 alignleft\" src=\"https:\/\/agora.xtec.cat\/iescanpeixauet\/wp-content\/uploads\/usu1366\/2019\/04\/comencem_gros.jpg_1480827596.jpg\" alt=\"\" width=\"128\" height=\"181\" \/><\/a>Recull de converses sobre temes de la vida quotidiana que comencen per un nivell b\u00e0sic i van augmentant de dificultat. S\u2019adrecen a persones que volen practicar la flu\u00efdesa en catal\u00e0 i escoltar diferents varietats dialectals. Les converses estan agrupades pels temes seg\u00fcents: les persones, els llocs, la casa i l&#8217;entorn, les hores i els dies, la feina, el mercat i les botigues, el menjar, els serveis, la salut i el lleure.<br \/>\nEls di\u00e0legs es poden llegir en format PDF i escoltar en MP3.<\/p>\n<p>&nbsp;<\/p>\n<p style=\"text-align: justify;\"><a href=\"http:\/\/llengua.gencat.cat\/ca\/serveis\/informacio_i_difusio\/publicacions_en_linia\/viure_a_catalunya_col\/viure_a_catalunya_lamines\"><img loading=\"lazy\" decoding=\"async\" class=\" wp-image-3833 alignleft\" src=\"https:\/\/agora.xtec.cat\/iescanpeixauet\/wp-content\/uploads\/usu1366\/2019\/04\/Sin-t\u00edtulo.png\" alt=\"\" width=\"182\" height=\"131\" srcset=\"https:\/\/agora.xtec.cat\/iescanpeixauet\/wp-content\/uploads\/usu1366\/2019\/04\/Sin-t\u00edtulo.png 323w, https:\/\/agora.xtec.cat\/iescanpeixauet\/wp-content\/uploads\/usu1366\/2019\/04\/Sin-t\u00edtulo-300x215.png 300w\" sizes=\"auto, (max-width: 182px) 100vw, 182px\" \/><\/a>Col\u00b7lecci\u00f3 de 12 l\u00e0mines indicades per treballar el llenguatge en situacions comunicatives de la vida quotidiana. El temes tractats s\u00f3n: la casa, el parc, el bar i el restaurant, la ciutat, la muntanya i el camp, la platja i el port, el mercat i el supermercat, el temps, els transports, els oficis, el centre c\u00edvic i el centre comercial.<\/p>\n<p>&nbsp;<\/p>\n<p><a href=\"http:\/\/www.edu365.cat\/agora\/\"><img loading=\"lazy\" decoding=\"async\" class=\" wp-image-3834 alignleft\" src=\"https:\/\/agora.xtec.cat\/iescanpeixauet\/wp-content\/uploads\/usu1366\/2019\/04\/Sin-t\u00edtulo3.png\" alt=\"\" width=\"181\" height=\"140\" srcset=\"https:\/\/agora.xtec.cat\/iescanpeixauet\/wp-content\/uploads\/usu1366\/2019\/04\/Sin-t\u00edtulo3.png 613w, https:\/\/agora.xtec.cat\/iescanpeixauet\/wp-content\/uploads\/usu1366\/2019\/04\/Sin-t\u00edtulo3-300x231.png 300w\" sizes=\"auto, (max-width: 181px) 100vw, 181px\" \/><\/a>Diccionaris il\u00b7lustrats en diferents idiomes:<\/p>\n<p><a href=\"http:\/\/www.edu365.cat\/agora\/dic\/catala_xines\/index.htm\">Catal\u00e0-Xin\u00e8s<\/a>\u00a0\u00a0\u00a0\u00a0\u00a0<a href=\"http:\/\/www.edu365.cat\/agora\/dic\/catala_urdu\/index.htm\">Catal\u00e0-Urd\u00fa<\/a><\/p>\n<p><a href=\"http:\/\/www.edu365.cat\/agora\/dic\/catala_arab\/index.htm\">Catal\u00e0-\u00c0rab<\/a>\u00a0\u00a0\u00a0\u00a0\u00a0\u00a0\u00a0<a href=\"http:\/\/www.edu365.cat\/agora\/dic\/agora.htm?idioma=amazic\">Catal\u00e0-Amazic<\/a><\/p>\n<p>&nbsp;<\/p>\n<p><a href=\"http:\/\/www.edu365.cat\/eso\/acollida\/index.htm\"><img loading=\"lazy\" decoding=\"async\" class=\"wp-image-3835 alignleft\" src=\"https:\/\/agora.xtec.cat\/iescanpeixauet\/wp-content\/uploads\/usu1366\/2019\/04\/Sin-t\u00edtulo4.png\" alt=\"\" width=\"123\" height=\"99\" \/><\/a><a href=\"http:\/\/www.edu365.cat\/eso\/acollida\/index.htm\">Edu365.cat<\/a><\/p>\n<p>Recull de diverses tipologies d&#8217;activitats per apendre catal\u00e0<\/p>\n<p>&nbsp;<\/p>\n<p><a href=\"https:\/\/blogs.iec.cat\/lsc\/\"><img loading=\"lazy\" decoding=\"async\" class=\" wp-image-3837 alignleft\" src=\"https:\/\/agora.xtec.cat\/iescanpeixauet\/wp-content\/uploads\/usu1366\/2019\/04\/Sin-t\u00edtulo-1.png\" alt=\"\" width=\"143\" height=\"71\" srcset=\"https:\/\/agora.xtec.cat\/iescanpeixauet\/wp-content\/uploads\/usu1366\/2019\/04\/Sin-t\u00edtulo-1.png 202w, https:\/\/agora.xtec.cat\/iescanpeixauet\/wp-content\/uploads\/usu1366\/2019\/04\/Sin-t\u00edtulo-1-200x100.png 200w\" sizes=\"auto, (max-width: 143px) 100vw, 143px\" \/><\/a><a href=\"https:\/\/blogs.iec.cat\/lsc\/\">Portal de la Llengua de Signes Catalana<\/a><\/p>\n<p>&nbsp;<\/p>\n<p>&nbsp;<\/p>\n<p><a href=\"https:\/\/minisites.once.es\/contenidos\/cursos\/cursos-de-formacion-on-line\/curso-de-braille\/curso.htm\"><img loading=\"lazy\" decoding=\"async\" class=\" wp-image-3838 alignleft\" src=\"https:\/\/agora.xtec.cat\/iescanpeixauet\/wp-content\/uploads\/usu1366\/2019\/04\/Sin-t\u00edtulo3-1.png\" alt=\"\" width=\"129\" height=\"93\" \/><\/a><a href=\"https:\/\/minisites.once.es\/contenidos\/cursos\/cursos-de-formacion-on-line\/curso-de-braille\/curso.htm\">Alfabet Braille<\/a><\/p>\n<p>&nbsp;<\/p>\n<p>&nbsp;<\/p>\n<p><a href=\"http:\/\/www.xtec.cat\/dnee\/mic\/cerca.htm\"><img loading=\"lazy\" decoding=\"async\" class=\" wp-image-3839 alignleft\" src=\"https:\/\/agora.xtec.cat\/iescanpeixauet\/wp-content\/uploads\/usu1366\/2019\/04\/Sin-t\u00edtulo2.png\" alt=\"\" width=\"142\" height=\"101\" \/><\/a><a href=\"http:\/\/www.xtec.cat\/dnee\/mic\/cerca.htm\">Magatzem d&#8217;icones Catalanes<\/a><\/p>\n","protected":false},"excerpt":{"rendered":"<p><a href=\"http:\/\/llengua.gencat.cat\/ca\/serveis\/informacio_i_difusio\/publicacions_en_linia\/viure_a_catalunya_col\/viure_a_catalunya_comencem_a_parlar\"><\/a>Recull de converses sobre temes de la vida quotidiana que comencen per un nivell b\u00e0sic i van augmentant de dificultat. S\u2019adrecen a persones que volen practicar la flu\u00efdesa en catal\u00e0 i escoltar diferents varietats dialectals. Les converses estan agrupades pels temes seg\u00fcents: les persones,&hellip;  <a href=\"https:\/\/agora.xtec.cat\/iescanpeixauet\/biblioteca\/som-biblioteca-dacollida\/\" title=\"Read Som biblioteca d&#8217;acollida!!\">Llegeix m\u00e9s\u00bb<\/a><\/p>\n","protected":false},"author":4,"featured_media":0,"parent":3725,"menu_order":110,"comment_status":"closed","ping_status":"closed","template":"page-templates\/side-menu.php","meta":{"_bbp_topic_count":0,"_bbp_reply_count":0,"_bbp_total_topic_count":0,"_bbp_total_reply_count":0,"_bbp_voice_count":0,"_bbp_anonymous_reply_count":0,"_bbp_topic_count_hidden":0,"_bbp_reply_count_hidden":0,"_bbp_forum_subforum_count":0,"footnotes":""},"class_list":["post-3762","page","type-page","status-publish","hentry"],"post_mailing_queue_ids":[],"_links":{"self":[{"href":"https:\/\/agora.xtec.cat\/iescanpeixauet\/wp-json\/wp\/v2\/pages\/3762","targetHints":{"allow":["GET"]}}],"collection":[{"href":"https:\/\/agora.xtec.cat\/iescanpeixauet\/wp-json\/wp\/v2\/pages"}],"about":[{"href":"https:\/\/agora.xtec.cat\/iescanpeixauet\/wp-json\/wp\/v2\/types\/page"}],"author":[{"embeddable":true,"href":"https:\/\/agora.xtec.cat\/iescanpeixauet\/wp-json\/wp\/v2\/users\/4"}],"replies":[{"embeddable":true,"href":"https:\/\/agora.xtec.cat\/iescanpeixauet\/wp-json\/wp\/v2\/comments?post=3762"}],"version-history":[{"count":4,"href":"https:\/\/agora.xtec.cat\/iescanpeixauet\/wp-json\/wp\/v2\/pages\/3762\/revisions"}],"predecessor-version":[{"id":3843,"href":"https:\/\/agora.xtec.cat\/iescanpeixauet\/wp-json\/wp\/v2\/pages\/3762\/revisions\/3843"}],"up":[{"embeddable":true,"href":"https:\/\/agora.xtec.cat\/iescanpeixauet\/wp-json\/wp\/v2\/pages\/3725"}],"wp:attachment":[{"href":"https:\/\/agora.xtec.cat\/iescanpeixauet\/wp-json\/wp\/v2\/media?parent=3762"}],"curies":[{"name":"wp","href":"https:\/\/api.w.org\/{rel}","templated":true}]}}