{"id":2685,"date":"2017-12-04T10:47:21","date_gmt":"2017-12-04T09:47:21","guid":{"rendered":"http:\/\/agora.xtec.cat\/iescanpeixauet\/?page_id=2685"},"modified":"2025-06-16T12:07:06","modified_gmt":"2025-06-16T10:07:06","slug":"materies-optatives-a-leso","status":"publish","type":"page","link":"https:\/\/agora.xtec.cat\/iescanpeixauet\/eso\/materies-optatives-a-leso\/","title":{"rendered":"Mat\u00e8ries Optatives a l&#8217;ESO"},"content":{"rendered":"<h1><span style=\"color: #ff6600;\"><span style=\"color: #000000;\"><strong>1r d&#8217;ESO\u00a0<\/strong><\/span><\/span><\/h1>\n<ul>\n<li style=\"list-style-type: none;\">\n<ul>\n<li style=\"list-style-type: none;\">\n<ul style=\"list-style-type: square;\">\n<li>\n<h2><a href=\"https:\/\/drive.google.com\/drive\/folders\/101q3KAkl_K7C9DRk7teeLbQVdtJsLirT?usp=sharing\">Descripci\u00f3 optatives de 1r d&#8217;ESO<\/a><\/h2>\n<\/li>\n<li>\n<h2><a href=\"https:\/\/docs.google.com\/document\/d\/1GcDA3gM_NoWvV06_sfIP2emEycK9aejqqTVemz9kEIc\/edit?usp=sharing\">Instruccions<\/a> + <a href=\"https:\/\/forms.gle\/A7q4GJwHnkqxhjfZ8\">Formulari de tria<\/a>.<span style=\"color: #ff0000;\">* [Alumnes de 6\u00e8 que faran 1r d&#8217;ESO]<\/span><\/h2>\n<\/li>\n<\/ul>\n<\/li>\n<\/ul>\n<\/li>\n<\/ul>\n<h3 style=\"text-align: center;\"><span style=\"color: #ff0000;\"><em>* La tria d&#8217;optatives la realitzen els alumnes durant els primers dies de classe.<\/em><\/span><\/h3>\n<h1><strong><span style=\"color: #000000;\">2n d&#8217;ESO\u00a0\u00a0<\/span><\/strong><\/h1>\n<ul>\n<li style=\"list-style-type: none;\">\n<ul>\n<li style=\"list-style-type: none;\">\n<ul>\n<li>\n<h2><a href=\"https:\/\/drive.google.com\/drive\/folders\/1aYFCxuEwjtjduivjlQgXNHI8ajZXaoiZ?usp=sharing\">Descripci\u00f3 d&#8217;optatives de 2n d&#8217;ESO.<\/a><\/h2>\n<\/li>\n<li>\n<h2><a href=\"https:\/\/docs.google.com\/forms\/d\/e\/1FAIpQLSdpoekFY1et4HmnP-bM0zg0y3exmqqqGnWKi0a5tMuAt4fc7g\/viewform\">Formulari de tria. <\/a><span style=\"color: #ff0000;\">[Alumnes de 1r que faran 2n d&#8217;ESO]<\/span><\/h2>\n<h2><a href=\"https:\/\/agora.xtec.cat\/iescanpeixauet\/wp-content\/uploads\/usu1366\/2024\/04\/Captura-de-pantalla-2024-04-29-101610.png\"><img loading=\"lazy\" decoding=\"async\" class=\"alignright wp-image-9488 size-full\" src=\"https:\/\/agora.xtec.cat\/iescanpeixauet\/wp-content\/uploads\/usu1366\/2024\/04\/Captura-de-pantalla-2024-04-29-101610.png\" alt=\"\" width=\"266\" height=\"213\" \/><\/a><\/h2>\n<\/li>\n<\/ul>\n<\/li>\n<\/ul>\n<\/li>\n<\/ul>\n<h1><strong><span style=\"color: #000000;\">3r d&#8217;ESO<\/span><\/strong><\/h1>\n<ul>\n<li style=\"list-style-type: none;\">\n<ul>\n<li style=\"list-style-type: none;\">\n<ul style=\"list-style-type: square;\">\n<li>\n<h2><a href=\"https:\/\/drive.google.com\/drive\/folders\/19lggNsEJ_20jCOwXwhBLiDqDwu_DBKR-?usp=sharing\">Descripci\u00f3 d&#8217;optatives de 3r d&#8217;ESO.<\/a><\/h2>\n<\/li>\n<\/ul>\n<\/li>\n<\/ul>\n<\/li>\n<\/ul>\n<ul>\n<li style=\"list-style-type: none;\">\n<ul>\n<li style=\"list-style-type: none;\">\n<ul style=\"list-style-type: square;\">\n<li>\n<h2><a href=\"https:\/\/forms.gle\/ppRFKU8z1caKZkWR6\">Formulari de tria. <\/a><span style=\"color: #ff0000;\">[Alumnes de 2n que faran 3r d&#8217;ESO]<\/span><\/h2>\n<\/li>\n<\/ul>\n<\/li>\n<\/ul>\n<\/li>\n<\/ul>\n<h1><span style=\"color: #000000;\"><strong>4t d&#8217;ESO<\/strong><\/span><\/h1>\n<ul>\n<li style=\"list-style-type: none;\">\n<ul>\n<li style=\"list-style-type: none;\">\n<ul style=\"list-style-type: square;\">\n<li>\n<h2><a href=\"https:\/\/drive.google.com\/drive\/folders\/1ZSNIF5j3t_cNDWu7VKaapwzn8Z8JM_yV?usp=sharing\">Descripci\u00f3 mat\u00e8ries &#8220;espec\u00edfiques&#8221; 4t d\u2019ESO.<\/a><\/h2>\n<\/li>\n<\/ul>\n<\/li>\n<\/ul>\n<\/li>\n<\/ul>\n<ul>\n<li style=\"list-style-type: none;\">\n<ul>\n<li style=\"list-style-type: none;\">\n<ul>\n<li>\n<h2><a href=\"https:\/\/forms.gle\/m7nohMWMDXyhm3H9A\">Formulari de tria. <\/a><span style=\"color: #ff0000;\">[Alumnes de 3r que faran 4t d&#8217;ESO]<\/span><\/h2>\n<\/li>\n<\/ul>\n<\/li>\n<\/ul>\n<\/li>\n<\/ul>\n<hr style=\"color: #ff6600;\" size=\"10\" \/>\n<ul>\n<li>\n<h3><a href=\"https:\/\/agora.xtec.cat\/iescanpeixauet\/wp-content\/uploads\/usu1366\/2020\/09\/Canvi-de-mat\u00e8ries-ESO.pdf\"><span style=\"color: #ff6600;\">Full de sol\u00b7licitud<\/span><\/a> de\u00a0canvi de mat\u00e8ria optativa a l&#8217;ESO.<\/h3>\n<\/li>\n<\/ul>\n<p>&nbsp;<\/p>\n<hr style=\"color: #ff6600;\" size=\"10\" \/>\n","protected":false},"excerpt":{"rendered":"<p>1r d&#8217;ESO\u00a0<\/p>\n<ul>\n<li style=\"list-style-type: none;\">\n<ul>\n<li style=\"list-style-type: none;\">\n<ul style=\"list-style-type: square;\">\n<li>\n<a href=\"https:\/\/drive.google.com\/drive\/folders\/101q3KAkl_K7C9DRk7teeLbQVdtJsLirT?usp=sharing\">Descripci\u00f3 optatives de 1r d&#8217;ESO<\/a>\n<\/li>\n<li>\n<a href=\"https:\/\/docs.google.com\/document\/d\/1GcDA3gM_NoWvV06_sfIP2emEycK9aejqqTVemz9kEIc\/edit?usp=sharing\">Instruccions<\/a> + <a href=\"https:\/\/forms.gle\/A7q4GJwHnkqxhjfZ8\">Formulari de tria<\/a>.* [Alumnes de 6\u00e8 que faran 1r d&#8217;ESO]\n<\/li>\n<\/ul>\n<\/li>\n<\/ul>\n<\/li>\n<\/ul>\n<p>* La tria d&#8217;optatives la realitzen els alumnes durant els primers dies de classe.<br \/>\n2n d&#8217;ESO\u00a0\u00a0<\/p>\n<ul>\n<li style=\"list-style-type: none;\">\n<ul>\n<li style=\"list-style-type: none;\">\n<ul>\n<li>\n<a href=\"https:\/\/drive.google.com\/drive\/folders\/1aYFCxuEwjtjduivjlQgXNHI8ajZXaoiZ?usp=sharing\">Descripci\u00f3&hellip;  <a href=\"https:\/\/agora.xtec.cat\/iescanpeixauet\/eso\/materies-optatives-a-leso\/\" title=\"Read Mat\u00e8ries Optatives a l&#8217;ESO\">Llegeix m\u00e9s\u00bb<\/a><\/p>\n","protected":false},"author":4,"featured_media":0,"parent":489,"menu_order":55,"comment_status":"closed","ping_status":"closed","template":"page-templates\/side-menu.php","meta":{"_bbp_topic_count":0,"_bbp_reply_count":0,"_bbp_total_topic_count":0,"_bbp_total_reply_count":0,"_bbp_voice_count":0,"_bbp_anonymous_reply_count":0,"_bbp_topic_count_hidden":0,"_bbp_reply_count_hidden":0,"_bbp_forum_subforum_count":0,"footnotes":""},"class_list":["post-2685","page","type-page","status-publish","hentry"],"post_mailing_queue_ids":[],"_links":{"self":[{"href":"https:\/\/agora.xtec.cat\/iescanpeixauet\/wp-json\/wp\/v2\/pages\/2685","targetHints":{"allow":["GET"]}}],"collection":[{"href":"https:\/\/agora.xtec.cat\/iescanpeixauet\/wp-json\/wp\/v2\/pages"}],"about":[{"href":"https:\/\/agora.xtec.cat\/iescanpeixauet\/wp-json\/wp\/v2\/types\/page"}],"author":[{"embeddable":true,"href":"https:\/\/agora.xtec.cat\/iescanpeixauet\/wp-json\/wp\/v2\/users\/4"}],"replies":[{"embeddable":true,"href":"https:\/\/agora.xtec.cat\/iescanpeixauet\/wp-json\/wp\/v2\/comments?post=2685"}],"version-history":[{"count":8,"href":"https:\/\/agora.xtec.cat\/iescanpeixauet\/wp-json\/wp\/v2\/pages\/2685\/revisions"}],"predecessor-version":[{"id":10098,"href":"https:\/\/agora.xtec.cat\/iescanpeixauet\/wp-json\/wp\/v2\/pages\/2685\/revisions\/10098"}],"up":[{"embeddable":true,"href":"https:\/\/agora.xtec.cat\/iescanpeixauet\/wp-json\/wp\/v2\/pages\/489"}],"wp:attachment":[{"href":"https:\/\/agora.xtec.cat\/iescanpeixauet\/wp-json\/wp\/v2\/media?parent=2685"}],"curies":[{"name":"wp","href":"https:\/\/api.w.org\/{rel}","templated":true}]}}