{"id":1778,"date":"2017-03-01T20:51:55","date_gmt":"2017-03-01T19:51:55","guid":{"rendered":"http:\/\/agora.xtec.cat\/iescanpeixauet\/?page_id=1778"},"modified":"2017-08-30T17:38:24","modified_gmt":"2017-08-30T15:38:24","slug":"projecte-co-responsavihlitat","status":"publish","type":"page","link":"https:\/\/agora.xtec.cat\/iescanpeixauet\/experiencies-pedagogiques\/altres-projectes\/projecte-co-responsavihlitat\/","title":{"rendered":"Projecte Co-ResponsaVIHlitat"},"content":{"rendered":"<p style=\"text-align: justify;\"><a href=\"http:\/\/agora.xtec.cat\/iescanpeixauet\/wp-content\/uploads\/usu1366\/2017\/03\/img064.jpg\"><img loading=\"lazy\" decoding=\"async\" class=\" wp-image-2302 alignleft\" src=\"http:\/\/agora.xtec.cat\/iescanpeixauet\/wp-content\/uploads\/usu1366\/2017\/03\/img064-1024x744.jpg\" alt=\"\" width=\"239\" height=\"174\" srcset=\"https:\/\/agora.xtec.cat\/iescanpeixauet\/wp-content\/uploads\/usu1366\/2017\/03\/img064-1024x744.jpg 1024w, https:\/\/agora.xtec.cat\/iescanpeixauet\/wp-content\/uploads\/usu1366\/2017\/03\/img064-300x218.jpg 300w, https:\/\/agora.xtec.cat\/iescanpeixauet\/wp-content\/uploads\/usu1366\/2017\/03\/img064-768x558.jpg 768w, https:\/\/agora.xtec.cat\/iescanpeixauet\/wp-content\/uploads\/usu1366\/2017\/03\/img064.jpg 1600w\" sizes=\"auto, (max-width: 239px) 100vw, 239px\" \/><\/a>Aquest curs 2016-17 hem engegat un nou projecte col\u00b7laboratiu amb Xplore Health, sobre l&#8217;VIH i la SIDA, anomenat Co-ResponsaVIHlitat, juntament amb <a href=\"https:\/\/issuu.com\/cienciescanpe\/docs\/centres_educatius_participants\">16 centre educatius<\/a> m\u00e9s.<\/p>\n<p style=\"text-align: justify;\"><strong>En qu\u00e8 consisteix? <\/strong><a href=\"http:\/\/www.irsicaixa.es\/ca\/living-lab-de-salut\/co-responsavihlitat\">Co-ResponsaVIHlitat<\/a> \u00e9s un projecte pilot per a l\u2019eradicaci\u00f3 del VIH a trav\u00e9s d\u2019un proc\u00e9s obert i inclusiu en el qu\u00e8 participen els diferents actors interessats en la tem\u00e0tica amb la finalitat d\u2019elaborar una Agenda de Recerca en prevenci\u00f3 del VIH\/sida.<\/p>\n<p style=\"text-align: justify;\">Aquest projecte \u00e9s innovador perqu\u00e8 t\u00e9 en compte l\u2019opini\u00f3 de la comunitat educativa en la presa de decisions, ja que compta amb la participaci\u00f3 de m\u00e9s de 660 estudiants i docents de secund\u00e0ria i investigadors\/es de les universitats Pompeu Fabra (UPF) i de Barcelona (UB), que elaboren l\u2019agenda conjuntament amb 2 institucions de l&#8217;Administraci\u00f3 P\u00fablica, 3 centres de recerca i 7 entitats de la societat civil. El projecte t\u00e9 un enfocament interdisciplinari i transdisciplinari, i compren un ampli ventall de disciplines acad\u00e8miques i de coneixement no acad\u00e8mic basat en l&#8217;experi\u00e8ncia.<\/p>\n<p style=\"text-align: justify;\">El projecte es duu a terme durant els anys 2016 i 2017 sota la coordinaci\u00f3 del <a href=\"http:\/\/www.irsicaixa.es\/ca\/living-lab-salut\">Living Lab de Salut d\u2019IrsiCaixa<\/a>\u00a0i en el marc dels projectes <a href=\"http:\/\/www.xplorehealth.eu\">Xplore Health<\/a>, <a href=\"http:\/\/www.enrrich.eu\/\">EnRRICH<\/a>, i INSPIRES comptant amb l&#8217;assessorament de la <a href=\"http:\/\/www.vu.nl\/en\/\">VU University of Amsterdam<\/a>.<\/p>\n<p style=\"text-align: justify;\">El projecte s&#8217;ha desenvolupat en diferents etapes al llarg del curs 2016-17, en el nostre cas l&#8217;hem treballat amb els alumnes de 3r d&#8217;ESO.<\/p>\n<p style=\"text-align: justify;\"><strong>Fase I (novembre 2016): <\/strong>Al llarg d&#8217;aquesta fase, hem fet servir un <a href=\"https:\/\/issuu.com\/cienciescanpe\/docs\/sida_alumne\">dossier<\/a> per estudiat el VIH com \u00e9s, com es propaga, les vies de contagi, les fases de la infecci\u00f3, la gran variabilitat que t\u00e9, com es treballa per trobar una vacuna i quins son els problemes que es troben els investigadors per desenvolupar-la i, finalment vam tractar els aspectes \u00e8tics.<\/p>\n<p style=\"text-align: center;\"><iframe loading=\"lazy\" src=\"\/\/www.youtube.com\/embed\/84YRRbfHyYI\" width=\"420\" height=\"236\" allowfullscreen=\"allowfullscreen\"><\/iframe><\/p>\n<p style=\"text-align: justify;\"><strong>Fase II (Gener 2017): <\/strong>Els centres vam rebre una <a href=\"https:\/\/issuu.com\/cienciescanpe\/docs\/carta_co-responsvihlitat\">carta<\/a> d&#8217;IrsiCaixa on se&#8217;ns sol\u00b7licitava la col\u00b7laboraci\u00f3 en el projecte<\/p>\n<p style=\"text-align: justify;\"><strong>Fase III (Febrer-Mar\u00e7 2017): <\/strong>Durant aquesta fase van concretar les l\u00ednies d&#8217;actuaci\u00f3 existents i vam assignar una l\u00ednia a cada centre educatiu. Els experts van fer una selecci\u00f3 de bibliografia perqu\u00e8 l\u2019alumnat pogu\u00e9s tenir una visi\u00f3 general de les principals l\u00ednies de recerca en prevenci\u00f3 del VIH. Amb aquest material, cada centre educatiu va elaborar un <a href=\"https:\/\/issuu.com\/cienciescanpe\/docs\/informe_ins_can_peixauet\">informe<\/a> de la l\u00ednia de recerca assignada<\/p>\n<p style=\"text-align: justify;\"><strong>Fase IV (Mar\u00e7-Abril 2017): <\/strong>Cada centre educatiu va entrevistar i va produir un v\u00eddeo divulgatiu sobre la l\u00ednia de recerca assignada. Nosaltres vam entrevistar a en Gerard, que \u00e9s doctor en sociologia per la Universitat Aut\u00f2noma de Barcelona i professor a la Universitat de Vic on dirigeix el Centre d\u2019Estudis Interdisciplinaris de G\u00e8nere.<\/p>\n<p style=\"text-align: center;\"><iframe loading=\"lazy\" src=\"\/\/www.youtube.com\/embed\/EED4Bg8UJIc\" width=\"420\" height=\"236\" allowfullscreen=\"allowfullscreen\"><\/iframe><\/p>\n<p style=\"text-align: justify;\"><strong>Fase V (Maig 2017): <\/strong>Cada centre analitza <a href=\"http:\/\/www.irsicaixa.es\/sites\/default\/files\/taula_amb_enllacos_a_informes_i_videos_co-responsavihlitat.pdf\">totes les l\u00ednies<\/a> de recerca, llegint els articles i visualitzant els v\u00eddeos dels altres centre educatius, fent \u00fas d\u2019un instrument de reflexi\u00f3 que s\u2019ha desenvolupat de manera col\u00b7lectiva. Els resultats d\u2019aquest an\u00e0lisi serveixen per l&#8217; Elaboraci\u00f3 i prioritzaci\u00f3 de l\u2019Agenda de Recerca en Prevenci\u00f3 del VIH dels joves, que es va presentar al congr\u00e9s del 9 de juny, al Cosmocaixa.<\/p>\n<p style=\"text-align: justify;\"><strong>Congr\u00e9s Co-ResponsaVIHlitat \u00a0(9 Juny 2017) <\/strong>Els alumnes de cada centre vam presentar els <a href=\"https:\/\/issuu.com\/cienciescanpe\/docs\/congr__s\">resultats de la l\u00ednia de recerca de recerca<\/a> que havien treballat i tamb\u00e9 es va presentar l\u2019Agenda de Recerca en Prevenci\u00f3 del VIH dels joves.<\/p>\n<p style=\"text-align: justify;\">Tamb\u00e9 durant el congr\u00e9s van haver-hi pon\u00e8ncies d&#8217;expert d&#8217;algunes de les l\u00ednies de recerca, com:<\/p>\n<ul>\n<li style=\"text-align: justify;\"><strong>Jordi Casabona<\/strong>, director del Centre d\u2019Estudis Epidemiol\u00f2gics sobre les Infeccions de Transmissi\u00f3 Sexual i Sida de Catalunya CEEISCAT<\/li>\n<li style=\"text-align: justify;\"><strong>\u00c8lia Diez<\/strong>, Responsable de Programes i Intervencions Preventives de l&#8217;Ag\u00e8ncia de Salut P\u00fablica de Barcelona<\/li>\n<li style=\"text-align: justify;\"><strong>Pep Coll<\/strong>, metge i investigador d\u2019IrsiCaixa<\/li>\n<li style=\"text-align: justify;\">i la <strong>Carla<\/strong>, Testimoni en primera persona<\/li>\n<\/ul>\n<p style=\"text-align: left;\"><a href=\"http:\/\/www.xplorehealth.eu\/es\/xploreblog\/660-estudiantes-de-secundaria-participan-por-primera-vez-en-una-reflexi-n-para-mejorar-la?platform=hootsuite\"><img loading=\"lazy\" decoding=\"async\" class=\"alignnone wp-image-2304\" src=\"http:\/\/agora.xtec.cat\/iescanpeixauet\/wp-content\/uploads\/usu1366\/2017\/03\/Logo-Xplore.jpg\" alt=\"\" width=\"82\" height=\"43\" \/><\/a> \u00a0 \u00a0 \u00a0 <a href=\"https:\/\/twitter.com\/hashtag\/CoResponsaVIHlitat?src=hash\"><img loading=\"lazy\" decoding=\"async\" class=\"alignnone size-full wp-image-2305\" src=\"http:\/\/agora.xtec.cat\/iescanpeixauet\/wp-content\/uploads\/usu1366\/2017\/03\/Twiter.jpg\" alt=\"\" width=\"43\" height=\"40\" \/><\/a><\/p>\n","protected":false},"excerpt":{"rendered":"<p><a href=\"http:\/\/agora.xtec.cat\/iescanpeixauet\/wp-content\/uploads\/usu1366\/2017\/03\/img064.jpg\"><\/a>Aquest curs 2016-17 hem engegat un nou projecte col\u00b7laboratiu amb Xplore Health, sobre l&#8217;VIH i la SIDA, anomenat Co-ResponsaVIHlitat, juntament amb <a href=\"https:\/\/issuu.com\/cienciescanpe\/docs\/centres_educatius_participants\">16 centre educatius<\/a> m\u00e9s.<br \/>\nEn qu\u00e8 consisteix? <a href=\"http:\/\/www.irsicaixa.es\/ca\/living-lab-de-salut\/co-responsavihlitat\">Co-ResponsaVIHlitat<\/a> \u00e9s un projecte pilot per a l\u2019eradicaci\u00f3 del VIH a trav\u00e9s d\u2019un proc\u00e9s obert&hellip;  <a href=\"https:\/\/agora.xtec.cat\/iescanpeixauet\/experiencies-pedagogiques\/altres-projectes\/projecte-co-responsavihlitat\/\" title=\"Read Projecte Co-ResponsaVIHlitat\">Llegeix m\u00e9s\u00bb<\/a><\/p>\n","protected":false},"author":4,"featured_media":0,"parent":2116,"menu_order":10,"comment_status":"closed","ping_status":"closed","template":"page-templates\/side-menu.php","meta":{"_bbp_topic_count":0,"_bbp_reply_count":0,"_bbp_total_topic_count":0,"_bbp_total_reply_count":0,"_bbp_voice_count":0,"_bbp_anonymous_reply_count":0,"_bbp_topic_count_hidden":0,"_bbp_reply_count_hidden":0,"_bbp_forum_subforum_count":0,"footnotes":""},"class_list":["post-1778","page","type-page","status-publish","hentry"],"post_mailing_queue_ids":[],"_links":{"self":[{"href":"https:\/\/agora.xtec.cat\/iescanpeixauet\/wp-json\/wp\/v2\/pages\/1778","targetHints":{"allow":["GET"]}}],"collection":[{"href":"https:\/\/agora.xtec.cat\/iescanpeixauet\/wp-json\/wp\/v2\/pages"}],"about":[{"href":"https:\/\/agora.xtec.cat\/iescanpeixauet\/wp-json\/wp\/v2\/types\/page"}],"author":[{"embeddable":true,"href":"https:\/\/agora.xtec.cat\/iescanpeixauet\/wp-json\/wp\/v2\/users\/4"}],"replies":[{"embeddable":true,"href":"https:\/\/agora.xtec.cat\/iescanpeixauet\/wp-json\/wp\/v2\/comments?post=1778"}],"version-history":[{"count":3,"href":"https:\/\/agora.xtec.cat\/iescanpeixauet\/wp-json\/wp\/v2\/pages\/1778\/revisions"}],"predecessor-version":[{"id":2307,"href":"https:\/\/agora.xtec.cat\/iescanpeixauet\/wp-json\/wp\/v2\/pages\/1778\/revisions\/2307"}],"up":[{"embeddable":true,"href":"https:\/\/agora.xtec.cat\/iescanpeixauet\/wp-json\/wp\/v2\/pages\/2116"}],"wp:attachment":[{"href":"https:\/\/agora.xtec.cat\/iescanpeixauet\/wp-json\/wp\/v2\/media?parent=1778"}],"curies":[{"name":"wp","href":"https:\/\/api.w.org\/{rel}","templated":true}]}}