{"id":1199,"date":"2016-12-17T20:32:51","date_gmt":"2016-12-17T19:32:51","guid":{"rendered":"http:\/\/agora.xtec.cat\/iescanpeixauet\/?page_id=1199"},"modified":"2025-12-18T10:52:43","modified_gmt":"2025-12-18T09:52:43","slug":"documents","status":"publish","type":"page","link":"https:\/\/agora.xtec.cat\/iescanpeixauet\/administracio\/documents\/","title":{"rendered":"Documentaci\u00f3: Sol\u00b7licituds \/Comunicats \/ Autoritzacions"},"content":{"rendered":"<p>Aqu\u00ed podeu descarregar diversa documentaci\u00f3 d&#8217;\u00fas habitual al centre.<\/p>\n<table class=\" alignleft\" style=\"height: 459px; width: 96.91949278503978%;\">\n<tbody>\n<tr class=\"ms-rteTableEvenRow-default\" style=\"height: 33px;\">\n<td class=\"ms-rteTableEvenCol-default\" style=\"height: 33px; width: 50.428167889908266%;\">\n<h5 style=\"text-align: center;\"><span style=\"color: #000000;\"><strong>\u200b\u200bNom del document\u200b<\/strong><\/span><\/h5>\n<\/td>\n<td class=\"ms-rteTableOddCol-default\" style=\"height: 33px; width: 21.849656880733942%; text-align: center;\">\n<h5><span style=\"color: #000000;\"><strong>Descarrega\u2019l<\/strong><\/span><\/h5>\n<\/td>\n<td class=\"ms-rteTableEvenCol-default\" style=\"height: 33px; width: 45.75998710238594%; text-align: center;\">\n<h5><span style=\"color: #000000;\"><strong>M\u00e9s informaci\u00f3<\/strong><\/span><\/h5>\n<\/td>\n<\/tr>\n<tr style=\"height: 25px;\">\n<td style=\"width: 50.428167889908266%; vertical-align: middle; text-align: justify; height: 25px;\">Full de demanda d&#8217;<strong>intervenci\u00f3 psicopedag\u00f2gica.<\/strong><\/td>\n<td style=\"width: 21.849656880733942%; height: 25px;\"><a href=\"https:\/\/drive.google.com\/file\/d\/1F-he9bBflJsiuIL2Yy7wcxA644oKH4sp\/view?usp=sharing\">Derivaci\u00f3 Dep. d&#8217;Orientaci\u00f3<\/a><\/td>\n<td style=\"width: 45.75998710238594%; height: 25px;\"><span class=\"ms-rteThemeBackColor-1-0\">\u00a0<\/span><\/td>\n<\/tr>\n<tr style=\"height: 33px;\">\n<td style=\"width: 50.428167889908266%; vertical-align: middle; height: 25px; text-align: justify;\">Nota informativa <strong>AMPA<\/strong> [Curs 2020].<\/td>\n<td style=\"width: 21.849656880733942%; height: 25px;\"><a href=\"https:\/\/agora.xtec.cat\/iescanpeixauet\/wp-content\/uploads\/usu1366\/2020\/07\/AMPA-20-21.pdf\">Nota AMPA<\/a><\/td>\n<td style=\"width: 45.75998710238594%; height: 25px;\"><span class=\"ms-rteThemeBackColor-1-0\">\u00a0<\/span><\/td>\n<\/tr>\n<tr>\n<td style=\"width: 50.4282%; vertical-align: middle; text-align: justify;\">Document <strong>justificatiu d&#8217;assist\u00e8ncia al centre<\/strong> educatiu<\/td>\n<td style=\"width: 21.8497%;\"><a href=\"https:\/\/drive.google.com\/file\/d\/1wsGI-hGQ8gwSMEtbFpkDPvxqLLN5_mQa\/view?usp=sharing\">Justificant fam\u00edlies<\/a><\/td>\n<td style=\"width: 45.76%;\"><span class=\"ms-rteThemeBackColor-1-0\">(Nom\u00e9s accessible professorat).<\/span><\/td>\n<\/tr>\n<tr>\n<td style=\"width: 50.428167889908266%; vertical-align: middle; text-align: justify;\"><b>Document d&#8217;AUTORITZACI\u00d3 DE VAGA DE L\u2019ALUMNAT\u00a0<\/b><\/td>\n<td style=\"width: 21.849656880733942%;\"><a href=\"https:\/\/docs.google.com\/document\/d\/13HzqD8eF-BDA2R060QZNOM0roogfowTt_g_LDIIntZk\/edit?usp=sharing\">Autoritzaci\u00f3 Vaga alumnat<\/a><\/td>\n<td style=\"width: 45.75998710238594%;\"><span class=\"ms-rteThemeBackColor-1-0\">(<span style=\"font-weight: 300;\">Nom\u00e9s grups de 3r, 4t d\u2019ESO i Batxillerat).<\/span><\/span><\/td>\n<\/tr>\n<tr style=\"height: 33px;\">\n<td style=\"width: 50.428167889908266%; vertical-align: middle; height: 13px; text-align: justify;\"><strong>Carta de compromis educatiu.<\/strong><\/td>\n<td style=\"width: 21.849656880733942%; height: 13px;\"><a href=\"https:\/\/agora.xtec.cat\/iescanpeixauet\/wp-content\/uploads\/usu1366\/2020\/07\/COMPROM\u00cdS-EDUCATIU.pdf\">Carta comprom\u00eds<\/a><\/td>\n<td style=\"width: 45.75998710238594%; height: 13px;\"><span class=\"ms-rteThemeBackColor-1-0\">\u00a0<\/span><\/td>\n<\/tr>\n<tr style=\"height: 33px;\">\n<td style=\"width: 50.428167889908266%; vertical-align: middle; height: 26px; text-align: justify;\"><strong>Comprom\u00eds socioeducatiu ordinadors<\/strong> 1r d&#8217;ESO.<\/td>\n<td style=\"width: 21.849656880733942%; height: 26px;\"><a href=\"https:\/\/agora.xtec.cat\/iescanpeixauet\/wp-content\/uploads\/usu1366\/2020\/07\/COMP.-SOCIOEDUCATIU-AJUNTAMENT.pdf\">Comprom\u00eds ordinadors<\/a><\/td>\n<td style=\"width: 45.75998710238594%; height: 26px;\"><span class=\"ms-rteThemeBackColor-1-0\">\u00a0<\/span><\/td>\n<\/tr>\n<tr style=\"height: 33px;\">\n<td style=\"width: 50.428167889908266%; vertical-align: middle; height: 14px; text-align: justify;\">Informaci\u00f3 <strong>pagament material<\/strong> [Operativa &#8220;La Caixa&#8221;].<\/td>\n<td style=\"width: 21.849656880733942%; height: 14px;\"><a href=\"https:\/\/agora.xtec.cat\/iescanpeixauet\/wp-content\/uploads\/usu1366\/2020\/07\/INFORMACI\u00d3-PAGAMENT-MATERIAL.pdf\">Pagament material<\/a><\/td>\n<td style=\"width: 45.75998710238594%; height: 14px;\"><span class=\"ms-rteThemeBackColor-1-0\">\u00a0<\/span><\/td>\n<\/tr>\n<tr class=\"ms-rteTableOddRow-default\" style=\"height: 36px;\">\n<td class=\"ms-rteTableEvenCol-default\" style=\"height: 10px; width: 50.428167889908266%; vertical-align: middle; text-align: justify;\" scope=\"rowgroup\">\n<div class=\"layoutArea\">\n<div class=\"column\" style=\"text-align: justify;\">Declaraci\u00f3 sobre l\u2019opci\u00f3 per <strong>rebre l\u2019ensenyament de la religi\u00f3 o l\u2019atenci\u00f3 educativa alternativa<\/strong> per als alumnes de nou ingr\u00e9s en el centre.<\/div>\n<\/div>\n<\/td>\n<td class=\"ms-rteTableOddCol-default\" style=\"height: 10px; width: 21.849656880733942%;\"><a href=\"http:\/\/agora.xtec.cat\/iescanpeixauet\/wp-content\/uploads\/usu1366\/bp-attachments\/1224\/ALTA-BAIXA-RELIGI\u00d3.pdf\" target=\"_blank\" rel=\"noopener noreferrer\">Declaraci\u00f3 religi\u00f3<\/a><\/td>\n<td class=\"ms-rteTableEvenCol-default\" style=\"height: 10px; width: 45.75998710238594%;\"><a title=\"Centres formadors\" href=\"http:\/\/ensenyament.gencat.cat\/ca\/actualitat\/coronavirus\/\"><span class=\"ms-rteThemeBackColor-1-0\">\u200b<\/span><\/a><\/td>\n<\/tr>\n<tr>\n<td style=\"width: 50.4282%; vertical-align: middle; text-align: justify;\">\n<div class=\"layoutArea\">\n<div class=\"column\" style=\"text-align: justify;\">Document justificatiu d\u2019assist\u00e8ncia al centre educatiu<\/div>\n<\/div>\n<\/td>\n<td style=\"width: 21.8497%;\"><a href=\"https:\/\/drive.google.com\/file\/d\/1UgCAYvaImgtctXw0jzXqZ5Jhr1YVkIdW\/view?usp=sharing\">Justificant per a la feina<\/a><\/td>\n<td style=\"width: 45.76%;\"><span class=\"ms-rteThemeBackColor-1-0\">\u00a0<\/span><\/td>\n<\/tr>\n<tr style=\"height: 32px;\">\n<td style=\"height: 21px; width: 50.428167889908266%; vertical-align: middle; text-align: justify;\" scope=\"rowgroup\">\n<div class=\"column\">Sol\u00b7licitud de <strong>duplicat<\/strong> <strong>del t\u00edtol acad\u00e8mic ESO\/Batx<\/strong> i professional no universitari.<\/div>\n<\/td>\n<td style=\"height: 21px; width: 21.849656880733942%;\"><a href=\"http:\/\/agora.xtec.cat\/iescanpeixauet\/wp-content\/uploads\/usu1366\/2016\/12\/SOL\u00b7LCITUD-DUPLICAT-T\u00cdTOL-ESO-BATX.pdf\">T\u00edtol ESO\/Batx<\/a><\/td>\n<td style=\"width: 45.75998710238594%; height: 21px;\"><span class=\"ms-rteThemeBackColor-1-0\">\u00a0<\/span><\/td>\n<\/tr>\n<tr class=\"ms-rteTableFooterRow-default\" style=\"height: 36px;\">\n<td class=\"ms-rteTableFooterEvenCol-default\" style=\"height: 23px; width: 50.428167889908266%; vertical-align: middle; text-align: justify;\" scope=\"rowgroup\">\n<div class=\"layoutArea\">\n<div class=\"column\">Comunicaci\u00f3 oficial de <strong>baixa acad\u00e8mica\u00a0a l&#8217;ESO<\/strong>.<\/div>\n<\/div>\n<\/td>\n<td class=\"ms-rteTableFooterOddCol-default\" style=\"height: 23px; width: 21.849656880733942%;\"><a href=\"http:\/\/agora.xtec.cat\/iescanpeixauet\/wp-content\/uploads\/usu1366\/2016\/12\/BAIXA-ESO.pdf\" target=\"_blank\" rel=\"noopener noreferrer\">Baixa ESO<\/a><\/td>\n<td class=\"ms-rteTableFooterEvenCol-default\" style=\"height: 23px; width: 45.75998710238594%;\"><\/td>\n<\/tr>\n<tr style=\"height: 32px;\">\n<td style=\"height: 24px; width: 50.428167889908266%; vertical-align: middle; text-align: justify;\" scope=\"rowgroup\">\n<div class=\"layoutArea\">\n<div class=\"column\">Sol\u00b7licitud de <strong>t\u00edtol acad\u00e8mic de Batxillerat.<\/strong><\/div>\n<\/div>\n<\/td>\n<td style=\"height: 24px; width: 21.849656880733942%;\"><a href=\"http:\/\/agora.xtec.cat\/iescanpeixauet\/wp-content\/uploads\/usu1366\/2016\/12\/SOL\u00b7LICITUD-T\u00cdTOL-BTX.pdf\">T\u00edtol Batxillerat<\/a><\/td>\n<td style=\"height: 24px; width: 45.75998710238594%;\"><span class=\"ms-rteThemeBackColor-1-0\">\u00a0<\/span><\/td>\n<\/tr>\n<tr style=\"height: 47px;\">\n<td style=\"width: 50.428167889908266%; height: 10px; vertical-align: middle; text-align: justify;\" scope=\"rowgroup\">\n<div class=\"layoutArea\">\n<div class=\"column\">Comunicaci\u00f3 oficial de <strong>baixa acad\u00e8mica\u00a0al Batxillerat.<\/strong><\/div>\n<\/div>\n<\/td>\n<td style=\"width: 21.849656880733942%; height: 10px;\"><a href=\"http:\/\/agora.xtec.cat\/iescanpeixauet\/wp-content\/uploads\/usu1366\/2016\/12\/BAIXA-BATXILLERAT.pdf\" target=\"_blank\" rel=\"noopener noreferrer\">Baixa Batxillerat<\/a><\/td>\n<td style=\"width: 45.75998710238594%; height: 10px;\"><span class=\"ms-rteThemeBackColor-1-0\">\u00a0<\/span><\/td>\n<\/tr>\n<tr style=\"height: 32px;\">\n<td style=\"height: 10px; width: 50.428167889908266%; vertical-align: middle; text-align: justify;\" scope=\"rowgroup\">\n<div class=\"column\">Informaci\u00f3 <strong>assegurada escolar.<\/strong><\/div>\n<\/td>\n<td style=\"height: 10px; width: 21.849656880733942%;\"><a href=\"http:\/\/agora.xtec.cat\/iescanpeixauet\/wp-content\/uploads\/usu1366\/2016\/12\/INFORMACI\u00d3-ASSEGURAN\u00c7A-ESCOLAR.pdf\">Asseguran\u00e7a<\/a><\/td>\n<td style=\"height: 10px; width: 45.75998710238594%;\"><span class=\"ms-rteThemeBackColor-1-0\">\u00a0<\/span><\/td>\n<\/tr>\n<tr style=\"height: 32px;\">\n<td style=\"height: 10px; width: 50.428167889908266%; vertical-align: middle; text-align: justify;\" scope=\"rowgroup\">\n<div class=\"column\">Sol\u00b7licitud <strong>certificat nivell B\/C de catal\u00e0<\/strong>.<\/div>\n<\/td>\n<td style=\"height: 10px; width: 21.849656880733942%;\"><a href=\"http:\/\/agora.xtec.cat\/iescanpeixauet\/wp-content\/uploads\/usu1366\/2016\/12\/SOL\u00b7LICITUD-CERTIFICAT-NIVELL-B-C-DE-CATAL\u00c0.pdf\">Certificat Catal\u00e0<\/a><\/td>\n<td style=\"height: 10px; width: 45.75998710238594%;\"><\/td>\n<\/tr>\n<tr style=\"height: 13px;\">\n<td style=\"width: 50.428167889908266%; vertical-align: middle; text-align: justify; height: 13px;\">\n<div class=\"column\" style=\"text-align: left;\">Sol\u00b7licitud <strong>modificaci\u00f3 dades<\/strong> de l&#8217;alumne\/a.<\/div>\n<\/td>\n<td style=\"width: 21.849656880733942%; height: 13px;\"><a href=\"https:\/\/agora.xtec.cat\/iescanpeixauet\/wp-content\/uploads\/usu1366\/2020\/10\/FULL-MODIFICAC-DADES-2.pdf\">Modificaci\u00f3 dades<\/a><\/td>\n<td style=\"width: 45.75998710238594%; height: 13px;\"><\/td>\n<\/tr>\n<tr style=\"height: 33px;\">\n<td style=\"width: 50.428167889908266%; vertical-align: middle; height: 22px; text-align: justify;\" scope=\"rowgroup\">\n<div class=\"column\" style=\"text-align: left;\">Comunicat <strong>correu electr\u00f2nic<\/strong>.<\/div>\n<\/td>\n<td style=\"width: 21.849656880733942%; height: 22px;\"><a href=\"http:\/\/agora.xtec.cat\/iescanpeixauet\/wp-content\/uploads\/usu1366\/2016\/12\/CORREU-ELECTR\u00d2NIC-PARE-MARE.pdf\" target=\"_blank\" rel=\"noopener noreferrer\">E-mail pare\/mare<\/a><\/td>\n<td style=\"width: 45.75998710238594%; height: 22px;\"><\/td>\n<\/tr>\n<tr style=\"height: 48px;\">\n<td style=\"width: 50.428167889908266%; vertical-align: middle; height: 18px; text-align: justify;\">\n<div class=\"column\" style=\"text-align: justify;\"><strong>Autoritzaci\u00f3 d\u2019\u00fas d\u2019imatges<\/strong> de l\u2019alumne\/a, publicaci\u00f3 de dades de car\u00e0cter personal i material elaborat per l\u2019alumnat.<\/div>\n<\/td>\n<td style=\"width: 21.849656880733942%; height: 18px;\"><a href=\"https:\/\/docs.google.com\/document\/d\/186lVXr9fyzYaabirRPAR5QnXbljabJqGXlJ0Jghhm8Q\/edit?usp=sharing\" target=\"_blank\" rel=\"noopener noreferrer\">\u00das d&#8217;imatges<\/a><\/td>\n<td style=\"width: 45.75998710238594%; height: 18px;\"><\/td>\n<\/tr>\n<tr style=\"height: 33px;\">\n<td style=\"width: 50.428167889908266%; vertical-align: middle; height: 14px; text-align: justify;\">\n<div class=\"column\" style=\"text-align: left;\">Autoritzaci\u00f3 per a l\u2019<strong>administraci\u00f3 de paracetamol.<\/strong><\/div>\n<\/td>\n<td style=\"width: 21.849656880733942%; height: 14px;\"><a href=\"http:\/\/agora.xtec.cat\/iescanpeixauet\/wp-content\/uploads\/usu1366\/2016\/12\/AUTORITZACI\u00d3-SUBMINISTRAMENT-PARACETAMOL-A-LALUMNAT.pdf\" target=\"_blank\" rel=\"noopener noreferrer\">Paracetamol<\/a><\/td>\n<td style=\"width: 45.75998710238594%; height: 14px;\"><\/td>\n<\/tr>\n<tr>\n<td style=\"width: 50.428167889908266%; vertical-align: middle; text-align: justify;\">\n<div class=\"column\" style=\"text-align: justify;\">Autorizaci\u00f3 per rebre atenci\u00f3 de <strong>Servei Extern<\/strong><\/div>\n<\/td>\n<td style=\"width: 21.849656880733942%;\"><a href=\"https:\/\/docs.google.com\/document\/d\/13E-n7C830o5F-AxG_JuVDiV6NBD-ehzkJAntuJonOf8\/edit?usp=sharing\">Servei Extern<\/a><\/td>\n<td style=\"width: 45.75998710238594%;\"><\/td>\n<\/tr>\n<tr style=\"height: 33px;\">\n<td style=\"width: 50.428167889908266%; vertical-align: middle; height: 10px; text-align: justify;\">\n<div class=\"column\" style=\"text-align: justify;\">Autorizaci\u00f3 <strong>sortides<\/strong>.<\/div>\n<\/td>\n<td style=\"width: 21.849656880733942%; height: 10px;\"><a href=\"https:\/\/docs.google.com\/document\/d\/1L_w2vwt2OqAlvtbYyYCl5zhIVw2gBAyjo2Tm55ihE6w\/edit?usp=sharing\">Sortides<\/a><\/td>\n<td style=\"width: 45.75998710238594%; height: 10px;\"><\/td>\n<\/tr>\n<tr style=\"height: 10px;\">\n<td style=\"width: 50.428167889908266%; vertical-align: middle; text-align: justify; height: 10px;\"><b>Autoritzaci\u00f3 per a la sortida <\/b>de l\u2018alumnat del centre<b> amb altres persones<\/b><\/td>\n<td style=\"width: 21.849656880733942%; height: 10px;\"><a href=\"https:\/\/agora.xtec.cat\/iescanpeixauet\/wp-content\/uploads\/usu1366\/2021\/06\/AUTORITZACI\u00d3-SORTIDA-altres-.pdf\">Sortida altres persones<\/a><\/td>\n<td style=\"width: 45.75998710238594%; height: 10px;\"><\/td>\n<\/tr>\n<tr style=\"height: 33px;\">\n<td style=\"width: 50.428167889908266%; vertical-align: middle; height: 15px; text-align: justify;\">\n<div class=\"column\" style=\"text-align: justify;\">Autorizaci\u00f3 <strong>sortida hora pati Batxillerat<\/strong>.<\/div>\n<\/td>\n<td style=\"width: 21.849656880733942%; height: 15px;\"><a href=\"https:\/\/agora.xtec.cat\/iescanpeixauet\/wp-content\/uploads\/usu1366\/2021\/06\/AUTORITZACI\u00d3-SORTIDA-BATXILLERAT-.pdf\">Pati Batxillerat<\/a><\/td>\n<td style=\"width: 45.75998710238594%; height: 15px;\"><\/td>\n<\/tr>\n<tr style=\"height: 47px;\">\n<td style=\"width: 50.428167889908266%; vertical-align: middle; height: 10px; text-align: justify;\">\n<div class=\"column\" style=\"text-align: justify;\">Autorizaci\u00f3 per a l&#8217;<strong>\u00fas de serveis i recursos digitals a internet<\/strong>.<\/div>\n<\/td>\n<td style=\"width: 21.849656880733942%; height: 10px;\"><a href=\"http:\/\/agora.xtec.cat\/iescanpeixauet\/wp-content\/uploads\/usu1366\/2016\/12\/AUTORITZACI\u00d3-SERVEIS-I-RECURSOS-DIGITALS.pdf\" target=\"_blank\" rel=\"noopener noreferrer\">Serveis i recursos digitals<\/a><\/td>\n<td style=\"width: 45.75998710238594%; height: 10px;\"><\/td>\n<\/tr>\n<tr style=\"height: 33px;\">\n<td style=\"width: 50.428167889908266%; vertical-align: middle; height: 10px; text-align: justify;\">\n<div class=\"page\" title=\"Page 1\">\n<div class=\"layoutArea\">\n<div class=\"column\">Document justificatiu de <strong>L&#8217;ABS\u00c8NCIA TEMPORAL DE L&#8217;ALUMNE\/A<\/strong><\/div>\n<\/div>\n<\/div>\n<\/td>\n<td style=\"width: 21.849656880733942%; height: 10px;\"><a href=\"https:\/\/agora.xtec.cat\/iescanpeixauet\/wp-content\/uploads\/usu1366\/2020\/09\/Autoritzaci\u00f3-abs\u00e8ncia-temporal.pdf\">Abs\u00e8ncia temporal<\/a><\/td>\n<td style=\"width: 45.75998710238594%; height: 10px;\"><\/td>\n<\/tr>\n<tr style=\"height: 33px;\">\n<td style=\"width: 50.428167889908266%; vertical-align: middle; height: 12px; text-align: justify;\">\n<div class=\"column\" style=\"text-align: justify;\">Document sobre la <strong>utilizaci\u00f3 d&#8217;aparells electr\u00f3nics<\/strong>\u00a0a l&#8217;Institut<\/div>\n<\/td>\n<td style=\"width: 21.849656880733942%; height: 12px;\"><a href=\"https:\/\/docs.google.com\/document\/d\/1Mx52UXexEKeUs5Nic_aN0JYDWkS3xrpVRtUYK3FPv1Y\/edit?usp=sharing\">Aparells electr\u00f2nics<\/a><\/td>\n<td style=\"width: 45.75998710238594%; height: 12px;\"><\/td>\n<\/tr>\n<tr class=\"ms-rteTableOddRow-default\" style=\"height: 36px;\">\n<td class=\"ms-rteTableEvenCol-default\" style=\"width: 50.428167889908266%; height: 10px; vertical-align: middle; text-align: justify;\" scope=\"rowgroup\"><span class=\"ms-rteThemeBackColor-1-0\" style=\"color: #808080;\"><span class=\"ms-rteFontSize-2\"><strong>Declaraci\u00f3 responsable<\/strong> per a les fam\u00edlies d\u2019alumnes d\u2019educaci\u00f3 secund\u00e0ria obligat\u00f2ria (per a alumnes<strong> menors de 18 anys<\/strong>)<\/span><\/span><\/td>\n<td class=\"ms-rteTableOddCol-default\" style=\"height: 10px; width: 21.849656880733942%;\" data-wp-editing=\"1\"><span style=\"color: #808080;\"><a style=\"color: #808080;\" href=\"https:\/\/agora.xtec.cat\/iescanpeixauet\/wp-content\/uploads\/usu1366\/2021\/09\/Declaracio-responsable-menors-18.pdf\" data-wp-editing=\"1\"><span class=\"ms-rteThemeBackColor-1-0\"><img decoding=\"async\" class=\"ms-asset-icon ms-rtePosition-4\" src=\"https:\/\/espai.educacio.gencat.cat\/_layouts\/images\/icpdf.png\" alt=\"\" \/>.A817 <\/span><span class=\"ms-rteThemeBackColor-1-0\">\u2013 700kb<\/span><\/a><\/span><\/td>\n<td class=\"ms-rteTableEvenCol-default\" style=\"height: 10px; width: 45.75998710238594%;\"><span style=\"color: #808080;\"><a style=\"color: #808080;\" title=\"Centres formadors\" href=\"http:\/\/ensenyament.gencat.cat\/ca\/actualitat\/coronavirus\/\"><span class=\"ms-rteThemeBackColor-1-0\">\u200bPortal<\/span><\/a><\/span><\/td>\n<\/tr>\n<tr class=\"ms-rteTableFooterRow-default\" style=\"height: 36px;\">\n<td class=\"ms-rteTableFooterEvenCol-default\" style=\"width: 50.428167889908266%; height: 36px; vertical-align: middle; text-align: justify;\" scope=\"rowgroup\"><span style=\"color: #808080;\">\u200b<span class=\"ms-rteThemeForeColor-2-0\"><strong>Declaraci\u00f3 responsable<\/strong> d\u2019alumnes <strong>majors de 18 anys<\/strong> (batxillerat i altres ensenyaments)<\/span><\/span><\/td>\n<td class=\"ms-rteTableFooterOddCol-default\" style=\"height: 36px; width: 21.849656880733942%;\"><span style=\"color: #808080;\"><a style=\"color: #808080;\" href=\"https:\/\/agora.xtec.cat\/iescanpeixauet\/wp-content\/uploads\/usu1366\/2021\/09\/Declaracio-responsable-majors-18.pdf\">\u200b<span class=\"ms-rteThemeBackColor-1-0\"><img decoding=\"async\" class=\"ms-asset-icon ms-rtePosition-4\" src=\"https:\/\/espai.educacio.gencat.cat\/_layouts\/images\/icpdf.png\" alt=\"\" \/>.A820 <\/span><span class=\"ms-rteThemeBackColor-1-0\">\u2013<span class=\"ms-rteThemeForeColor-2-0\"> 700kb<\/span><\/span><\/a><\/span><\/td>\n<td class=\"ms-rteTableFooterEvenCol-default\" style=\"height: 36px; width: 45.75998710238594%;\"><span style=\"color: #808080;\"><a style=\"color: #808080;\" title=\"Centres formadors\" href=\"http:\/\/ensenyament.gencat.cat\/ca\/actualitat\/coronavirus\/\"><span class=\"ms-rteThemeBackColor-1-0\">\u200bPortal<\/span><\/a>\u200b\u200b<\/span><\/td>\n<\/tr>\n<tr style=\"height: 10px;\">\n<td style=\"width: 50.428167889908266%; vertical-align: middle; text-align: justify; height: 10px;\"><span style=\"color: #808080;\">Autoritzaci\u00f3 per al procediment de gesti\u00f3 de casos i contactes de la covid-19 als centres educatius.<\/span><\/td>\n<td style=\"width: 21.849656880733942%; height: 10px;\"><span style=\"color: #808080;\"><a style=\"color: #808080;\" href=\"https:\/\/agora.xtec.cat\/iescanpeixauet\/wp-content\/uploads\/usu1366\/2021\/09\/Autoritzacions_Families_Inici_curs_21_22.pdf\">Autoritzaci\u00f3 fam\u00edlies<\/a><\/span><\/td>\n<td style=\"width: 45.75998710238594%; height: 10px;\"><span class=\"ms-rteThemeBackColor-1-0\">\u00a0<\/span><\/td>\n<\/tr>\n<tr style=\"height: 25px;\">\n<td style=\"width: 50.428167889908266%; vertical-align: middle; text-align: justify; height: 25px;\">Sol\u00b7licitud gen\u00e8rica<\/td>\n<td style=\"width: 21.849656880733942%; height: 25px;\"><a href=\"https:\/\/agora.xtec.cat\/iescanpeixauet\/wp-content\/uploads\/usu1366\/2020\/10\/sol\u00b7licitud_generica.pdf\">Sol\u00b7licitud gen\u00e8rica\u00a0<\/a><\/td>\n<td style=\"width: 45.75998710238594%; height: 25px;\"><span class=\"ms-rteThemeBackColor-1-0\">\u00a0<\/span><\/td>\n<\/tr>\n<\/tbody>\n<\/table>\n<p>&nbsp;<\/p>\n","protected":false},"excerpt":{"rendered":"<p>Aqu\u00ed podeu descarregar diversa documentaci\u00f3 d&#8217;\u00fas habitual al centre.<\/p>\n<p>\u200b\u200bNom del document\u200b<\/p>\n<p>Descarrega\u2019l<\/p>\n<p>M\u00e9s informaci\u00f3<\/p>\n<p>Full de demanda d&#8217;intervenci\u00f3 psicopedag\u00f2gica.<br \/>\n<a href=\"https:\/\/drive.google.com\/file\/d\/1F-he9bBflJsiuIL2Yy7wcxA644oKH4sp\/view?usp=sharing\">Derivaci\u00f3 Dep. d&#8217;Orientaci\u00f3<\/a><br \/>\n\u00a0<\/p>\n<p>Nota informativa AMPA [Curs 2020].<br \/>\n<a href=\"https:\/\/agora.xtec.cat\/iescanpeixauet\/wp-content\/uploads\/usu1366\/2020\/07\/AMPA-20-21.pdf\">Nota AMPA<\/a><br \/>\n\u00a0<\/p>\n<p>Document justificatiu d&#8217;assist\u00e8ncia al centre educatiu<br \/>\n<a href=\"https:\/\/drive.google.com\/file\/d\/1wsGI-hGQ8gwSMEtbFpkDPvxqLLN5_mQa\/view?usp=sharing\">Justificant fam\u00edlies<\/a><br \/>\n(Nom\u00e9s accessible professorat).<\/p>\n<p>Document d&#8217;AUTORITZACI\u00d3 DE VAGA DE L\u2019ALUMNAT\u00a0<br \/>\n<a href=\"https:\/\/docs.google.com\/document\/d\/13HzqD8eF-BDA2R060QZNOM0roogfowTt_g_LDIIntZk\/edit?usp=sharing\">Autoritzaci\u00f3 Vaga alumnat<\/a><br \/>\n(Nom\u00e9s grups de 3r,&hellip;  <a href=\"https:\/\/agora.xtec.cat\/iescanpeixauet\/administracio\/documents\/\" title=\"Read Documentaci\u00f3: Sol\u00b7licituds \/Comunicats \/ Autoritzacions\">Llegeix m\u00e9s\u00bb<\/a><\/p>\n","protected":false},"author":4,"featured_media":0,"parent":7876,"menu_order":20,"comment_status":"closed","ping_status":"closed","template":"page-templates\/side-menu.php","meta":{"_bbp_topic_count":0,"_bbp_reply_count":0,"_bbp_total_topic_count":0,"_bbp_total_reply_count":0,"_bbp_voice_count":0,"_bbp_anonymous_reply_count":0,"_bbp_topic_count_hidden":0,"_bbp_reply_count_hidden":0,"_bbp_forum_subforum_count":0,"footnotes":""},"class_list":["post-1199","page","type-page","status-publish","hentry"],"post_mailing_queue_ids":[],"_links":{"self":[{"href":"https:\/\/agora.xtec.cat\/iescanpeixauet\/wp-json\/wp\/v2\/pages\/1199","targetHints":{"allow":["GET"]}}],"collection":[{"href":"https:\/\/agora.xtec.cat\/iescanpeixauet\/wp-json\/wp\/v2\/pages"}],"about":[{"href":"https:\/\/agora.xtec.cat\/iescanpeixauet\/wp-json\/wp\/v2\/types\/page"}],"author":[{"embeddable":true,"href":"https:\/\/agora.xtec.cat\/iescanpeixauet\/wp-json\/wp\/v2\/users\/4"}],"replies":[{"embeddable":true,"href":"https:\/\/agora.xtec.cat\/iescanpeixauet\/wp-json\/wp\/v2\/comments?post=1199"}],"version-history":[{"count":8,"href":"https:\/\/agora.xtec.cat\/iescanpeixauet\/wp-json\/wp\/v2\/pages\/1199\/revisions"}],"predecessor-version":[{"id":10411,"href":"https:\/\/agora.xtec.cat\/iescanpeixauet\/wp-json\/wp\/v2\/pages\/1199\/revisions\/10411"}],"up":[{"embeddable":true,"href":"https:\/\/agora.xtec.cat\/iescanpeixauet\/wp-json\/wp\/v2\/pages\/7876"}],"wp:attachment":[{"href":"https:\/\/agora.xtec.cat\/iescanpeixauet\/wp-json\/wp\/v2\/media?parent=1199"}],"curies":[{"name":"wp","href":"https:\/\/api.w.org\/{rel}","templated":true}]}}