{"id":10459,"date":"2026-02-02T12:13:22","date_gmt":"2026-02-02T11:13:22","guid":{"rendered":"https:\/\/agora.xtec.cat\/iescanpeixauet\/?page_id=10459"},"modified":"2026-02-03T10:55:40","modified_gmt":"2026-02-03T09:55:40","slug":"erasmus","status":"publish","type":"page","link":"https:\/\/agora.xtec.cat\/iescanpeixauet\/erasmus\/","title":{"rendered":"ERASMUS+"},"content":{"rendered":"<p><img loading=\"lazy\" decoding=\"async\" class=\"wp-image-10460 size-medium alignleft\" src=\"https:\/\/agora.xtec.cat\/iescanpeixauet\/wp-content\/uploads\/usu1366\/2026\/02\/pngwing.com_-300x169.png\" alt=\"\" width=\"300\" height=\"169\" srcset=\"https:\/\/agora.xtec.cat\/iescanpeixauet\/wp-content\/uploads\/usu1366\/2026\/02\/pngwing.com_-300x169.png 300w, https:\/\/agora.xtec.cat\/iescanpeixauet\/wp-content\/uploads\/usu1366\/2026\/02\/pngwing.com_-768x432.png 768w, https:\/\/agora.xtec.cat\/iescanpeixauet\/wp-content\/uploads\/usu1366\/2026\/02\/pngwing.com_.png 1000w\" sizes=\"auto, (max-width: 300px) 100vw, 300px\" \/><\/p>\n<p>El programa <strong>ERASMUS<\/strong>, acr\u00f2nim del seu nom oficial en angl\u00e8s\u00a0<em>European Region Action Scheme for the Mobility of University Students<\/em>\u00a0(Pla Regional d\u2019Acci\u00f3 Europea per a la Mobilitat d\u2019Estudiants), conegut habitualment com la beca Erasmus o simplement l\u2019Erasmus, va ser creat per la Comissi\u00f3 Europea l\u2019any 1987 amb la finalitat de fomentar l\u2019intercanvi d\u2019estudiants dins de la Uni\u00f3 Europea.<\/p>\n<p>Aquest programa t\u00e9 com a objectiu principal impulsar la mobilitat acad\u00e8mica tant del professorat com de l\u2019alumnat, aix\u00ed com promoure la cooperaci\u00f3, la qualitat educativa, la inclusi\u00f3 i l\u2019equitat, l\u2019excel\u00b7l\u00e8ncia, la creativitat i la innovaci\u00f3. Tot aix\u00f2 es desenvolupa a trav\u00e9s de l\u2019aprenentatge al llarg de la vida i del creixement educatiu, professional i personal en els \u00e0mbits de l\u2019educaci\u00f3 i la formaci\u00f3, la joventut i l\u2019esport.<\/p>\n<p>Mitjan\u00e7ant aquesta iniciativa es vol contribuir al desenvolupament sostenible, a la creaci\u00f3 d\u2019ocupaci\u00f3 de qualitat i a la cohesi\u00f3 social, alhora que es fomenta la innovaci\u00f3 i es refor\u00e7a la identitat europea, la ciutadania activa i la participaci\u00f3 democr\u00e0tica.<\/p>\n<p>El nostre institut vol iniciar el seu proc\u00e9s d\u2019internacionalitzaci\u00f3 i, per aquest motiu, enguany s&#8217;ha constitu\u00eft l&#8217;equip Impulsor d&#8217;Erasmus+. En aquest\u00a0<strong><span style=\"text-decoration: underline;\"><a href=\"https:\/\/sites.google.com\/inscanpeixauet.cat\/erasmus\/p%C3%A0gina-dinici\" target=\"_blank\" rel=\"noopener\" data-saferedirecturl=\"https:\/\/www.google.com\/url?q=https:\/\/sites.google.com\/inscanpeixauet.cat\/erasmus\/p%25C3%25A0gina-dinici&amp;source=gmail&amp;ust=1770191924466000&amp;usg=AOvVaw3t4EX7IQbna-kju8eXQ8Mk\">sites<\/a><\/span><\/strong> trobareu tota la informaci\u00f3 relativa al projecte.<\/p>\n<div class=\"entry-text hide fadeInUp\" data-wow-delay=\"1.4s\" data-wow-duration=\"1s\">\n","protected":false},"excerpt":{"rendered":"<p>El programa ERASMUS, acr\u00f2nim del seu nom oficial en angl\u00e8s\u00a0European Region Action Scheme for the Mobility of University Students\u00a0(Pla Regional d\u2019Acci\u00f3 Europea per a la Mobilitat d\u2019Estudiants), conegut habitualment com la beca Erasmus o simplement l\u2019Erasmus, va ser creat per la Comissi\u00f3 Europea l\u2019any 1987&hellip;  <a href=\"https:\/\/agora.xtec.cat\/iescanpeixauet\/erasmus\/\" title=\"Read ERASMUS+\">Llegeix m\u00e9s\u00bb<\/a><\/p>\n","protected":false},"author":4,"featured_media":0,"parent":0,"menu_order":0,"comment_status":"closed","ping_status":"closed","template":"","meta":{"_bbp_topic_count":0,"_bbp_reply_count":0,"_bbp_total_topic_count":0,"_bbp_total_reply_count":0,"_bbp_voice_count":0,"_bbp_anonymous_reply_count":0,"_bbp_topic_count_hidden":0,"_bbp_reply_count_hidden":0,"_bbp_forum_subforum_count":0,"footnotes":""},"class_list":["post-10459","page","type-page","status-publish","hentry"],"post_mailing_queue_ids":[],"_links":{"self":[{"href":"https:\/\/agora.xtec.cat\/iescanpeixauet\/wp-json\/wp\/v2\/pages\/10459","targetHints":{"allow":["GET"]}}],"collection":[{"href":"https:\/\/agora.xtec.cat\/iescanpeixauet\/wp-json\/wp\/v2\/pages"}],"about":[{"href":"https:\/\/agora.xtec.cat\/iescanpeixauet\/wp-json\/wp\/v2\/types\/page"}],"author":[{"embeddable":true,"href":"https:\/\/agora.xtec.cat\/iescanpeixauet\/wp-json\/wp\/v2\/users\/4"}],"replies":[{"embeddable":true,"href":"https:\/\/agora.xtec.cat\/iescanpeixauet\/wp-json\/wp\/v2\/comments?post=10459"}],"version-history":[{"count":6,"href":"https:\/\/agora.xtec.cat\/iescanpeixauet\/wp-json\/wp\/v2\/pages\/10459\/revisions"}],"predecessor-version":[{"id":10483,"href":"https:\/\/agora.xtec.cat\/iescanpeixauet\/wp-json\/wp\/v2\/pages\/10459\/revisions\/10483"}],"wp:attachment":[{"href":"https:\/\/agora.xtec.cat\/iescanpeixauet\/wp-json\/wp\/v2\/media?parent=10459"}],"curies":[{"name":"wp","href":"https:\/\/api.w.org\/{rel}","templated":true}]}}