{"id":10318,"date":"2025-11-25T10:47:29","date_gmt":"2025-11-25T09:47:29","guid":{"rendered":"https:\/\/agora.xtec.cat\/iescanpeixauet\/?page_id=10318"},"modified":"2026-02-20T13:21:48","modified_gmt":"2026-02-20T12:21:48","slug":"inspirat-vivencies-dexalumnes","status":"publish","type":"page","link":"https:\/\/agora.xtec.cat\/iescanpeixauet\/inspirat-vivencies-dexalumnes\/","title":{"rendered":"INSPIRA\u2019T. VIV\u00c8NCIES D\u2019EXALUMNES"},"content":{"rendered":"<p><a href=\"https:\/\/agora.xtec.cat\/iescanpeixauet\/wp-content\/uploads\/usu1366\/2025\/11\/INSPIRAT-NANNER-2.png\"><img loading=\"lazy\" decoding=\"async\" class=\"size-medium wp-image-10281 alignleft\" src=\"https:\/\/agora.xtec.cat\/iescanpeixauet\/wp-content\/uploads\/usu1366\/2025\/11\/INSPIRAT-NANNER-2-300x87.png\" alt=\"\" width=\"300\" height=\"87\" srcset=\"https:\/\/agora.xtec.cat\/iescanpeixauet\/wp-content\/uploads\/usu1366\/2025\/11\/INSPIRAT-NANNER-2-300x87.png 300w, https:\/\/agora.xtec.cat\/iescanpeixauet\/wp-content\/uploads\/usu1366\/2025\/11\/INSPIRAT-NANNER-2-1024x295.png 1024w, https:\/\/agora.xtec.cat\/iescanpeixauet\/wp-content\/uploads\/usu1366\/2025\/11\/INSPIRAT-NANNER-2-768x222.png 768w, https:\/\/agora.xtec.cat\/iescanpeixauet\/wp-content\/uploads\/usu1366\/2025\/11\/INSPIRAT-NANNER-2-1536x443.png 1536w, https:\/\/agora.xtec.cat\/iescanpeixauet\/wp-content\/uploads\/usu1366\/2025\/11\/INSPIRAT-NANNER-2.png 1952w\" sizes=\"auto, (max-width: 300px) 100vw, 300px\" \/><\/a><span style=\"font-weight: 400;\"><em><strong>Inspira\u2019t<\/strong><\/em> \u00e9s la nova secci\u00f3 de la nostra p\u00e0gina web. \u00c9s un espai on s\u2019hi recopilen viv\u00e8ncies al nostre centre. Aqu\u00ed hi podreu trobar entrevistes amb exalumnes que van estudiar l\u2019ESO i el batxillerat a l\u2019INS Can Peixauet. Ara cursen estudis superiors (grau universitari\u00a0 o cicles formatius) o han entrat al m\u00f3n laboral.\u00a0<\/span><\/p>\n<p><span style=\"font-weight: 400;\">Cada mes publicarem una entrevista on podreu llegir, entre d\u2019altres coses, com van viure el seu pas pel centre, les experi\u00e8ncies que m\u00e9s els van marcar o com van decidir el que volien estudiar despr\u00e9s.<\/span><\/p>\n<p><span style=\"font-weight: 400;\">Esperem que siguin una font d\u2019inspiraci\u00f3 per a tots vosaltres i tamb\u00e9 un bon record per a tots aquells que vau compartir aula amb ells.<\/span><\/p>\n<hr \/>\n<p>Entrevistes:<\/p>\n<ul>\n<li><a style=\"color: #2795b6;\" href=\"https:\/\/docs.google.com\/document\/d\/1uki0g8Fl2NgWvWwXaJ244ptoR7T_A6QKBUwU6OltA3o\/edit?usp=sharing\" target=\"_blank\" rel=\"noopener\"><b>RA\u00daL S\u00c1NCHEZ.\u00a0<\/b>Grau d&#8217;Enginyeria Electr\u00f2nica Industrial i Autom\u00e0tica\u00a0a la Universitat Polit\u00e8cnica de Catalunya (UPC).<\/a><\/li>\n<li><a href=\"https:\/\/docs.google.com\/document\/d\/1D_j04YGHqhDYJrLRb6gfklFbrNPtxUSdFss2xvsGfCs\/edit?usp=sharing\" target=\"_blank\" rel=\"noopener\"><b>AINA G\u00d3MEZ.\u00a0<\/b>Publicitat i Relacions P\u00fabliques<b><span style=\"font-weight: 400;\">\u00a0a la\u00a0<\/span><i><span style=\"font-weight: 400;\">Universitat Pompeu Fabra.\u00a0<\/span><\/i><\/b>(UPF)<\/a><\/li>\n<li><a href=\"https:\/\/docs.google.com\/document\/d\/17MJlGeUVWhY3A4YANnLGFxjQNa0v4VyBsEQynqIr_0A\/edit?tab=t.0\" target=\"_blank\" rel=\"noopener\"><strong>QUINT\u00cd CABA\u00d1AS<\/strong>. <span style=\"font-weight: 400;\">Cicle Formatiu de <\/span><b>Grau Superior de Programaci\u00f3 de la Producci\u00f3 en Fabricaci\u00f3 Mec\u00e0nica<\/b><span style=\"font-weight: 400;\"> a l\u2019Escola d\u2019Aprenents de SEAT.<\/span><\/a><\/li>\n<li><a href=\"https:\/\/docs.google.com\/document\/d\/1SAbjhlb2H41yqntaxTwRMfvJm0Ymt2qab6plOZYk04Q\/edit?tab=t.0\" target=\"_blank\" rel=\"noopener\"><strong><strong>EMILY MOREIRA. <\/strong><\/strong>Estudiant de <b style=\"font-family: inherit; font-size: 1em;\">dansa<\/b><span style=\"font-weight: 400;\"> al Conservatori de Dansa de l\u2019Institut del Teatre<\/span><\/a><\/li>\n<\/ul>\n<p>PROPERAMENT:<\/p>\n<ul>\n<li><b style=\"font-family: inherit; font-size: 1em;\">LAURA GARC\u00cdA SERNA. <span style=\"font-weight: 400;\">Cicle Superior de T\u00e8cnic de Laboratori Cl\u00ednic i Biom\u00e8dic.<\/span><\/b><\/li>\n<li><strong>MARC P\u00c9REZ. <span style=\"font-weight: 400;\">Doble grau d\u2019Enginyeria Mec\u00e0nica i Electr\u00f2nica a la Universitat Polit\u00e8cnica de Catalunya (UPC).<\/span><\/strong><\/li>\n<li><\/li>\n<\/ul>\n","protected":false},"excerpt":{"rendered":"<p><a href=\"https:\/\/agora.xtec.cat\/iescanpeixauet\/wp-content\/uploads\/usu1366\/2025\/11\/INSPIRAT-NANNER-2.png\"><\/a>Inspira\u2019t \u00e9s la nova secci\u00f3 de la nostra p\u00e0gina web. \u00c9s un espai on s\u2019hi recopilen viv\u00e8ncies al nostre centre. Aqu\u00ed hi podreu trobar entrevistes amb exalumnes que van estudiar l\u2019ESO i el batxillerat a l\u2019INS Can Peixauet. Ara cursen estudis superiors (grau universitari\u00a0&hellip;  <a href=\"https:\/\/agora.xtec.cat\/iescanpeixauet\/inspirat-vivencies-dexalumnes\/\" title=\"Read INSPIRA\u2019T. VIV\u00c8NCIES D\u2019EXALUMNES\">Llegeix m\u00e9s\u00bb<\/a><\/p>\n","protected":false},"author":4,"featured_media":0,"parent":0,"menu_order":0,"comment_status":"closed","ping_status":"closed","template":"","meta":{"_bbp_topic_count":0,"_bbp_reply_count":0,"_bbp_total_topic_count":0,"_bbp_total_reply_count":0,"_bbp_voice_count":0,"_bbp_anonymous_reply_count":0,"_bbp_topic_count_hidden":0,"_bbp_reply_count_hidden":0,"_bbp_forum_subforum_count":0,"footnotes":""},"class_list":["post-10318","page","type-page","status-publish","hentry"],"post_mailing_queue_ids":[],"_links":{"self":[{"href":"https:\/\/agora.xtec.cat\/iescanpeixauet\/wp-json\/wp\/v2\/pages\/10318","targetHints":{"allow":["GET"]}}],"collection":[{"href":"https:\/\/agora.xtec.cat\/iescanpeixauet\/wp-json\/wp\/v2\/pages"}],"about":[{"href":"https:\/\/agora.xtec.cat\/iescanpeixauet\/wp-json\/wp\/v2\/types\/page"}],"author":[{"embeddable":true,"href":"https:\/\/agora.xtec.cat\/iescanpeixauet\/wp-json\/wp\/v2\/users\/4"}],"replies":[{"embeddable":true,"href":"https:\/\/agora.xtec.cat\/iescanpeixauet\/wp-json\/wp\/v2\/comments?post=10318"}],"version-history":[{"count":6,"href":"https:\/\/agora.xtec.cat\/iescanpeixauet\/wp-json\/wp\/v2\/pages\/10318\/revisions"}],"predecessor-version":[{"id":10536,"href":"https:\/\/agora.xtec.cat\/iescanpeixauet\/wp-json\/wp\/v2\/pages\/10318\/revisions\/10536"}],"wp:attachment":[{"href":"https:\/\/agora.xtec.cat\/iescanpeixauet\/wp-json\/wp\/v2\/media?parent=10318"}],"curies":[{"name":"wp","href":"https:\/\/api.w.org\/{rel}","templated":true}]}}