{"id":848,"date":"2021-02-15T10:37:32","date_gmt":"2021-02-15T09:37:32","guid":{"rendered":"https:\/\/agora.xtec.cat\/iescanmas\/?page_id=848"},"modified":"2021-02-15T11:18:37","modified_gmt":"2021-02-15T10:18:37","slug":"tecnologia","status":"publish","type":"page","link":"https:\/\/agora.xtec.cat\/iescanmas\/departaments\/tecnologia\/","title":{"rendered":"Tecnologia"},"content":{"rendered":"<p><a href=\"https:\/\/agora.xtec.cat\/iescanmas\/wp-content\/uploads\/usu2226\/2021\/02\/Tecnologia.jpg\"><img loading=\"lazy\" decoding=\"async\" class=\"wp-image-891 alignleft\" src=\"https:\/\/agora.xtec.cat\/iescanmas\/wp-content\/uploads\/usu2226\/2021\/02\/Tecnologia.jpg\" alt=\"\" width=\"293\" height=\"150\" srcset=\"https:\/\/agora.xtec.cat\/iescanmas\/wp-content\/uploads\/usu2226\/2021\/02\/Tecnologia.jpg 720w, https:\/\/agora.xtec.cat\/iescanmas\/wp-content\/uploads\/usu2226\/2021\/02\/Tecnologia-300x153.jpg 300w\" sizes=\"auto, (max-width: 293px) 100vw, 293px\" \/><\/a><\/p>\n<div class=\"text-section\">\n<p>L\u00b4assignatura de\u00a0<strong>Tecnologia<\/strong>\u00a0i els seus continguts es distribueix al llarg de la ESO i del batxillerat. De 1r a 3r d\u00b4ESO l\u00b4assignatura es obligat\u00f2ria i disposa de 2 hores setmanals. A 4t d\u00b4ESO l\u00b4assignatura es optativa i te una dotaci\u00f3 de 3 hores setmanals. Aquesta\u00a0<strong>Tecnologia de 4t d\u00b4ESO\u00a0<\/strong>ara es converteix en\u00a0<strong>Tecnologia i Rob\u00f2tica<\/strong>\u00a0 i \u00e9s molt recomanable que la cursin aquells alumnes que vulguin fer un batxillerat tecnol\u00f2gic ja que forma part del conjunt de mat\u00e8ries\u00a0 de l\u00b4itinerari cient\u00edfic i tecnol\u00f2gic d\u00b4aquest curs que ofereix aquest centre.<\/p>\n<p>A 4t tamb\u00e9 hi ha una altra assignatura optativa que \u00e9s\u00a0<strong>Inform\u00e0tica ( TIC )<\/strong>\u00a0amb una dotaci\u00f3 de 3 hores setmanals oberta a tot l\u00b4alumnat. de l\u00b4itinerari de cicles formatius.<\/p>\n<p>Finalment a 4t d\u00b4ESO, dins de la franja d\u00b4optatives del Projecte\u00a0 (\u00a0<strong>Producci\u00f3 d\u00b4un musical<\/strong>\u00a0), tenim una altra optativa anomenada\u00a0<strong>Info_Tecno\u00a0<\/strong>de 3 hores setmanals oberta a tot l\u00b4alumnat<\/p>\n<p>Al batxillerat i dins de l\u00b4itinerari tecnol\u00f2gic disposem de de l\u00b4assignatura de\u00a0<strong>Tecnologia Industrial<\/strong>\u00a0tant a primer curs com a segon i l\u00b4assignatura d\u00b4<strong>Electrot\u00e8cnia<\/strong>\u00a0a segon curs. Totes aquestes assignatures tenen una dotaci\u00f3 de 4 hores setmanals.<\/p>\n<p>En resum tenim el seg\u00fcent :<\/p>\n<ul>\n<li><strong>Tecnologia de 1r a 3r d\u00b4ESO<\/strong>\u00a0(2 h setmanals ).<\/li>\n<li>Tecnologia 4t ESO\n<ul>\n<li><strong>Tecnologia i Rob\u00f2tica<\/strong>&#8212;&#8212;- alumnes itinerari cientific-tecnol\u00f2gic ( 3 h\/ setmana )<\/li>\n<li><strong>Inform\u00e0tica ( TIC )<\/strong>&#8212;&#8212;&#8212; alumnes itinerari cicles formatius ( 3 h\/ setmana ).<\/li>\n<li><strong>Info_Tecno ( Projecte 4t )<\/strong>&#8212;&#8212;- tots els alumnes ( 3h\/ setmana )<\/li>\n<\/ul>\n<\/li>\n<li>1r Batxillerat &#8212;&#8212;&#8211;\u00a0<strong>Tecnologia Industrial I\u00a0<\/strong>\u00a0( 4 h\/ setmana )<\/li>\n<li>2n Batxillerat&#8212;&#8212;&#8212;\u00a0<strong>Tecnologia Industrial II<\/strong>\u00a0( 4 h\/ setmana ),\u00a0<strong>Electrot\u00e8cnia<\/strong>\u00a0( 4h\/ setmana ).<\/li>\n<\/ul>\n<\/div>\n<div class=\"row\">\n<div class=\"col-sm-4\">\n<div class=\"text-section\">\n<p><strong>CONTINGUTS 1R CURS<\/strong>\u00a0:<\/p>\n<ol>\n<li>Eines i Materials.<\/li>\n<li>Dibuix T\u00e8cnic.<\/li>\n<li>Proc\u00e9s Tecnol\u00f2gic.<\/li>\n<li>Projecte Taller Tecnologia.<\/li>\n<li>Components ordinador i recursos TIC<\/li>\n<\/ol>\n<\/div>\n<\/div>\n<div class=\"col-sm-4\">\n<div class=\"text-section\">\n<p><strong>CONTINGUTS 2N CURS<\/strong><\/p>\n<ol>\n<li>Circuits El\u00e8ctrics.<\/li>\n<li>Simulacions de circuits el\u00e8ctrics.<\/li>\n<li>Energies. Energies renovables.<\/li>\n<li>Projecte Taller Tecnologia.<\/li>\n<li>Recursos TIC<\/li>\n<\/ol>\n<\/div>\n<\/div>\n<\/div>\n","protected":false},"excerpt":{"rendered":"<p>L\u00b4assignatura de\u00a0Tecnologia\u00a0i els seus continguts es distribueix al llarg de la ESO i del batxillerat. De 1r a 3r d\u00b4ESO l\u00b4assignatura es obligat\u00f2ria i disposa de 2 hores setmanals. A 4t d\u00b4ESO l\u00b4assignatura es optativa i te una dotaci\u00f3 de 3 hores setmanals. Aquesta\u00a0Tecnologia de 4t d\u00b4ESO\u00a0ara es converteix en\u00a0Tecnologia i Rob\u00f2tica\u00a0 i \u00e9s molt [&hellip;]<\/p>\n","protected":false},"author":6,"featured_media":0,"parent":828,"menu_order":70,"comment_status":"closed","ping_status":"closed","template":"page-templates\/side-menu.php","meta":{"_bbp_topic_count":0,"_bbp_reply_count":0,"_bbp_total_topic_count":0,"_bbp_total_reply_count":0,"_bbp_voice_count":0,"_bbp_anonymous_reply_count":0,"_bbp_topic_count_hidden":0,"_bbp_reply_count_hidden":0,"_bbp_forum_subforum_count":0,"site-sidebar-layout":"default","site-content-layout":"","ast-site-content-layout":"","site-content-style":"default","site-sidebar-style":"default","ast-global-header-display":"","ast-banner-title-visibility":"","ast-main-header-display":"","ast-hfb-above-header-display":"","ast-hfb-below-header-display":"","ast-hfb-mobile-header-display":"","site-post-title":"","ast-breadcrumbs-content":"","ast-featured-img":"","footer-sml-layout":"","theme-transparent-header-meta":"","adv-header-id-meta":"","stick-header-meta":"","header-above-stick-meta":"","header-main-stick-meta":"","header-below-stick-meta":"","astra-migrate-meta-layouts":"default","ast-page-background-enabled":"default","ast-page-background-meta":{"desktop":{"background-color":"var(--ast-global-color-4)","background-image":"","background-repeat":"repeat","background-position":"center center","background-size":"auto","background-attachment":"scroll","background-type":"","background-media":"","overlay-type":"","overlay-color":"","overlay-opacity":"","overlay-gradient":""},"tablet":{"background-color":"","background-image":"","background-repeat":"repeat","background-position":"center center","background-size":"auto","background-attachment":"scroll","background-type":"","background-media":"","overlay-type":"","overlay-color":"","overlay-opacity":"","overlay-gradient":""},"mobile":{"background-color":"","background-image":"","background-repeat":"repeat","background-position":"center center","background-size":"auto","background-attachment":"scroll","background-type":"","background-media":"","overlay-type":"","overlay-color":"","overlay-opacity":"","overlay-gradient":""}},"ast-content-background-meta":{"desktop":{"background-color":"var(--ast-global-color-5)","background-image":"","background-repeat":"repeat","background-position":"center center","background-size":"auto","background-attachment":"scroll","background-type":"","background-media":"","overlay-type":"","overlay-color":"","overlay-opacity":"","overlay-gradient":""},"tablet":{"background-color":"var(--ast-global-color-5)","background-image":"","background-repeat":"repeat","background-position":"center center","background-size":"auto","background-attachment":"scroll","background-type":"","background-media":"","overlay-type":"","overlay-color":"","overlay-opacity":"","overlay-gradient":""},"mobile":{"background-color":"var(--ast-global-color-5)","background-image":"","background-repeat":"repeat","background-position":"center center","background-size":"auto","background-attachment":"scroll","background-type":"","background-media":"","overlay-type":"","overlay-color":"","overlay-opacity":"","overlay-gradient":""}},"footnotes":""},"class_list":["post-848","page","type-page","status-publish","hentry"],"post_mailing_queue_ids":[],"_links":{"self":[{"href":"https:\/\/agora.xtec.cat\/iescanmas\/wp-json\/wp\/v2\/pages\/848","targetHints":{"allow":["GET"]}}],"collection":[{"href":"https:\/\/agora.xtec.cat\/iescanmas\/wp-json\/wp\/v2\/pages"}],"about":[{"href":"https:\/\/agora.xtec.cat\/iescanmas\/wp-json\/wp\/v2\/types\/page"}],"author":[{"embeddable":true,"href":"https:\/\/agora.xtec.cat\/iescanmas\/wp-json\/wp\/v2\/users\/6"}],"replies":[{"embeddable":true,"href":"https:\/\/agora.xtec.cat\/iescanmas\/wp-json\/wp\/v2\/comments?post=848"}],"version-history":[{"count":3,"href":"https:\/\/agora.xtec.cat\/iescanmas\/wp-json\/wp\/v2\/pages\/848\/revisions"}],"predecessor-version":[{"id":893,"href":"https:\/\/agora.xtec.cat\/iescanmas\/wp-json\/wp\/v2\/pages\/848\/revisions\/893"}],"up":[{"embeddable":true,"href":"https:\/\/agora.xtec.cat\/iescanmas\/wp-json\/wp\/v2\/pages\/828"}],"wp:attachment":[{"href":"https:\/\/agora.xtec.cat\/iescanmas\/wp-json\/wp\/v2\/media?parent=848"}],"curies":[{"name":"wp","href":"https:\/\/api.w.org\/{rel}","templated":true}]}}