{"id":21,"date":"2014-09-17T16:14:14","date_gmt":"2014-09-17T16:14:14","guid":{"rendered":"http:\/\/agora.xtec.cat\/iescanmas\/?page_id=21"},"modified":"2025-01-20T13:34:16","modified_gmt":"2025-01-20T12:34:16","slug":"on-som","status":"publish","type":"page","link":"https:\/\/agora.xtec.cat\/iescanmas\/linstitut\/on-som\/","title":{"rendered":"On som"},"content":{"rendered":"<h3 style=\"color: #666666;\"><strong>Institut Can Mas<\/strong><\/h3>\n<p style=\"color: #666666;\"><strong>Adre\u00e7a:<\/strong> C\/ Pau Casals, 102 -104<br \/>\n<strong>Codi Postal:<\/strong> 08291<br \/>\n<strong>Ciutat:<\/strong> Ripollet<br \/>\n<strong>Prov\u00edncia:<\/strong> Barcelona<br \/>\n<strong>Tel\u00e8fon:<\/strong> 93 594 48 80<br \/>\n<strong>Fax:<\/strong> 93 594 48 82<\/p>\n<div class=\"text-section\">\n<p>El centre es troba al Carrer Pau Casals 102-104 de Ripollet. A nom\u00e9s 3-4 minuts en cotxe de la entrada o sortida de l&#8217;autopista C58.<\/p>\n<\/div>\n<p><a href=\"https:\/\/agora.xtec.cat\/iescanmas\/wp-content\/uploads\/usu2226\/2021\/02\/DSC_0718.jpg\"><img loading=\"lazy\" decoding=\"async\" class=\"alignnone size-full wp-image-1265\" src=\"https:\/\/agora.xtec.cat\/iescanmas\/wp-content\/uploads\/usu2226\/2021\/02\/DSC_0718.jpg\" alt=\"\" width=\"800\" height=\"533\" srcset=\"https:\/\/agora.xtec.cat\/iescanmas\/wp-content\/uploads\/usu2226\/2021\/02\/DSC_0718.jpg 800w, https:\/\/agora.xtec.cat\/iescanmas\/wp-content\/uploads\/usu2226\/2021\/02\/DSC_0718-300x200.jpg 300w, https:\/\/agora.xtec.cat\/iescanmas\/wp-content\/uploads\/usu2226\/2021\/02\/DSC_0718-768x512.jpg 768w\" sizes=\"auto, (max-width: 800px) 100vw, 800px\" \/><\/a><\/p>\n<div class=\"text-section\">\n<p>Es tracta d&#8217;un \u00e0rea amb f\u00e0cil aparcament ja que es troba en una zona perim\u00e8trica del poble.<\/p>\n<p>Al mapa seg\u00fcent t&#8217;ubicar\u00e0s molt f\u00e0cilment.<\/p>\n<\/div>\n<p><iframe loading=\"lazy\" src=\"https:\/\/www.google.com\/maps\/embed?pb=!1m18!1m12!1m3!1d2988.233975468131!2d2.163443115742872!3d41.49920419701809!2m3!1f0!2f0!3f0!3m2!1i1024!2i768!4f13.1!3m3!1m2!1s0x12a4bddfc5bee219%3A0xdba57a645491a8ee!2sCarrer%20Pau%20Casals%2C%20102%2C%2008291%20Ripollet%2C%20Barcelona!5e0!3m2!1sca!2ses!4v1612946693672!5m2!1sca!2ses\" width=\"600\" height=\"450\" frameborder=\"0\" aria-hidden=\"false\"><\/iframe><br \/>\n<strong>Com arribar-hi:<br \/>\n<\/strong><\/p>\n<ul>\n<li>Per tren: Estaci\u00f3 Cerdanyola<\/li>\n<li>Per bus: L\u00ednies 648 i B2<\/li>\n<\/ul>\n<p><strong>Escoles adscrites a l&#8217;institut:<br \/>\n<\/strong>Escola Gass\u00f3, Escola Tatch\u00e9<\/p>\n<p>&nbsp;<\/p>\n<p><strong>CORREUS ELECTR\u00d2NICS DE CONTACTE<\/strong><\/p>\n<p><strong style=\"font-size: medium; font-family: inherit; line-height: 1.6;\">Secretaria Tr\u00e0mits<br \/>\n<\/strong><\/p>\n<p>Per sol\u00b7licitar documents, certificats, comunicar ajuda amb llic\u00e8ncies i\/o ordinadors, &#8230;<\/p>\n<ul>\n<li><span style=\"font-size: medium;\">Tr\u00e0mits: <a href=\"mailto:secretaria_tramits@inscanmas.cat\">secretaria_tramits@inscanmas.cat<\/a><\/span><\/li>\n<li><\/li>\n<li>Atenci\u00f3: Per fer el lliurament heu de venir presencialment al centre amb el vostre DNI. Us donarem cita pr\u00e8via pel mateix correu electr\u00f2nic: <strong>secretaria_tramits@inscanmas.cat. <\/strong>En cas de no poder presencialment en persona heu d&#8217;autoritzar un altre persona la qual haur\u00e0 de portar l&#8217;autoritzaci\u00f3 signada per les dues persones i fotoc\u00f2pia del DNI tamb\u00e9 de les dues persones.<\/li>\n<\/ul>\n<p><strong>Justificants<br \/>\n<\/strong><\/p>\n<p>Per justificar faltes d&#8217;assist\u00e8ncia, adjuntant justificant m\u00e8dic i d&#8217;altres documents.<\/p>\n<ul>\n<li>Justificants: <a href=\"mailto:justificants@inscanmas.cat\">justificants@inscanmas.cat<\/a><\/li>\n<\/ul>\n<p><strong>\u00c0rea TIC<br \/>\n<\/strong><\/p>\n<p>Per notificar i resoldre problemes t\u00e8cnics amb ordinador, correu, incid\u00e8ncies amb el wifi, &#8230;)<\/p>\n<ul>\n<li>TIC: <a href=\"mailto:tic@inscanmas.cat\">tic@inscanmas.cat<\/a><\/li>\n<\/ul>\n<p><span style=\"font-size: medium;\"><strong>ALTRES CONTACTES:<\/strong><\/span><\/p>\n<p><strong>AFA<br \/>\n<\/strong><\/p>\n<p>Per contactar amb l&#8217;AFA, gestionar la devoluci\u00f3 de la quota en cas de duplicitats (germans), &#8230;<\/p>\n<ul>\n<li>AMPA: <a href=\"mailto:ampaicanmas@gmail.com\">afacanmas<span class=\"\">@<\/span>gmail.com<\/a><\/li>\n<\/ul>\n<p><strong>Cantina<br \/>\n<\/strong><\/p>\n<p>Per poder encarregar entrep\u00e0 i evitar cues.<\/p>\n<ul>\n<li>Cantina: <a href=\"mailto:cantina@inscanmas.cat\">cantina@inscanmas.cat<\/a><\/li>\n<\/ul>\n","protected":false},"excerpt":{"rendered":"<p>Institut Can Mas Adre\u00e7a: C\/ Pau Casals, 102 -104 Codi Postal: 08291 Ciutat: Ripollet Prov\u00edncia: Barcelona Tel\u00e8fon: 93 594 48 80 Fax: 93 594 48 82 El centre es troba al Carrer Pau Casals 102-104 de Ripollet. A nom\u00e9s 3-4 minuts en cotxe de la entrada o sortida de l&#8217;autopista C58. Es tracta d&#8217;un \u00e0rea [&hellip;]<\/p>\n","protected":false},"author":1,"featured_media":0,"parent":19,"menu_order":10,"comment_status":"closed","ping_status":"closed","template":"page-templates\/side-menu.php","meta":{"_bbp_topic_count":0,"_bbp_reply_count":0,"_bbp_total_topic_count":0,"_bbp_total_reply_count":0,"_bbp_voice_count":0,"_bbp_anonymous_reply_count":0,"_bbp_topic_count_hidden":0,"_bbp_reply_count_hidden":0,"_bbp_forum_subforum_count":0,"site-sidebar-layout":"default","site-content-layout":"","ast-site-content-layout":"","site-content-style":"default","site-sidebar-style":"default","ast-global-header-display":"","ast-banner-title-visibility":"","ast-main-header-display":"","ast-hfb-above-header-display":"","ast-hfb-below-header-display":"","ast-hfb-mobile-header-display":"","site-post-title":"","ast-breadcrumbs-content":"","ast-featured-img":"","footer-sml-layout":"","theme-transparent-header-meta":"","adv-header-id-meta":"","stick-header-meta":"","header-above-stick-meta":"","header-main-stick-meta":"","header-below-stick-meta":"","astra-migrate-meta-layouts":"default","ast-page-background-enabled":"default","ast-page-background-meta":{"desktop":{"background-color":"var(--ast-global-color-4)","background-image":"","background-repeat":"repeat","background-position":"center center","background-size":"auto","background-attachment":"scroll","background-type":"","background-media":"","overlay-type":"","overlay-color":"","overlay-opacity":"","overlay-gradient":""},"tablet":{"background-color":"","background-image":"","background-repeat":"repeat","background-position":"center center","background-size":"auto","background-attachment":"scroll","background-type":"","background-media":"","overlay-type":"","overlay-color":"","overlay-opacity":"","overlay-gradient":""},"mobile":{"background-color":"","background-image":"","background-repeat":"repeat","background-position":"center center","background-size":"auto","background-attachment":"scroll","background-type":"","background-media":"","overlay-type":"","overlay-color":"","overlay-opacity":"","overlay-gradient":""}},"ast-content-background-meta":{"desktop":{"background-color":"var(--ast-global-color-5)","background-image":"","background-repeat":"repeat","background-position":"center center","background-size":"auto","background-attachment":"scroll","background-type":"","background-media":"","overlay-type":"","overlay-color":"","overlay-opacity":"","overlay-gradient":""},"tablet":{"background-color":"var(--ast-global-color-5)","background-image":"","background-repeat":"repeat","background-position":"center center","background-size":"auto","background-attachment":"scroll","background-type":"","background-media":"","overlay-type":"","overlay-color":"","overlay-opacity":"","overlay-gradient":""},"mobile":{"background-color":"var(--ast-global-color-5)","background-image":"","background-repeat":"repeat","background-position":"center center","background-size":"auto","background-attachment":"scroll","background-type":"","background-media":"","overlay-type":"","overlay-color":"","overlay-opacity":"","overlay-gradient":""}},"footnotes":""},"class_list":["post-21","page","type-page","status-publish","hentry"],"post_mailing_queue_ids":[],"_links":{"self":[{"href":"https:\/\/agora.xtec.cat\/iescanmas\/wp-json\/wp\/v2\/pages\/21","targetHints":{"allow":["GET"]}}],"collection":[{"href":"https:\/\/agora.xtec.cat\/iescanmas\/wp-json\/wp\/v2\/pages"}],"about":[{"href":"https:\/\/agora.xtec.cat\/iescanmas\/wp-json\/wp\/v2\/types\/page"}],"author":[{"embeddable":true,"href":"https:\/\/agora.xtec.cat\/iescanmas\/wp-json\/wp\/v2\/users\/1"}],"replies":[{"embeddable":true,"href":"https:\/\/agora.xtec.cat\/iescanmas\/wp-json\/wp\/v2\/comments?post=21"}],"version-history":[{"count":6,"href":"https:\/\/agora.xtec.cat\/iescanmas\/wp-json\/wp\/v2\/pages\/21\/revisions"}],"predecessor-version":[{"id":3545,"href":"https:\/\/agora.xtec.cat\/iescanmas\/wp-json\/wp\/v2\/pages\/21\/revisions\/3545"}],"up":[{"embeddable":true,"href":"https:\/\/agora.xtec.cat\/iescanmas\/wp-json\/wp\/v2\/pages\/19"}],"wp:attachment":[{"href":"https:\/\/agora.xtec.cat\/iescanmas\/wp-json\/wp\/v2\/media?parent=21"}],"curies":[{"name":"wp","href":"https:\/\/api.w.org\/{rel}","templated":true}]}}