{"id":195,"date":"2014-09-22T10:39:39","date_gmt":"2014-09-22T10:39:39","guid":{"rendered":"http:\/\/agora.xtec.cat\/iescanmas\/?page_id=195"},"modified":"2026-03-03T13:52:37","modified_gmt":"2026-03-03T12:52:37","slug":"estudis","status":"publish","type":"page","link":"https:\/\/agora.xtec.cat\/iescanmas\/estudis\/","title":{"rendered":"Estudis"},"content":{"rendered":"<p>&nbsp;<\/p>\n<h5>Estudis d&#8217;ESO<\/h5>\n<p>La nostra oferta d\u2019Educaci\u00f3 Secund\u00e0ria Obligat\u00f2ria (ESO) s\u2019enquadra en el marc legislatiu del Departament d\u2019Educaci\u00f3 de la Generalitat. Compr\u00e8n quatre cursos acad\u00e8mics inclosos entre els 12 i 16 anys. En finalitzar l\u2019etapa obtenen el graduat en Educaci\u00f3 Secund\u00e0ria Obligat\u00f2ria (ESO).<\/p>\n<p>En el marc horari del Can Mas que es distribueix de dilluns a divendres entre les 8,30h i les 15:00h, l\u2019alumnat cursa les diferents mat\u00e8ries espec\u00edfiques del seu nivell a 1r, 2n 3r o 4t durant el curs escolar.<\/p>\n<p>Cada curs est\u00e0 dividit trimestralment i coincideix amb el lliurament de notes a les fam\u00edlies, on es reflecteix l\u2019assoliment competencial de l\u2019alumnat. Durant tot el curs la relaci\u00f3 entre fam\u00edlia i institut est\u00e0 vinculada amb un\/a tutor\/ra de seguiment que vetlla pel bon desenvolupament del curs dels nos- tres estudiants.<\/p>\n<p><a href=\"https:\/\/agora.xtec.cat\/iescanmas\/wp-content\/uploads\/usu2226\/2021\/02\/Curriculum-ESO.png\"><img loading=\"lazy\" decoding=\"async\" class=\"alignnone size-full wp-image-1274\" src=\"https:\/\/agora.xtec.cat\/iescanmas\/wp-content\/uploads\/usu2226\/2021\/02\/Curriculum-ESO.png\" alt=\"\" width=\"768\" height=\"410\" srcset=\"https:\/\/agora.xtec.cat\/iescanmas\/wp-content\/uploads\/usu2226\/2021\/02\/Curriculum-ESO.png 768w, https:\/\/agora.xtec.cat\/iescanmas\/wp-content\/uploads\/usu2226\/2021\/02\/Curriculum-ESO-300x160.png 300w\" sizes=\"auto, (max-width: 768px) 100vw, 768px\" \/><\/a><\/p>\n<h5>Estudis de Batxillerat<\/h5>\n<p>1. El batxillerat<br \/>\nEn el nostre centre, s\u2019ha de triar entre dos modalitats de Batxillerat, en funci\u00f3 dels interessos de cadasc\u00fa: Modalitat de ci\u00e8ncies i tecnologia, modalitat d\u2019humanitats i ci\u00e8ncies socials.<\/p>\n<p>Hi ha quatre tipus de mat\u00e8ries: mat\u00e8ries comuns, que ha de cursar tot l\u2019alumnat, amb independ\u00e8ncia de la modalitat de Batxillerat escollida; mat\u00e8ries comunes d\u2019opci\u00f3, que s\u2019han de cursar obligat\u00f2riament en funci\u00f3 de la modalitat triada; mat\u00e8ries de modalitat, i mat\u00e8ries optatives.<\/p>\n<p>Quadre de mat\u00e8ries de batxillerat. Promoci\u00f3 2026-2028<\/p>\n<p>A primer de batxillerat, les mat\u00e8ries de modalitat obligat\u00f2ria seran de 4 hores setmanals i la resta de mat\u00e8ries de modalitat de 3 hores setmanals. Les mat\u00e8ries obligat\u00f2ries de modalitat s\u00f3n: \u201cmatem\u00e0tiques\u201d, per la modalitat de ci\u00e8ncies i tecnologia, les \u201cmatem\u00e0tiques aplicades a les ci\u00e8ncies socials\u201d o \u201cllat\u00ed\u201d, pels alumnes de la modalitat d\u2019humanitats i ci\u00e8ncies socials.<\/p>\n<p>Les optatives de la franja 3, es podran triar independentment de la modalitat. Si en alguna mat\u00e8ria la demanda \u00e9s superior a l\u2019oferta, s\u2019assignar\u00e0 per nota de tall.<\/p>\n<p>Triar una mat\u00e8ria de modalitat a dist\u00e0ncia per la IOC: L\u2019Institut Obert de Catalunya permet cursar fins a dues mat\u00e8ries de modalitat o una segona llengua estrangera a dist\u00e0ncia.<\/p>\n<p>M\u00e9s informaci\u00f3 IOC<\/p>\n<p>Compte: Les mat\u00e8ries de modalitat que tri\u00ef cada alumne a l\u2019IOC s\u2019han de correspondre amb alguna de les modalitats de batxillerat que t\u00e9 autoritzades a impartir el centre on est\u00e0 matriculat de manera presencial. Per aquest motiu no es podran fer per la IOC mat\u00e8ries de la modalitat art\u00edstica pl\u00e0stica, ni del batxillerat general.<\/p>\n<p>Quan es promociona o s\u2019ha de repetir curs?<\/p>\n<p>Es pot accedir a segon curs amb dues mat\u00e8ries pendents d\u2019aprovar com a m\u00e0xim.<br \/>\nAmb tres o quatre mat\u00e8ries de primer suspeses no \u00e9s obligatori repetir curs. \u00c9s possible matricular-se de les assignatures pendents i d\u2019algunes mat\u00e8ries de segon.<br \/>\nAmb m\u00e9s de quatre assignatures suspeses, s\u2019ha de tornar a cursar primer un altre cop. A segon, si ens queden mat\u00e8ries penjades, no cal tornar a cursar les aprovades.<\/p>\n<p>I despr\u00e9s del Batxillerat qu\u00e8?<\/p>\n<p>Un cop s\u2019hagi superat el Batxillerat, es pot accedir a un estudi universitari o b\u00e9 a un cicle formatiu de grau superior (on no es necessita la selectivitat)<\/p>\n<p><a href=\"https:\/\/agora.xtec.cat\/iescanmas\/wp-content\/uploads\/usu2226\/2026\/03\/Ponderacions-2026_v4.pdf\">Quadre de ponderaci\u00f3 de les mat\u00e8ries de modalitat per accedir a la universitat.<\/a><\/p>\n<p><a href=\"https:\/\/agora.xtec.cat\/iescanmas\/wp-content\/uploads\/usu2226\/2021\/02\/curriculum-batxillerat.png\"><img loading=\"lazy\" decoding=\"async\" class=\"size-full wp-image-1159 alignleft\" src=\"https:\/\/agora.xtec.cat\/iescanmas\/wp-content\/uploads\/usu2226\/2021\/02\/curriculum-batxillerat.png\" alt=\"\" width=\"225\" height=\"225\" srcset=\"https:\/\/agora.xtec.cat\/iescanmas\/wp-content\/uploads\/usu2226\/2021\/02\/curriculum-batxillerat.png 225w, https:\/\/agora.xtec.cat\/iescanmas\/wp-content\/uploads\/usu2226\/2021\/02\/curriculum-batxillerat-150x150.png 150w\" sizes=\"auto, (max-width: 225px) 100vw, 225px\" \/><\/a><\/p>\n<p>&nbsp;<\/p>\n<p>Tamb\u00e9 us deixem l&#8217;enlla\u00e7 al web del Departament d&#8217;Educaci\u00f3 on podeu consultar tot el curr\u00edculum, estructura i mat\u00e8ries del Batxillerat: <a href=\"http:\/\/xtec.gencat.cat\/ca\/curriculum\/batxillerat\/curriculum\/\">Enlla\u00e7 curr\u00edculum Batxillerat<\/a><\/p>\n","protected":false},"excerpt":{"rendered":"<p>&nbsp; Estudis d&#8217;ESO La nostra oferta d\u2019Educaci\u00f3 Secund\u00e0ria Obligat\u00f2ria (ESO) s\u2019enquadra en el marc legislatiu del Departament d\u2019Educaci\u00f3 de la Generalitat. Compr\u00e8n quatre cursos acad\u00e8mics inclosos entre els 12 i 16 anys. En finalitzar l\u2019etapa obtenen el graduat en Educaci\u00f3 Secund\u00e0ria Obligat\u00f2ria (ESO). En el marc horari del Can Mas que es distribueix de dilluns [&hellip;]<\/p>\n","protected":false},"author":1,"featured_media":0,"parent":0,"menu_order":0,"comment_status":"closed","ping_status":"closed","template":"","meta":{"_bbp_topic_count":0,"_bbp_reply_count":0,"_bbp_total_topic_count":0,"_bbp_total_reply_count":0,"_bbp_voice_count":0,"_bbp_anonymous_reply_count":0,"_bbp_topic_count_hidden":0,"_bbp_reply_count_hidden":0,"_bbp_forum_subforum_count":0,"site-sidebar-layout":"default","site-content-layout":"","ast-site-content-layout":"default","site-content-style":"default","site-sidebar-style":"default","ast-global-header-display":"","ast-banner-title-visibility":"","ast-main-header-display":"","ast-hfb-above-header-display":"","ast-hfb-below-header-display":"","ast-hfb-mobile-header-display":"","site-post-title":"","ast-breadcrumbs-content":"","ast-featured-img":"","footer-sml-layout":"","theme-transparent-header-meta":"default","adv-header-id-meta":"","stick-header-meta":"","header-above-stick-meta":"","header-main-stick-meta":"","header-below-stick-meta":"","astra-migrate-meta-layouts":"set","ast-page-background-enabled":"default","ast-page-background-meta":{"desktop":{"background-color":"var(--ast-global-color-4)","background-image":"","background-repeat":"repeat","background-position":"center center","background-size":"auto","background-attachment":"scroll","background-type":"","background-media":"","overlay-type":"","overlay-color":"","overlay-opacity":"","overlay-gradient":""},"tablet":{"background-color":"","background-image":"","background-repeat":"repeat","background-position":"center center","background-size":"auto","background-attachment":"scroll","background-type":"","background-media":"","overlay-type":"","overlay-color":"","overlay-opacity":"","overlay-gradient":""},"mobile":{"background-color":"","background-image":"","background-repeat":"repeat","background-position":"center center","background-size":"auto","background-attachment":"scroll","background-type":"","background-media":"","overlay-type":"","overlay-color":"","overlay-opacity":"","overlay-gradient":""}},"ast-content-background-meta":{"desktop":{"background-color":"var(--ast-global-color-5)","background-image":"","background-repeat":"repeat","background-position":"center center","background-size":"auto","background-attachment":"scroll","background-type":"","background-media":"","overlay-type":"","overlay-color":"","overlay-opacity":"","overlay-gradient":""},"tablet":{"background-color":"var(--ast-global-color-5)","background-image":"","background-repeat":"repeat","background-position":"center center","background-size":"auto","background-attachment":"scroll","background-type":"","background-media":"","overlay-type":"","overlay-color":"","overlay-opacity":"","overlay-gradient":""},"mobile":{"background-color":"var(--ast-global-color-5)","background-image":"","background-repeat":"repeat","background-position":"center center","background-size":"auto","background-attachment":"scroll","background-type":"","background-media":"","overlay-type":"","overlay-color":"","overlay-opacity":"","overlay-gradient":""}},"footnotes":""},"class_list":["post-195","page","type-page","status-publish","hentry"],"post_mailing_queue_ids":[],"_links":{"self":[{"href":"https:\/\/agora.xtec.cat\/iescanmas\/wp-json\/wp\/v2\/pages\/195","targetHints":{"allow":["GET"]}}],"collection":[{"href":"https:\/\/agora.xtec.cat\/iescanmas\/wp-json\/wp\/v2\/pages"}],"about":[{"href":"https:\/\/agora.xtec.cat\/iescanmas\/wp-json\/wp\/v2\/types\/page"}],"author":[{"embeddable":true,"href":"https:\/\/agora.xtec.cat\/iescanmas\/wp-json\/wp\/v2\/users\/1"}],"replies":[{"embeddable":true,"href":"https:\/\/agora.xtec.cat\/iescanmas\/wp-json\/wp\/v2\/comments?post=195"}],"version-history":[{"count":6,"href":"https:\/\/agora.xtec.cat\/iescanmas\/wp-json\/wp\/v2\/pages\/195\/revisions"}],"predecessor-version":[{"id":3862,"href":"https:\/\/agora.xtec.cat\/iescanmas\/wp-json\/wp\/v2\/pages\/195\/revisions\/3862"}],"wp:attachment":[{"href":"https:\/\/agora.xtec.cat\/iescanmas\/wp-json\/wp\/v2\/media?parent=195"}],"curies":[{"name":"wp","href":"https:\/\/api.w.org\/{rel}","templated":true}]}}