{"id":676,"date":"2020-11-28T20:13:37","date_gmt":"2020-11-28T19:13:37","guid":{"rendered":"https:\/\/agora.xtec.cat\/iescanmargarit\/?page_id=676"},"modified":"2020-11-29T11:10:22","modified_gmt":"2020-11-29T10:10:22","slug":"formacio-professional-dual","status":"publish","type":"page","link":"https:\/\/agora.xtec.cat\/iescanmargarit\/projectes-de-centre\/formacio-professional-dual\/","title":{"rendered":"Formaci\u00f3 Professional DUAL"},"content":{"rendered":"<p>&nbsp;<\/p>\n<table class=\" aligncenter\" style=\"height: 205px; width: 408px; border-style: none; border-color: 0; background-color: 0;\">\n<tbody>\n<tr>\n<td style=\"width: 144px;\"><a href=\"https:\/\/agora.xtec.cat\/iescanmargarit\/wp-content\/uploads\/usu2416\/2020\/11\/FP-DUAL-1.jpg\"><img loading=\"lazy\" decoding=\"async\" class=\"alignnone wp-image-578\" src=\"https:\/\/agora.xtec.cat\/iescanmargarit\/wp-content\/uploads\/usu2416\/2020\/11\/FP-DUAL-1.jpg\" alt=\"\" width=\"144\" height=\"144\" srcset=\"https:\/\/agora.xtec.cat\/iescanmargarit\/wp-content\/uploads\/usu2416\/2020\/11\/FP-DUAL-1.jpg 224w, https:\/\/agora.xtec.cat\/iescanmargarit\/wp-content\/uploads\/usu2416\/2020\/11\/FP-DUAL-1-150x150.jpg 150w\" sizes=\"auto, (max-width: 144px) 100vw, 144px\" \/><\/a><\/td>\n<td style=\"width: 256px;\">&nbsp;<\/p>\n<p><a href=\"https:\/\/agora.xtec.cat\/iescanmargarit\/wp-content\/uploads\/usu2416\/2020\/11\/LOGO-UE.jpg\"><img loading=\"lazy\" decoding=\"async\" class=\"alignnone wp-image-728\" src=\"https:\/\/agora.xtec.cat\/iescanmargarit\/wp-content\/uploads\/usu2416\/2020\/11\/LOGO-UE.jpg\" alt=\"\" width=\"275\" height=\"37\" srcset=\"https:\/\/agora.xtec.cat\/iescanmargarit\/wp-content\/uploads\/usu2416\/2020\/11\/LOGO-UE.jpg 594w, https:\/\/agora.xtec.cat\/iescanmargarit\/wp-content\/uploads\/usu2416\/2020\/11\/LOGO-UE-300x40.jpg 300w\" sizes=\"auto, (max-width: 275px) 100vw, 275px\" \/><\/a><\/p>\n<p><a href=\"https:\/\/agora.xtec.cat\/iescanmargarit\/wp-content\/uploads\/usu2416\/2020\/11\/LOGO-DEPARTAMENT-EDUCACI\u00d3.jpg\"><img loading=\"lazy\" decoding=\"async\" class=\"alignnone wp-image-729\" src=\"https:\/\/agora.xtec.cat\/iescanmargarit\/wp-content\/uploads\/usu2416\/2020\/11\/LOGO-DEPARTAMENT-EDUCACI\u00d3.jpg\" alt=\"\" width=\"268\" height=\"49\" srcset=\"https:\/\/agora.xtec.cat\/iescanmargarit\/wp-content\/uploads\/usu2416\/2020\/11\/LOGO-DEPARTAMENT-EDUCACI\u00d3.jpg 769w, https:\/\/agora.xtec.cat\/iescanmargarit\/wp-content\/uploads\/usu2416\/2020\/11\/LOGO-DEPARTAMENT-EDUCACI\u00d3-300x55.jpg 300w, https:\/\/agora.xtec.cat\/iescanmargarit\/wp-content\/uploads\/usu2416\/2020\/11\/LOGO-DEPARTAMENT-EDUCACI\u00d3-768x140.jpg 768w\" sizes=\"auto, (max-width: 268px) 100vw, 268px\" \/><\/a><\/td>\n<\/tr>\n<\/tbody>\n<\/table>\n<p style=\"text-align: justify;\">La formaci\u00f3 en alternan\u00e7a i dual, col\u00b7loquialment coneguda com FP Dual, \u00e9s el nou model de Formaci\u00f3 Professional que s\u2019est\u00e0 implantant a Catalunya.<\/p>\n<p style=\"text-align: justify;\">\u00c9s una formaci\u00f3 professional organitzada conjuntament per les empreses i els centres educatius (mitjan\u00e7ant conveni de col\u00b7laboraci\u00f3), actuant coordinadament en el proc\u00e9s formatiu dels nous professionals.<\/p>\n<p style=\"text-align: justify;\">Els seus objectius s\u00f3n:<\/p>\n<ul style=\"text-align: justify;\">\n<li>Ampliar les possibilitats de cooperaci\u00f3 entre els centres educatius i les empreses per tal de desenvolupar conjuntament els ensenyaments de formaci\u00f3 professional inicial.<\/li>\n<li>Millorar la formaci\u00f3, la qualificaci\u00f3 i el desenvolupament personal dels joves que inicien la seva professionalitzaci\u00f3 alternant la formaci\u00f3 en un centre formatiu i l\u2019activitat en una empresa.<\/li>\n<li>Establir una major vinculaci\u00f3 i corresponsabilitat en la Formaci\u00f3 Professional entre els centres i les empreses facilitant la compatibilitzaci\u00f3 de l\u2019activitat laboral amb la formativa.<\/li>\n<li>Oferir est\u00edmuls per motivar les persones a partir de la formaci\u00f3 professional inicial.<\/li>\n<\/ul>\n<p style=\"text-align: justify;\">L\u2019Institut Can Margarit aposta per aquesta formaci\u00f3 per a millorar la qualificaci\u00f3 professional i la inserci\u00f3 laboral dels seus alumnes del Cicle Formatiu Sistemes Microinform\u00e0tics i xarxes.<\/p>\n<p style=\"text-align: justify;\">L&#8217;enlla\u00e7 al web pel projecte de Formaci\u00f3 Professional dual \u00e9s <a href=\"https:\/\/projectes.xtec.cat\/fpdual\/\">https:\/\/projectes.xtec.cat\/fpdual\/<\/a><\/p>\n<p style=\"text-align: justify;\">\n","protected":false},"excerpt":{"rendered":"<p>&nbsp; &nbsp; La formaci\u00f3 en alternan\u00e7a i dual, col\u00b7loquialment coneguda com FP Dual, \u00e9s el nou model de Formaci\u00f3 Professional que s\u2019est\u00e0 implantant a Catalunya. \u00c9s una formaci\u00f3 professional organitzada conjuntament per les empreses i els centres educatius (mitjan\u00e7ant conveni de col\u00b7laboraci\u00f3), actuant coordinadament en el proc\u00e9s formatiu dels nous professionals. Els seus objectius s\u00f3n: [&hellip;]<\/p>\n","protected":false},"author":4,"featured_media":0,"parent":663,"menu_order":60,"comment_status":"closed","ping_status":"closed","template":"page-templates\/side-menu.php","meta":{"_bbp_topic_count":0,"_bbp_reply_count":0,"_bbp_total_topic_count":0,"_bbp_total_reply_count":0,"_bbp_voice_count":0,"_bbp_anonymous_reply_count":0,"_bbp_topic_count_hidden":0,"_bbp_reply_count_hidden":0,"_bbp_forum_subforum_count":0,"site-sidebar-layout":"default","site-content-layout":"","ast-site-content-layout":"","site-content-style":"default","site-sidebar-style":"default","ast-global-header-display":"","ast-banner-title-visibility":"","ast-main-header-display":"","ast-hfb-above-header-display":"","ast-hfb-below-header-display":"","ast-hfb-mobile-header-display":"","site-post-title":"","ast-breadcrumbs-content":"","ast-featured-img":"","footer-sml-layout":"","theme-transparent-header-meta":"","adv-header-id-meta":"","stick-header-meta":"","header-above-stick-meta":"","header-main-stick-meta":"","header-below-stick-meta":"","astra-migrate-meta-layouts":"default","ast-page-background-enabled":"default","ast-page-background-meta":{"desktop":{"background-color":"var(--ast-global-color-4)","background-image":"","background-repeat":"repeat","background-position":"center center","background-size":"auto","background-attachment":"scroll","background-type":"","background-media":"","overlay-type":"","overlay-color":"","overlay-opacity":"","overlay-gradient":""},"tablet":{"background-color":"","background-image":"","background-repeat":"repeat","background-position":"center center","background-size":"auto","background-attachment":"scroll","background-type":"","background-media":"","overlay-type":"","overlay-color":"","overlay-opacity":"","overlay-gradient":""},"mobile":{"background-color":"","background-image":"","background-repeat":"repeat","background-position":"center center","background-size":"auto","background-attachment":"scroll","background-type":"","background-media":"","overlay-type":"","overlay-color":"","overlay-opacity":"","overlay-gradient":""}},"ast-content-background-meta":{"desktop":{"background-color":"var(--ast-global-color-5)","background-image":"","background-repeat":"repeat","background-position":"center center","background-size":"auto","background-attachment":"scroll","background-type":"","background-media":"","overlay-type":"","overlay-color":"","overlay-opacity":"","overlay-gradient":""},"tablet":{"background-color":"var(--ast-global-color-5)","background-image":"","background-repeat":"repeat","background-position":"center center","background-size":"auto","background-attachment":"scroll","background-type":"","background-media":"","overlay-type":"","overlay-color":"","overlay-opacity":"","overlay-gradient":""},"mobile":{"background-color":"var(--ast-global-color-5)","background-image":"","background-repeat":"repeat","background-position":"center center","background-size":"auto","background-attachment":"scroll","background-type":"","background-media":"","overlay-type":"","overlay-color":"","overlay-opacity":"","overlay-gradient":""}},"footnotes":""},"class_list":["post-676","page","type-page","status-publish","hentry"],"post_mailing_queue_ids":[],"_links":{"self":[{"href":"https:\/\/agora.xtec.cat\/iescanmargarit\/wp-json\/wp\/v2\/pages\/676","targetHints":{"allow":["GET"]}}],"collection":[{"href":"https:\/\/agora.xtec.cat\/iescanmargarit\/wp-json\/wp\/v2\/pages"}],"about":[{"href":"https:\/\/agora.xtec.cat\/iescanmargarit\/wp-json\/wp\/v2\/types\/page"}],"author":[{"embeddable":true,"href":"https:\/\/agora.xtec.cat\/iescanmargarit\/wp-json\/wp\/v2\/users\/4"}],"replies":[{"embeddable":true,"href":"https:\/\/agora.xtec.cat\/iescanmargarit\/wp-json\/wp\/v2\/comments?post=676"}],"version-history":[{"count":3,"href":"https:\/\/agora.xtec.cat\/iescanmargarit\/wp-json\/wp\/v2\/pages\/676\/revisions"}],"predecessor-version":[{"id":732,"href":"https:\/\/agora.xtec.cat\/iescanmargarit\/wp-json\/wp\/v2\/pages\/676\/revisions\/732"}],"up":[{"embeddable":true,"href":"https:\/\/agora.xtec.cat\/iescanmargarit\/wp-json\/wp\/v2\/pages\/663"}],"wp:attachment":[{"href":"https:\/\/agora.xtec.cat\/iescanmargarit\/wp-json\/wp\/v2\/media?parent=676"}],"curies":[{"name":"wp","href":"https:\/\/api.w.org\/{rel}","templated":true}]}}