{"id":2815,"date":"2025-06-15T13:14:36","date_gmt":"2025-06-15T11:14:36","guid":{"rendered":"https:\/\/agora.xtec.cat\/iescanmargarit\/?page_id=2815"},"modified":"2025-07-29T09:03:21","modified_gmt":"2025-07-29T07:03:21","slug":"cfgm-publicacio-de-llistats-del-proces-de-preinscripcio","status":"publish","type":"page","link":"https:\/\/agora.xtec.cat\/iescanmargarit\/secretaria\/cfgm-publicacio-de-llistats-del-proces-de-preinscripcio\/","title":{"rendered":"CFGM. Publicaci\u00f3 de llistats del proc\u00e9s de preinscripci\u00f3."},"content":{"rendered":"\n<p><a href=\"https:\/\/agora.xtec.cat\/iescanmargarit\/wp-content\/uploads\/usu2416\/2025\/06\/CFGM-llista-de-sollicituds-en-primera-peticio-amb-la-puntuacio-provisional-a-27_06_2025.pdf\">CFGM llista de sol\u00b7licituds en primera petici\u00f3 amb la puntuaci\u00f3 provisional a 27_06_2025<\/a><\/p>\n\n\n\n<p><a href=\"https:\/\/agora.xtec.cat\/iescanmargarit\/wp-content\/uploads\/usu2416\/2025\/07\/llista-de-sollicituds-amb-la-puntuacio-resoltes-les-reclamacions-a-04072025-3.pdf\" data-type=\"link\" data-id=\"https:\/\/agora.xtec.cat\/iescanmargarit\/wp-content\/uploads\/usu2416\/2025\/07\/llista-de-sollicituds-amb-la-puntuacio-resoltes-les-reclamacions-a-04072025-3.pdf\">CFGM Llista de sol\u00b7licituds amb la puntuaci\u00f3 resoltes les reclamacions 4_7_2025<\/a><\/p>\n\n\n\n<p><a href=\"https:\/\/agora.xtec.cat\/iescanmargarit\/wp-content\/uploads\/usu2416\/2025\/07\/CFGM-Alumnes-preinscrits-al-centre-amb-indicacio-de-lassignacio-i-lordre-de-peticio-de-la-primera-tanda-10_7_2025-2.pdf\" data-type=\"link\" data-id=\"https:\/\/agora.xtec.cat\/iescanmargarit\/wp-content\/uploads\/usu2416\/2025\/07\/CFGM-Alumnes-preinscrits-al-centre-amb-indicacio-de-lassignacio-i-lordre-de-peticio-de-la-primera-tanda-10_7_2025-2.pdf\">CFGM Alumnes preinscrits al centre amb indicaci\u00f3 de l&#8217;assignaci\u00f3 i l&#8217;ordre de petici\u00f3 de la primera tanda 10_7_2025<\/a><\/p>\n\n\n\n<p><a href=\"https:\/\/agora.xtec.cat\/iescanmargarit\/wp-content\/uploads\/usu2416\/2025\/07\/CFGM-Alumnes-assignats-al-centre-en-primera-tanda-a-10_07_2025.pdf\">CFGM Alumnes assignats al centre en primera tanda a 10_07_2025<\/a><\/p>\n\n\n\n<p><a href=\"https:\/\/agora.xtec.cat\/iescanmargarit\/wp-content\/uploads\/usu2416\/2025\/07\/CFGM-Alumnes-preinscrits-al-centre-amb-indicacio-de-lassignacio-i-lordre-de-peticio-a-17_7_2025.pdf\" data-type=\"link\" data-id=\"https:\/\/agora.xtec.cat\/iescanmargarit\/wp-content\/uploads\/usu2416\/2025\/07\/CFGM-Alumnes-preinscrits-al-centre-amb-indicacio-de-lassignacio-i-lordre-de-peticio-a-17_7_2025.pdf\">CFGM Alumnes preinscrits al centre amb indicaci\u00f3 de l&#8217;assignaci\u00f3 i l&#8217;ordre de petici\u00f3 a 17_7_2025<\/a><\/p>\n\n\n\n<p><a href=\"https:\/\/agora.xtec.cat\/iescanmargarit\/wp-content\/uploads\/usu2416\/2025\/07\/CFGM-listat-alumnes-assignats-al-centre-en-segona-tanda-a-17_07_2025.pdf\" data-type=\"link\" data-id=\"https:\/\/agora.xtec.cat\/iescanmargarit\/wp-content\/uploads\/usu2416\/2025\/07\/CFGM-listat-alumnes-assignats-al-centre-en-segona-tanda-a-17_07_2025.pdf\">CFGM Llistat alumnes assignats al centre en segona tanda a 17_07_2025<\/a><\/p>\n\n\n\n<p><a href=\"https:\/\/agora.xtec.cat\/iescanmargarit\/wp-content\/uploads\/usu2416\/2025\/07\/Alumnes-preinscrits-al-centre-28_07_2025-1.pdf\" data-type=\"link\" data-id=\"https:\/\/agora.xtec.cat\/iescanmargarit\/wp-content\/uploads\/usu2416\/2025\/07\/Alumnes-preinscrits-al-centre-28_07_2025-1.pdf\">CFGM Alumnes preinscrits al centre 28\/07\/2025<\/a><\/p>\n\n\n\n<p><a href=\"https:\/\/agora.xtec.cat\/iescanmargarit\/wp-content\/uploads\/usu2416\/2025\/07\/Alumnes-assignats-al-centre-en-tercera-tanda-a-28_07_2025.pdf\" data-type=\"link\" data-id=\"https:\/\/agora.xtec.cat\/iescanmargarit\/wp-content\/uploads\/usu2416\/2025\/07\/Alumnes-assignats-al-centre-en-tercera-tanda-a-28_07_2025.pdf\">CFGM Alumnes assignats al centre en tercera tanda a 28\/07\/2025<\/a><\/p>\n\n\n\n<p><\/p>\n","protected":false},"excerpt":{"rendered":"<p>CFGM llista de sol\u00b7licituds en primera petici\u00f3 amb la puntuaci\u00f3 provisional a 27_06_2025 CFGM Llista de sol\u00b7licituds amb la puntuaci\u00f3 resoltes les reclamacions 4_7_2025 CFGM Alumnes preinscrits al centre amb indicaci\u00f3 de l&#8217;assignaci\u00f3 i l&#8217;ordre de petici\u00f3 de la primera tanda 10_7_2025 CFGM Alumnes assignats al centre en primera tanda a 10_07_2025 CFGM Alumnes preinscrits [&hellip;]<\/p>\n","protected":false},"author":4,"featured_media":0,"parent":81,"menu_order":5,"comment_status":"closed","ping_status":"closed","template":"","meta":{"_bbp_topic_count":0,"_bbp_reply_count":0,"_bbp_total_topic_count":0,"_bbp_total_reply_count":0,"_bbp_voice_count":0,"_bbp_anonymous_reply_count":0,"_bbp_topic_count_hidden":0,"_bbp_reply_count_hidden":0,"_bbp_forum_subforum_count":0,"site-sidebar-layout":"default","site-content-layout":"","ast-site-content-layout":"default","site-content-style":"default","site-sidebar-style":"default","ast-global-header-display":"","ast-banner-title-visibility":"","ast-main-header-display":"","ast-hfb-above-header-display":"","ast-hfb-below-header-display":"","ast-hfb-mobile-header-display":"","site-post-title":"","ast-breadcrumbs-content":"","ast-featured-img":"","footer-sml-layout":"","theme-transparent-header-meta":"","adv-header-id-meta":"","stick-header-meta":"","header-above-stick-meta":"","header-main-stick-meta":"","header-below-stick-meta":"","astra-migrate-meta-layouts":"set","ast-page-background-enabled":"default","ast-page-background-meta":{"desktop":{"background-color":"var(--ast-global-color-4)","background-image":"","background-repeat":"repeat","background-position":"center center","background-size":"auto","background-attachment":"scroll","background-type":"","background-media":"","overlay-type":"","overlay-color":"","overlay-opacity":"","overlay-gradient":""},"tablet":{"background-color":"","background-image":"","background-repeat":"repeat","background-position":"center center","background-size":"auto","background-attachment":"scroll","background-type":"","background-media":"","overlay-type":"","overlay-color":"","overlay-opacity":"","overlay-gradient":""},"mobile":{"background-color":"","background-image":"","background-repeat":"repeat","background-position":"center center","background-size":"auto","background-attachment":"scroll","background-type":"","background-media":"","overlay-type":"","overlay-color":"","overlay-opacity":"","overlay-gradient":""}},"ast-content-background-meta":{"desktop":{"background-color":"var(--ast-global-color-5)","background-image":"","background-repeat":"repeat","background-position":"center center","background-size":"auto","background-attachment":"scroll","background-type":"","background-media":"","overlay-type":"","overlay-color":"","overlay-opacity":"","overlay-gradient":""},"tablet":{"background-color":"var(--ast-global-color-5)","background-image":"","background-repeat":"repeat","background-position":"center center","background-size":"auto","background-attachment":"scroll","background-type":"","background-media":"","overlay-type":"","overlay-color":"","overlay-opacity":"","overlay-gradient":""},"mobile":{"background-color":"var(--ast-global-color-5)","background-image":"","background-repeat":"repeat","background-position":"center center","background-size":"auto","background-attachment":"scroll","background-type":"","background-media":"","overlay-type":"","overlay-color":"","overlay-opacity":"","overlay-gradient":""}},"footnotes":""},"class_list":["post-2815","page","type-page","status-publish","hentry"],"post_mailing_queue_ids":[],"_links":{"self":[{"href":"https:\/\/agora.xtec.cat\/iescanmargarit\/wp-json\/wp\/v2\/pages\/2815","targetHints":{"allow":["GET"]}}],"collection":[{"href":"https:\/\/agora.xtec.cat\/iescanmargarit\/wp-json\/wp\/v2\/pages"}],"about":[{"href":"https:\/\/agora.xtec.cat\/iescanmargarit\/wp-json\/wp\/v2\/types\/page"}],"author":[{"embeddable":true,"href":"https:\/\/agora.xtec.cat\/iescanmargarit\/wp-json\/wp\/v2\/users\/4"}],"replies":[{"embeddable":true,"href":"https:\/\/agora.xtec.cat\/iescanmargarit\/wp-json\/wp\/v2\/comments?post=2815"}],"version-history":[{"count":6,"href":"https:\/\/agora.xtec.cat\/iescanmargarit\/wp-json\/wp\/v2\/pages\/2815\/revisions"}],"predecessor-version":[{"id":3037,"href":"https:\/\/agora.xtec.cat\/iescanmargarit\/wp-json\/wp\/v2\/pages\/2815\/revisions\/3037"}],"up":[{"embeddable":true,"href":"https:\/\/agora.xtec.cat\/iescanmargarit\/wp-json\/wp\/v2\/pages\/81"}],"wp:attachment":[{"href":"https:\/\/agora.xtec.cat\/iescanmargarit\/wp-json\/wp\/v2\/media?parent=2815"}],"curies":[{"name":"wp","href":"https:\/\/api.w.org\/{rel}","templated":true}]}}