{"id":2798,"date":"2025-06-15T12:55:02","date_gmt":"2025-06-15T10:55:02","guid":{"rendered":"https:\/\/agora.xtec.cat\/iescanmargarit\/?page_id=2798"},"modified":"2026-03-03T12:24:51","modified_gmt":"2026-03-03T11:24:51","slug":"eso-calendari-i-proces-de-preinscripcio","status":"publish","type":"page","link":"https:\/\/agora.xtec.cat\/iescanmargarit\/secretaria\/eso-calendari-i-proces-de-preinscripcio\/","title":{"rendered":"ESO. Calendari i proc\u00e9s de preinscripci\u00f3"},"content":{"rendered":"\n<p class=\"has-text-align-center\"><span style=\"color: #0000ff;\"><strong>PREINSCRIPCI\u00d3 2026-2027<\/strong><\/span><\/p>\n\n\n\n<p>Podeu consultar l&#8217;oferta inicial de places de l&#8217;ESO per al curs 2026-27:<\/p>\n\n\n\n<figure class=\"wp-block-image size-full is-resized\"><a href=\"https:\/\/agora.xtec.cat\/iescanmargarit\/wp-content\/uploads\/usu2416\/2026\/03\/Oferta-inicial-de-places-2026-27.jpeg\"><img loading=\"lazy\" decoding=\"async\" width=\"567\" height=\"131\" src=\"https:\/\/agora.xtec.cat\/iescanmargarit\/wp-content\/uploads\/usu2416\/2026\/03\/Oferta-inicial-de-places-2026-27.jpeg\" alt=\"\" class=\"wp-image-3147\" style=\"width:566px;height:auto\" srcset=\"https:\/\/agora.xtec.cat\/iescanmargarit\/wp-content\/uploads\/usu2416\/2026\/03\/Oferta-inicial-de-places-2026-27.jpeg 567w, https:\/\/agora.xtec.cat\/iescanmargarit\/wp-content\/uploads\/usu2416\/2026\/03\/Oferta-inicial-de-places-2026-27-300x69.jpeg 300w\" sizes=\"auto, (max-width: 567px) 100vw, 567px\" \/><\/a><\/figure>\n\n\n\n<p><strong>PER\u00cdODE Educaci\u00f3 Secund\u00e0ria:&nbsp;<u>del 6&nbsp; al 18&nbsp; de mar\u00e7 de 2026&nbsp; <\/u><\/strong><\/p>\n\n\n\n<p><strong>SOL\u00b7LICITUD:<\/strong>&nbsp;<a href=\"https:\/\/educacio.gencat.cat\/ca\/tramits\/tramits-temes\/20483-obligatoris?moda=3\">https:\/\/educacio.gencat.cat\/ca\/tramits\/tramits-temes\/20483-obligatoris?moda=3<\/a><\/p>\n\n\n\n<ul class=\"wp-block-list\">\n<li>Totes les sol\u00b7licituds es fan electr\u00f2nicament, per tant,&nbsp;<u>no hi ha la<\/u>&nbsp;<u>possibilitat de presentar la preinscripci\u00f3 en paper<\/u>.<br><ul><br><li>No es pot lliurar cap documentaci\u00f3 presencialment ni per correu electr\u00f2nic al centre educatiu que indiqueu en primera opci\u00f3.<\/li><br><li>Hi ha dos tipus de sol\u00b7licitud:<br><ul><br><li><u>Electr\u00f2nica<\/u>: cal identificaci\u00f3 digital<\/li><br><li><u>Suport inform\u00e0tic<\/u>: sense identificaci\u00f3 digital (ha d\u2019anar acompanyat de la documentaci\u00f3 acreditativa que s\u2019hi especifiqui i correspongui)<\/li><br><\/ul><br><\/li><br><\/ul><br><p>(Durant el termini de presentaci\u00f3 de sol\u00b7licituds, es poden modificar les dades al formulari)<\/p><br><\/li>\n<\/ul>\n\n\n\n<p><span style=\"color: #ff6600;\"><strong>ELS CENTRE ADSCRITS A L&#8217;INS CAN MARGARIT S\u00d3N:<\/strong><\/span><\/p>\n\n\n\n<figure class=\"wp-block-image alignleft\"><a href=\"https:\/\/agora.xtec.cat\/iescanmargarit\/wp-content\/uploads\/usu2416\/2024\/02\/1-2.jpg\"><img loading=\"lazy\" decoding=\"async\" width=\"422\" height=\"185\" src=\"https:\/\/agora.xtec.cat\/iescanmargarit\/wp-content\/uploads\/usu2416\/2024\/02\/1-2.jpg\" alt=\"\" class=\"wp-image-2563\" srcset=\"https:\/\/agora.xtec.cat\/iescanmargarit\/wp-content\/uploads\/usu2416\/2024\/02\/1-2.jpg 422w, https:\/\/agora.xtec.cat\/iescanmargarit\/wp-content\/uploads\/usu2416\/2024\/02\/1-2-300x132.jpg 300w\" sizes=\"auto, (max-width: 422px) 100vw, 422px\" \/><\/a><\/figure>\n\n\n\n<p><\/p>\n\n\n\n<ul class=\"wp-block-list\">\n<li>\n<ul class=\"wp-block-list\">\n<li>Escola El Solell (La Palma de Cervell\u00f3)<\/li>\n\n\n\n<li>Escola El Corb (Corbera de Llobregat)<\/li>\n\n\n\n<li>Escola Cau de la Guineu (Corbera de Llobregat)<\/li>\n\n\n\n<li>Escola Jaume Balmes (Corbera de Llobregat)<\/li>\n\n\n\n<li>Escola Puig d\u2019Agulles (Corbera de Llobregat)<\/li>\n<\/ul>\n<\/li>\n<\/ul>\n\n\n\n<p><strong><u>CALENDARI DE PREINSCRIPCI\u00d3 2026-27<\/u><\/strong><strong>.<\/strong><\/p>\n\n\n\n<p>El Departament d\u2019Educaci\u00f3 marca el calendari de preinscripci\u00f3 de totes les escoles.<\/p>\n\n\n\n<ul class=\"wp-block-list\">\n<li>Publicaci\u00f3 oferta inicial: el <strong>3 de mar\u00e7<\/strong><\/li>\n\n\n\n<li>Per\u00edode de&nbsp;<u>presentaci\u00f3 i\/o modificaci\u00f3 de sol\u00b7licituds<\/u>: &nbsp;codi centre 08064003.\n<ul class=\"wp-block-list\">\n<li>Electr\u00f2nica&nbsp; o suport inform\u00e0tic:&nbsp; <strong>del 6 al 18 de mar\u00e7&nbsp;<\/strong>(Adjuntar documentaci\u00f3 fins el 19 de mar\u00e7).<\/li>\n<\/ul>\n<\/li>\n<\/ul>\n\n\n\n<ul class=\"wp-block-list\">\n<li>Publicaci\u00f3 <u>llistes de sol\u00b7licituds amb la puntuaci\u00f3 provisional<\/u>:&nbsp;<strong>15 d\u2019abril. <\/strong><\/li>\n\n\n\n<li>Termini per presentar&nbsp;<u>reclamacions<\/u>: <strong>del 16 al 21 d\u2019abril <\/strong>(utilitzant eina electr\u00f2nica per adjuntar les reclamacions)<\/li>\n<\/ul>\n\n\n\n<ul class=\"wp-block-list\">\n<li>Publicaci\u00f3 de les&nbsp;<u>llistes amb la puntuaci\u00f3 definitiva<\/u>:&nbsp; <strong>23 d\u2019abril.<\/strong><\/li>\n\n\n\n<li>Sorteig desempat<strong>: 28 d\u2019abril 11h.<\/strong><\/li>\n\n\n\n<li>Publicaci\u00f3&nbsp;<u>llista ordenada <\/u>:<strong>&nbsp; 29 d\u2019abril.<\/strong><\/li>\n\n\n\n<li>Per\u00edode ampliaci\u00f3 peticions per a sol\u00b7licituds preinscripci\u00f3 per alumnes NEEB necessiten assignaci\u00f3 d\u2019ofici: <strong>13 i 14 de maig <\/strong><\/li>\n\n\n\n<li>Per\u00edode ampliaci\u00f3 peticions per a sol\u00b7licituds preinscripci\u00f3 per alumnes ordinaris necessiten assignaci\u00f3 d\u2019ofici: <strong>del 1 al 3 de juny<\/strong><\/li>\n\n\n\n<li>Publicaci\u00f3 oferta final: <strong>10 de juny.<\/strong><\/li>\n\n\n\n<li>Publicaci\u00f3 de les&nbsp;<u>llistes d\u2019alumnat adm\u00e8s<\/u>:&nbsp; <strong>10 de juny.<\/strong><\/li>\n\n\n\n<li>Per\u00edode de&nbsp;<u>matriculaci\u00f3:&nbsp;<\/u>es far\u00e0 online o presencial amb cita pr\u00e8via:\n<ul class=\"wp-block-list\">\n<li>Alumnes 1r a 4t&nbsp; ESO: <strong>del 22 al 30 de juny<\/strong><\/li>\n<\/ul>\n<\/li>\n<\/ul>\n\n\n\n<p><em>&nbsp;<\/em>Qualsevol dubte<strong>&nbsp;:<\/strong> <a href=\"mailto:paresinscanmargarit@gmail.com\">paresinscanmargarit@gmail.com o&nbsp;<\/a><a href=\"mailto:administraciotarda@inscanmargarit.cat\"><strong>administraciotarda@inscanmargarit.cat<\/strong><\/a><\/p>\n\n\n\n<p><strong><u>CRITERIS D\u2019ADMISSI\u00d3.<\/u><\/strong><\/p>\n\n\n\n<p>\u00danicament quan no es disposi de places suficients per atendre les demandes, s\u2019estableixen uns criteris de prioritat; en cas d\u2019empat, les sol\u00b7licituds s\u2019ordenen a partir d\u2019un n\u00famero que s\u2019obt\u00e9 per sorteig.<\/p>\n\n\n\n<p><u>Criteris prioritaris:<\/u><\/p>\n\n\n\n<ul class=\"wp-block-list\">\n<li>Germans matriculats al centre o centre adscrit<span style=\"color: #ff0000;\">*<\/span>: <strong>50 punts<\/strong><\/li>\n\n\n\n<li>Criteris de proximitat al centre (suma nom\u00e9s una de les tres possibilitats):<\/li>\n<\/ul>\n\n\n\n<ul class=\"wp-block-list\">\n<li>\n<ul class=\"wp-block-list\">\n<li>Domicili dins de la zona educativa del centre<strong><span style=\"color: #ff0000;\">*<\/span><\/strong>: <strong>30 punts<\/strong><\/li>\n\n\n\n<li>Adre\u00e7a del lloc de treball dins de la zona educativa: <strong>20 punts<\/strong><\/li>\n\n\n\n<li>Domicili de la persona sol\u00b7licitant dins del municipi per\u00f2 no dins de la zona educativa del centre:<strong> 10 punt&nbsp; <\/strong><em>(no \u00e9s sumatori)<\/em><\/li>\n<\/ul>\n<\/li>\n\n\n\n<li>Si el pare o la mare, el tutor o la tutora, s\u00f3n beneficiaris de la renda garantida de ciutadania: <strong>15 punts<\/strong><\/li>\n<\/ul>\n\n\n\n<p><u>Criteris complementaris: (nom\u00e9s en cas d\u2019empat en els criteris generals)<\/u><\/p>\n\n\n\n<ul class=\"wp-block-list\">\n<li>Pare, mare, tutor o tutora legal treballant al centre: <strong>10 punts<\/strong><\/li>\n\n\n\n<li>La condici\u00f3 de fam\u00edlia nombrosa o monoparental: <strong>10 punts<\/strong><\/li>\n\n\n\n<li>Ser bess\u00f3 o trigemin: <strong>10 punts<\/strong>.<\/li>\n\n\n\n<li>La situaci\u00f3 d\u2019acolliment familiar de l\u2019alumne o alumna: <strong>10 punts<\/strong>.<\/li>\n\n\n\n<li>La concurr\u00e8ncia de discapacitat en l\u2019alumne o alumna o en el seu pare, mare, germans i germanes (m\u00ednim 33%): <strong>15 punts<\/strong>.<\/li>\n\n\n\n<li>Situaci\u00f3 d\u2019acolliment: <strong>10 punts<\/strong><\/li>\n\n\n\n<li>La condici\u00f3 de v\u00edctima de viol\u00e8ncia de g\u00e8nere o de terrorisme, acreditada d\u2019acord amb el r\u00e8gim regulador: <strong>10 punts.<\/strong><\/li>\n<\/ul>\n\n\n\n<p>Per exemple: Sol\u00b7licitud amb 50 punts per criteris prioritaris, s\u2019assigna per davant de sol\u00b7licitud amb 30 punts de criteris prioritaris + 30 punts de criteris complementaris.<\/p>\n","protected":false},"excerpt":{"rendered":"<p>PREINSCRIPCI\u00d3 2026-2027 Podeu consultar l&#8217;oferta inicial de places de l&#8217;ESO per al curs 2026-27: PER\u00cdODE Educaci\u00f3 Secund\u00e0ria:&nbsp;del 6&nbsp; al 18&nbsp; de mar\u00e7 de 2026&nbsp; SOL\u00b7LICITUD:&nbsp;https:\/\/educacio.gencat.cat\/ca\/tramits\/tramits-temes\/20483-obligatoris?moda=3 ELS CENTRE ADSCRITS A L&#8217;INS CAN MARGARIT S\u00d3N: CALENDARI DE PREINSCRIPCI\u00d3 2026-27. El Departament d\u2019Educaci\u00f3 marca el calendari de preinscripci\u00f3 de totes les escoles. &nbsp;Qualsevol dubte&nbsp;: paresinscanmargarit@gmail.com o&nbsp;administraciotarda@inscanmargarit.cat CRITERIS D\u2019ADMISSI\u00d3. [&hellip;]<\/p>\n","protected":false},"author":4,"featured_media":0,"parent":81,"menu_order":0,"comment_status":"closed","ping_status":"closed","template":"","meta":{"_bbp_topic_count":0,"_bbp_reply_count":0,"_bbp_total_topic_count":0,"_bbp_total_reply_count":0,"_bbp_voice_count":0,"_bbp_anonymous_reply_count":0,"_bbp_topic_count_hidden":0,"_bbp_reply_count_hidden":0,"_bbp_forum_subforum_count":0,"site-sidebar-layout":"default","site-content-layout":"","ast-site-content-layout":"default","site-content-style":"default","site-sidebar-style":"default","ast-global-header-display":"","ast-banner-title-visibility":"","ast-main-header-display":"","ast-hfb-above-header-display":"","ast-hfb-below-header-display":"","ast-hfb-mobile-header-display":"","site-post-title":"","ast-breadcrumbs-content":"","ast-featured-img":"","footer-sml-layout":"","theme-transparent-header-meta":"","adv-header-id-meta":"","stick-header-meta":"","header-above-stick-meta":"","header-main-stick-meta":"","header-below-stick-meta":"","astra-migrate-meta-layouts":"set","ast-page-background-enabled":"default","ast-page-background-meta":{"desktop":{"background-color":"var(--ast-global-color-4)","background-image":"","background-repeat":"repeat","background-position":"center center","background-size":"auto","background-attachment":"scroll","background-type":"","background-media":"","overlay-type":"","overlay-color":"","overlay-opacity":"","overlay-gradient":""},"tablet":{"background-color":"","background-image":"","background-repeat":"repeat","background-position":"center center","background-size":"auto","background-attachment":"scroll","background-type":"","background-media":"","overlay-type":"","overlay-color":"","overlay-opacity":"","overlay-gradient":""},"mobile":{"background-color":"","background-image":"","background-repeat":"repeat","background-position":"center center","background-size":"auto","background-attachment":"scroll","background-type":"","background-media":"","overlay-type":"","overlay-color":"","overlay-opacity":"","overlay-gradient":""}},"ast-content-background-meta":{"desktop":{"background-color":"var(--ast-global-color-5)","background-image":"","background-repeat":"repeat","background-position":"center center","background-size":"auto","background-attachment":"scroll","background-type":"","background-media":"","overlay-type":"","overlay-color":"","overlay-opacity":"","overlay-gradient":""},"tablet":{"background-color":"var(--ast-global-color-5)","background-image":"","background-repeat":"repeat","background-position":"center center","background-size":"auto","background-attachment":"scroll","background-type":"","background-media":"","overlay-type":"","overlay-color":"","overlay-opacity":"","overlay-gradient":""},"mobile":{"background-color":"var(--ast-global-color-5)","background-image":"","background-repeat":"repeat","background-position":"center center","background-size":"auto","background-attachment":"scroll","background-type":"","background-media":"","overlay-type":"","overlay-color":"","overlay-opacity":"","overlay-gradient":""}},"footnotes":""},"class_list":["post-2798","page","type-page","status-publish","hentry"],"post_mailing_queue_ids":[],"_links":{"self":[{"href":"https:\/\/agora.xtec.cat\/iescanmargarit\/wp-json\/wp\/v2\/pages\/2798","targetHints":{"allow":["GET"]}}],"collection":[{"href":"https:\/\/agora.xtec.cat\/iescanmargarit\/wp-json\/wp\/v2\/pages"}],"about":[{"href":"https:\/\/agora.xtec.cat\/iescanmargarit\/wp-json\/wp\/v2\/types\/page"}],"author":[{"embeddable":true,"href":"https:\/\/agora.xtec.cat\/iescanmargarit\/wp-json\/wp\/v2\/users\/4"}],"replies":[{"embeddable":true,"href":"https:\/\/agora.xtec.cat\/iescanmargarit\/wp-json\/wp\/v2\/comments?post=2798"}],"version-history":[{"count":6,"href":"https:\/\/agora.xtec.cat\/iescanmargarit\/wp-json\/wp\/v2\/pages\/2798\/revisions"}],"predecessor-version":[{"id":3148,"href":"https:\/\/agora.xtec.cat\/iescanmargarit\/wp-json\/wp\/v2\/pages\/2798\/revisions\/3148"}],"up":[{"embeddable":true,"href":"https:\/\/agora.xtec.cat\/iescanmargarit\/wp-json\/wp\/v2\/pages\/81"}],"wp:attachment":[{"href":"https:\/\/agora.xtec.cat\/iescanmargarit\/wp-json\/wp\/v2\/media?parent=2798"}],"curies":[{"name":"wp","href":"https:\/\/api.w.org\/{rel}","templated":true}]}}