{"id":4989,"date":"2017-07-17T11:32:24","date_gmt":"2017-07-17T09:32:24","guid":{"rendered":"http:\/\/iescanet.cat\/?page_id=4989"},"modified":"2020-02-19T11:56:59","modified_gmt":"2020-02-19T10:56:59","slug":"cicle-formatiu-grau-mitja-confeccio-i-moda-tx50","status":"publish","type":"page","link":"https:\/\/agora.xtec.cat\/iescanet\/cicle-formatiu-grau-mitja-confeccio-i-moda-tx50\/","title":{"rendered":"CFGM Confecci\u00f3 i Moda TX50"},"content":{"rendered":"<div style=\"position: absolute; top:-30px; right:0px;\">\n<ul class=\"list-inline pull-right\" style=\"text-align:center; \">\n<li id=\"menu-item-5069\" class=\"\" style=\"margin-right: 20px; text-align:center;\"><a href=\"http:\/\/iescanet.cat\/fp-dual\/\" class=\" \" ><img loading=\"lazy\" decoding=\"async\" src=\"http:\/\/iescanet.cat\/wp-content\/uploads\/2017\/07\/fp-dual.png\" alt=\"\" width=\"48\" height=\"48\" class=\"alignnone size-full wp-image-5076\" \/><br \/><small>FP DUAL<\/small><\/a><\/li>\n<li id=\"menu-item-5068\" class=\" \" style=\"margin-right: 20px; text-align:center;\"><a href=\"http:\/\/iescanet.cat\/cicle-formatiu-grau-mitja-confeccio-i-moda-tx50\/\" class=\"\"><img loading=\"lazy\" decoding=\"async\" src=\"http:\/\/iescanet.cat\/wp-content\/uploads\/2017\/07\/cfgm.png\" alt=\"\" width=\"48\" height=\"48\" class=\"alignnone size-full wp-image-5094\" \/><br \/><small>CFGM<\/small><\/a><\/li>\n<li id=\"menu-item-5067\" class=\" \" style=\"margin-right: 5px; text-align:center;\"><a href=\"http:\/\/iescanet.cat\/cicle-formatiu-grau-superior-patronatge-i-moda-txeo\/\" class=\"\"><img loading=\"lazy\" decoding=\"async\" src=\"http:\/\/iescanet.cat\/wp-content\/uploads\/2017\/07\/cfgs.png\" alt=\"\" width=\"48\" height=\"48\" class=\"alignnone size-full wp-image-5097\" \/><br \/><small>CFGS<\/small><\/a><\/li>\n<li id=\"menu-item-5066\" class=\" \" style=\"margin-right: 0px; text-align:center;\"><a href=\"http:\/\/iescanet.cat\/departament-de-textil-moda-enllacos\/\" class=\"\"><img loading=\"lazy\" decoding=\"async\" src=\"http:\/\/iescanet.cat\/wp-content\/uploads\/2017\/07\/triptic.png\" alt=\"\" width=\"48\" height=\"48\" class=\"alignnone size-full wp-image-5099\" \/><br \/><small>Enlla\u00e7os i Tr\u00edptics<\/small><\/a><\/li>\n<\/ul>\n<\/div>\n<h2>MODALITAT DUAL<\/h2>\n<p>Fam\u00edlia professional: T\u00e8xtil, confecci\u00f3 i pell, CFGM en alternan\u00e7a dual, orientada als llocs de treball i les compet\u00e8ncies professionals. Aquest cicle formatiu capacita a l\u2019alumne per a confeccionar, tant a mida com industrialment, peces, complements i altres articles en t\u00e8xtil i pell, complint amb les especificacions de qualitat, seguretat i protecci\u00f3 ambiental.<\/p>\n<p>T\u00e8cnic\/a en Confecci\u00f3 i Moda<br \/>\n<img loading=\"lazy\" decoding=\"async\" src=\"http:\/\/iescanet.cat\/wp-content\/uploads\/2017\/07\/TX50_imagen-junto-texto.png\" alt=\"\" width=\"272\" height=\"214\" class=\"alignright size-full wp-image-5031\" \/><\/p>\n<h2>DURADA<\/h2>\n<p>Dos cursos acad\u00e8mics.<\/p>\n<ul>\n<li>Formaci\u00f3 al centre educatiu: 1.340 hores.<\/li>\n<li>Formaci\u00f3 en centres de treball FCT: 100 hores.<\/li>\n<li>Formaci\u00f3 en centres de treball DUAL: 870 hores<\/li>\n<\/ul>\n<p>&nbsp;<\/p>\n<h2>HORARI<\/h2>\n<p>1r curs: de dilluns a divendres de 8:00 a 14:30 h.<\/p>\n<p>2n curs: dilluns, dimarts i dijous de 15:00 a 19:20 h.<\/p>\n<p>&nbsp;<\/p>\n<p>&nbsp;<\/p>\n<h2>\u00a0REQUISITS D\u2019ACC\u00c9S<\/h2>\n<ul>\n<li>Tenir el t\u00edtol de graduat en Educaci\u00f3 Secund\u00e0ria Obligat\u00f2ria.<\/li>\n<li>Tenir el t\u00edtol de t\u00e8cnic o t\u00e8cnica o de t\u00e8cnic o t\u00e8cnica auxiliar.<\/li>\n<li>Haver superat el Curs espec\u00edfic per a l\u2019acc\u00e9s als cicles formatius de grau mitj\u00e0.<\/li>\n<li>Haver superat el segon curs del batxillerat unificat i polivalent (BUP).<\/li>\n<li>Tenir altres estudis equivalents a efectes acad\u00e8mics i<\/li>\n<li>Haver superat la prova d\u2019acc\u00e9s la universitat per a majors de 25 anys.<\/li>\n<li>Superaci\u00f3 de la prova d\u2019acc\u00e9s, per presentar-s\u2019hi cal tenir com a m\u00ednim 17 anys l\u2019any qu\u00e8 es fa la prova.<\/li>\n<\/ul>\n<p>&nbsp;<\/p>\n<p>&nbsp;<\/p>\n<h2>TITULACI\u00d3<\/h2>\n<p>L\u2019alumnat que finalitzi la formaci\u00f3 d\u2019aquest itinerari formatiu obtindr\u00e0 la titulaci\u00f3 seg\u00fcent:<\/p>\n<ul>\n<li>T\u00edtol de t\u00e8cnic\/a en Confecci\u00f3 i moda.<\/li>\n<li>Diploma del projecte formatiu desenvolupat per les entitats participants en el present conveni.<\/li>\n<\/ul>\n<p>&nbsp;<\/p>\n<p>&nbsp;<\/p>\n<h2>SORTIDES PROFESSIONALS<\/h2>\n<p>La superaci\u00f3 d\u2019aquest cicle formatiu permet accedir al m\u00f3n laboral com a:<\/p>\n<ul>\n<li>Confeccionista.<\/li>\n<li>Ajudant de sastreria i modisteria.<\/li>\n<li>Oficial de confecci\u00f3.<\/li>\n<li>Tallador o talladora de peces i articles t\u00e8xtils.<\/li>\n<li>Operador o operadora de m\u00e0quines industrials de cosir i brodar.<\/li>\n<li>Cosidor i t\u00e8cnic en assemblatge o cosidora i t\u00e8cnica en assemblatge.<\/li>\n<li>Marcador i tallador o marcadora i talladora de peces i articles en t\u00e8xtil i pell.<\/li>\n<li>Planxador i acabador o planxadora i acabadora.<\/li>\n<li>Operador o operadora de m\u00e0quines d\u2019acabat.<\/li>\n<\/ul>\n<p>&nbsp;<\/p>\n<h2>ACC\u00c9S A ALTRES ESTUDIS EN FINALITZAR EL CICLE<\/h2>\n<ul>\n<li>Acc\u00e9s directe per cursar qualsevol altre cicle formatiu de grau mitj\u00e0.<\/li>\n<li>Acc\u00e9s a tots els cicles formatius de grau superior de la mateixa fam\u00edlia professional.<\/li>\n<li>Acc\u00e9s a qualsevol de les modalitats de Batxillerat.<\/li>\n<\/ul>\n<p>&nbsp;<\/p>\n<h2>COMPET\u00c8NCIES PROFESSIONALS, PERSONALS I SOCIALS<\/h2>\n<p>Les compet\u00e8ncies professionals, personals i socials d&#8217;aquest t\u00edtol es relacionen a continuaci\u00f3:<\/p>\n<p>a) Determinar processos de producci\u00f3, interpretant la documentaci\u00f3 t\u00e8cnica.<\/p>\n<p>b) Preparar m\u00e0quines, equips i materials que intervenen en la confecci\u00f3 d&#8217;acord amb les caracter\u00edstiques del producte a obtenir.<\/p>\n<p>c) Tallar teixits, pells i altres materials t\u00e8xtils, a partir del patr\u00f3 per obtenir peces amb la qualitat requerida.<\/p>\n<p>d) Acoblar peces d&#8217;articles t\u00e8xtils i de pell, actuant sota normes de compet\u00e8ncia t\u00e8cnica, seguretat laboral i ambiental.<\/p>\n<p>e) Realitzar l&#8217;acabat de peces i complements en t\u00e8xtil i pell, assegurant la qualitat del producte final.<\/p>\n<p>f) Elaborar patrons per a la confecci\u00f3 a mida d&#8217;articles de vestir, adaptant-los al model.<\/p>\n<p>g) Atendre el client en els serveis de realitzaci\u00f3 de vestuari a mida, informant i resolent, si escau, els problemes plantejats en el marc de les responsabilitats assignades.<\/p>\n<p>h) Realitzar el manteniment de primer nivell a les m\u00e0quines i equips de confecci\u00f3, d&#8217;acord amb la fitxa de manteniment.<\/p>\n<p>i) Complir amb els objectius de la producci\u00f3, col\u00b7laborant amb l&#8217;equip de treball i actuant d&#8217;acord amb els principis de responsabilitat i toler\u00e0ncia.<\/p>\n<p>j) Resoldre les incid\u00e8ncies relatives a la seva activitat, identificant les causes que les provoquen i prenent decisions de forma responsable.<\/p>\n<p>k) Adaptar-se a diferents llocs de treball i noves situacions laborals originats per canvis tecnol\u00f2gics i organitzatius.<\/p>\n<p>l) Aplicar procediments de qualitat, prevenci\u00f3 de riscos laborals i ambientals, d&#8217;acord amb els processos de confecci\u00f3.<\/p>\n<p>m) Exercir els seus drets i complir les seves obligacions que es deriven de les relacions laborals, d&#8217;acord amb la legislaci\u00f3 vigent.<\/p>\n<p>n) Gestionar la seva carrera professional, analitzant oportunitats d&#8217;ocupaci\u00f3, autoocupaci\u00f3 i aprenentatge.<\/p>\n<p>o) Crear i gestionar una petita empresa, realitzant estudi de viabilitat de productes, de planificaci\u00f3 de la producci\u00f3 i de comercialitzaci\u00f3.<\/p>\n<p>p) Interpretar en llengua anglesa documents t\u00e8cnics senzills i les comunicacions b\u00e0siques en els circuits d&#8217;una empresa del sector de la confecci\u00f3 i moda.<\/p>\n<p><u>Capacitats clau<\/u><\/p>\n<p>S\u00f3n les capacitats transversals que afecten diferents llocs de treball i que s\u00f3n transferibles a noves situacions de treball. Entre aquestes capacitats destaquen les d&#8217;autonomia, d&#8217;innovaci\u00f3, d&#8217;organitzaci\u00f3 del treball, de responsabilitat, de relaci\u00f3 interpersonal, de treball en equip i de resoluci\u00f3 de problemes.<\/p>\n<p>&nbsp;<\/p>\n<p><a href=\"http:\/\/iescanet.cat\/2017-2018\/textil-i-moda\/Curriculum-TX50-i-TXEO.xlsx\"><br \/>\n[img responsive=&#8221;true&#8221;]<br \/>\n<img loading=\"lazy\" decoding=\"async\" width=\"1081\" height=\"1786\" src=\"http:\/\/iescanet.cat\/wp-content\/uploads\/2017\/07\/Curriculum_CFGM.png\" class=\"alignnone wp-image-5029\" alt=\"CURRICULUM CFGM TX50\" srcset=\"https:\/\/agora.xtec.cat\/iescanet\/wp-content\/uploads\/usu966\/2017\/07\/Curriculum_CFGM.png 1081w, https:\/\/agora.xtec.cat\/iescanet\/wp-content\/uploads\/usu966\/2017\/07\/Curriculum_CFGM-182x300.png 182w, https:\/\/agora.xtec.cat\/iescanet\/wp-content\/uploads\/usu966\/2017\/07\/Curriculum_CFGM-768x1269.png 768w, https:\/\/agora.xtec.cat\/iescanet\/wp-content\/uploads\/usu966\/2017\/07\/Curriculum_CFGM-620x1024.png 620w\" sizes=\"auto, (max-width: 1081px) 100vw, 1081px\" \/><br \/>\n[\/img]<br \/>\n<\/a><\/p>\n<p><a href=\"http:\/\/iescanet.cat\/2017-2018\/textil-i-moda\/Curriculum-TX50-i-TXEO.xlsx\"><br \/>\n[img responsive=&#8221;true&#8221;]<br \/>\n<img loading=\"lazy\" decoding=\"async\" width=\"698\" height=\"984\" src=\"http:\/\/iescanet.cat\/wp-content\/uploads\/2017\/07\/Distribucio_Curricular_CFGM.png\" class=\"aligncenter wp-image-5035\"  alt=\"DISTRIBUCI\u00d3 CURRICULAR CFGM TX50\" srcset=\"https:\/\/agora.xtec.cat\/iescanet\/wp-content\/uploads\/usu966\/2017\/07\/Distribucio_Curricular_CFGM.png 698w, https:\/\/agora.xtec.cat\/iescanet\/wp-content\/uploads\/usu966\/2017\/07\/Distribucio_Curricular_CFGM-213x300.png 213w\" sizes=\"auto, (max-width: 698px) 100vw, 698px\" \/><br \/>\n[\/img]<br \/>\n<\/a><\/p>\n<p><b><a href=\"http:\/\/iescanet.cat\/2017-2018\/textil-i-moda\/Curriculum-TX50-i-TXEO.xlsx\">DESCARREGA EXCEL AMB CURRICULUM CFGM TX50  i  DISTRIBUCI\u00d3 CURRICULAR CFGM TX50 (.XLSX)<\/a><\/b><\/p>\n","protected":false},"excerpt":{"rendered":"<ul class=\"list-inline pull-right\" style=\"text-align:center; \">\n<li id=\"menu-item-5069\" class=\"\" style=\"margin-right: 20px; text-align:center;\"><a href=\"http:\/\/iescanet.cat\/fp-dual\/\" class=\" \" >FP DUAL<\/a><\/li>\n<li id=\"menu-item-5068\" class=\" \" style=\"margin-right: 20px; text-align:center;\"><a href=\"http:\/\/iescanet.cat\/cicle-formatiu-grau-mitja-confeccio-i-moda-tx50\/\" class=\"\">CFGM<\/a><\/li>\n<li id=\"menu-item-5067\" class=\" \" style=\"margin-right: 5px; text-align:center;\"><a href=\"http:\/\/iescanet.cat\/cicle-formatiu-grau-superior-patronatge-i-moda-txeo\/\" class=\"\">CFGS<\/a><\/li>\n<li id=\"menu-item-5066\" class=\" \" style=\"margin-right: 0px; text-align:center;\"><a href=\"http:\/\/iescanet.cat\/departament-de-textil-moda-enllacos\/\" class=\"\">Enlla\u00e7os i Tr\u00edptics<\/a><\/li>\n<\/ul>\n<p>MODALITAT DUAL<br \/>\nFam\u00edlia professional: T\u00e8xtil, confecci\u00f3&hellip;  <a href=\"https:\/\/agora.xtec.cat\/iescanet\/cicle-formatiu-grau-mitja-confeccio-i-moda-tx50\/\" title=\"Read CFGM Confecci\u00f3 i Moda TX50\">Llegeix m\u00e9s\u00bb<\/a><\/p>\n","protected":false},"author":1,"featured_media":0,"parent":0,"menu_order":0,"comment_status":"closed","ping_status":"closed","template":"","meta":{"_bbp_topic_count":0,"_bbp_reply_count":0,"_bbp_total_topic_count":0,"_bbp_total_reply_count":0,"_bbp_voice_count":0,"_bbp_anonymous_reply_count":0,"_bbp_topic_count_hidden":0,"_bbp_reply_count_hidden":0,"_bbp_forum_subforum_count":0,"footnotes":""},"class_list":["post-4989","page","type-page","status-publish","hentry"],"post_mailing_queue_ids":[],"_links":{"self":[{"href":"https:\/\/agora.xtec.cat\/iescanet\/wp-json\/wp\/v2\/pages\/4989","targetHints":{"allow":["GET"]}}],"collection":[{"href":"https:\/\/agora.xtec.cat\/iescanet\/wp-json\/wp\/v2\/pages"}],"about":[{"href":"https:\/\/agora.xtec.cat\/iescanet\/wp-json\/wp\/v2\/types\/page"}],"author":[{"embeddable":true,"href":"https:\/\/agora.xtec.cat\/iescanet\/wp-json\/wp\/v2\/users\/1"}],"replies":[{"embeddable":true,"href":"https:\/\/agora.xtec.cat\/iescanet\/wp-json\/wp\/v2\/comments?post=4989"}],"version-history":[{"count":1,"href":"https:\/\/agora.xtec.cat\/iescanet\/wp-json\/wp\/v2\/pages\/4989\/revisions"}],"predecessor-version":[{"id":8851,"href":"https:\/\/agora.xtec.cat\/iescanet\/wp-json\/wp\/v2\/pages\/4989\/revisions\/8851"}],"wp:attachment":[{"href":"https:\/\/agora.xtec.cat\/iescanet\/wp-json\/wp\/v2\/media?parent=4989"}],"curies":[{"name":"wp","href":"https:\/\/api.w.org\/{rel}","templated":true}]}}