{"id":15417,"date":"2026-04-13T17:22:57","date_gmt":"2026-04-13T15:22:57","guid":{"rendered":"https:\/\/agora.xtec.cat\/iescanet\/?page_id=15417"},"modified":"2026-04-13T17:22:57","modified_gmt":"2026-04-13T15:22:57","slug":"beques-postobligatories-universitaries-i-no-universitaries-2026-27","status":"publish","type":"page","link":"https:\/\/agora.xtec.cat\/iescanet\/beques-postobligatories-universitaries-i-no-universitaries-2026-27\/","title":{"rendered":"Beques postobligat\u00f2ries (universit\u00e0ries i no universit\u00e0ries) 2026-27"},"content":{"rendered":"<p align=\"left\"><strong>BEQUES 2026-2027 PER A ENSENYAMENTS POSTOBLIGATORIS I SUPERIORS NO UNIVERSITARIS<\/strong><br \/>\n(Batxillerat, Formaci\u00f3 professional de grau mitj\u00e0 i de grau superior)<\/p>\n<p align=\"left\">\u25cf El termini de presentaci\u00f3 de la sol\u00b7licitud \u00e9s del\u00a0<b>7 d\u2019abril 2026 fins a les 15h del 18 de maig\u00a0<strong>de 2026<\/strong><\/b><\/p>\n<p align=\"left\">\u25cf Encara que no s\u00e0pigues qu\u00e8 voldr\u00e0s estudiar el curs vinent o b\u00e9 tens dubtes de si estudiar\u00e0s o no, cal que presentis la sol\u00b7licitud de beca dins del termini.<\/p>\n<p align=\"left\"><strong>Al formulari de sol\u00b7licitud fes-hi constar els estudis que creus que far\u00e0s.<\/strong><br \/>\n<strong>Si quan arriba el moment de matricular-se els estudis s\u00f3n uns altres, podr\u00e0s modificar-la, si cal, al mes de setembre.<\/strong><\/p>\n<p align=\"left\">\u25cf La sol\u00b7licitud has d\u2019emplenar-la per via telem\u00e0tica, a trav\u00e9s de la seu electr\u00f2nica del Ministerio de Educaci\u00f3n, Formaci\u00f3n professional y Deportes, a l\u2019apartat corresponent a Destacados, Becas de Educaci\u00f3n, Becas y ayudas 2026-2027.<\/p>\n","protected":false},"excerpt":{"rendered":"<p>BEQUES 2026-2027 PER A ENSENYAMENTS POSTOBLIGATORIS I SUPERIORS NO UNIVERSITARIS<br \/>\n(Batxillerat, Formaci\u00f3 professional de grau mitj\u00e0 i de grau superior)<br \/>\n\u25cf El termini de presentaci\u00f3 de la sol\u00b7licitud \u00e9s del\u00a07 d\u2019abril 2026 fins a les 15h del 18 de maig\u00a0de 2026<br \/>\n\u25cf Encara que no s\u00e0pigues qu\u00e8 voldr\u00e0s&hellip;  <a href=\"https:\/\/agora.xtec.cat\/iescanet\/beques-postobligatories-universitaries-i-no-universitaries-2026-27\/\" title=\"Read Beques postobligat\u00f2ries (universit\u00e0ries i no universit\u00e0ries) 2026-27\">Llegeix m\u00e9s\u00bb<\/a><\/p>\n","protected":false},"author":1,"featured_media":0,"parent":0,"menu_order":0,"comment_status":"closed","ping_status":"closed","template":"","meta":{"_bbp_topic_count":0,"_bbp_reply_count":0,"_bbp_total_topic_count":0,"_bbp_total_reply_count":0,"_bbp_voice_count":0,"_bbp_anonymous_reply_count":0,"_bbp_topic_count_hidden":0,"_bbp_reply_count_hidden":0,"_bbp_forum_subforum_count":0,"footnotes":""},"class_list":["post-15417","page","type-page","status-publish","hentry"],"post_mailing_queue_ids":[],"_links":{"self":[{"href":"https:\/\/agora.xtec.cat\/iescanet\/wp-json\/wp\/v2\/pages\/15417","targetHints":{"allow":["GET"]}}],"collection":[{"href":"https:\/\/agora.xtec.cat\/iescanet\/wp-json\/wp\/v2\/pages"}],"about":[{"href":"https:\/\/agora.xtec.cat\/iescanet\/wp-json\/wp\/v2\/types\/page"}],"author":[{"embeddable":true,"href":"https:\/\/agora.xtec.cat\/iescanet\/wp-json\/wp\/v2\/users\/1"}],"replies":[{"embeddable":true,"href":"https:\/\/agora.xtec.cat\/iescanet\/wp-json\/wp\/v2\/comments?post=15417"}],"version-history":[{"count":1,"href":"https:\/\/agora.xtec.cat\/iescanet\/wp-json\/wp\/v2\/pages\/15417\/revisions"}],"predecessor-version":[{"id":15419,"href":"https:\/\/agora.xtec.cat\/iescanet\/wp-json\/wp\/v2\/pages\/15417\/revisions\/15419"}],"wp:attachment":[{"href":"https:\/\/agora.xtec.cat\/iescanet\/wp-json\/wp\/v2\/media?parent=15417"}],"curies":[{"name":"wp","href":"https:\/\/api.w.org\/{rel}","templated":true}]}}