{"id":14282,"date":"2024-04-18T09:36:28","date_gmt":"2024-04-18T07:36:28","guid":{"rendered":"https:\/\/agora.xtec.cat\/iescanet\/?page_id=14282"},"modified":"2024-04-18T09:38:58","modified_gmt":"2024-04-18T07:38:58","slug":"tramitacio-titol-de-cicle-formatiu","status":"publish","type":"page","link":"https:\/\/agora.xtec.cat\/iescanet\/tramitacio-titol-de-cicle-formatiu\/","title":{"rendered":"Tramitaci\u00f3 t\u00edtol de Cicle Formatiu"},"content":{"rendered":"<p><a href=\"https:\/\/agora.xtec.cat\/iescanet\/wp-content\/uploads\/usu966\/2024\/04\/Nota-informativa-per-tramitar-titol-CFPM-i-CFPS-1.pdf\"><b>Expedici\u00f3 del t\u00edtol de Cicle Formatiu (CFPM i CFPS)<\/b><\/a><\/p>\n<p>&nbsp;<\/p>\n<p><span style=\"font-weight: 400;\">Un cop aprovat el Cicle formatiu, us haureu d\u2019adre\u00e7ar a <\/span><i><span style=\"font-weight: 400;\">la<\/span><\/i><b><i> Secretaria del centre i sol\u00b7licitar la gesti\u00f3 del t\u00edtol, amb el vostre DNI i el document que permet la bonificaci\u00f3 o exempci\u00f3.<\/i><\/b><\/p>\n<p>&nbsp;<\/p>\n<p><span style=\"font-weight: 400;\">A la secretaria us faran el <\/span><b><i>lliurament del resguard de sol\u00b7licitud del t\u00edtol de CFPM o CFPS\u00a0 per fer el\u00a0 pagament de la taxa<\/i><\/b><span style=\"font-weight: 400;\"> corresponent.<\/span><\/p>\n<p>&nbsp;<\/p>\n<p><span style=\"font-weight: 400;\">Haureu de <\/span><i><span style=\"font-weight: 400;\">retornar a la secretaria<\/span><\/i><span style=\"font-weight: 400;\"> del centre per tal de continuar amb la gesti\u00f3 i sol\u00b7licitar el t\u00edtol amb l\u2019impr\u00e8s acreditatiu\u00a0 del<\/span><i><span style=\"font-weight: 400;\"> pagament<\/span><\/i><span style=\"font-weight: 400;\"> al servicaixa o el portal de CaixaBank.<\/span><\/p>\n<p>&nbsp;<\/p>\n<p><span style=\"font-weight: 400;\">A la secretaria us faran el <\/span><b><i>lliurament d\u2019un resguard conforme heu demanat el t\u00edtol i la documentaci\u00f3 acad\u00e8mica<\/i><\/b><span style=\"font-weight: 400;\"> . Aquest resguard t\u00e9 la mateixa validesa que el t\u00edtol oficial i s\u2019haur\u00e0 de guardar i conservar per poder recollir el t\u00edtol al centre. Quan el t\u00edtol arribi al centre us ser\u00e0 tramesa una comunicaci\u00f3 perqu\u00e8 el vingueu a buscar.<\/span><\/p>\n<p>&nbsp;<\/p>\n<p><b><i>Taxa per l\u2019expedici\u00f3:<\/i><\/b><\/p>\n<p><i><span style=\"font-weight: 400;\">\u00a0. T\u00edtol de t\u00e8cnic (grau mitj\u00e0): 69,65\u20ac<\/span><\/i><\/p>\n<p><i><span style=\"font-weight: 400;\">. T\u00edtol de t\u00e8cnic (grau superior): 78\u20ac<\/span><\/i><\/p>\n<p>&nbsp;<\/p>\n<p><b>Exempcions i bonificacions generals:<\/b><\/p>\n<p>&nbsp;<\/p>\n<ul>\n<li style=\"font-weight: 400;\" aria-level=\"1\"><span style=\"font-weight: 400;\">Bonificaci\u00f3 del 50%: fam\u00edlia nombrosa categoria general i fam\u00edlia monoparental.<\/span><\/li>\n<li style=\"font-weight: 400;\" aria-level=\"1\"><span style=\"font-weight: 400;\">Exempci\u00f3 del 100%: fam\u00edlia nombrosa categoria especial, v\u00edctimes de terrorisme, persones amb discapacitat igual o superior al 33% i adolescents en acolliment familiar.<\/span><\/li>\n<\/ul>\n<p>&nbsp;<\/p>\n<p><b>Com fer el pagament de la taxa d\u2019expedici\u00f3 del t\u00edtol<\/b><\/p>\n<p>&nbsp;<\/p>\n<p><span style=\"font-weight: 400;\">El pagament\u00a0 de la taxa corresponent\u00a0 a l\u2019expedici\u00f3 de t\u00edtols s\u2019ha d\u2019efectuar a trav\u00e9s dels terminals de SERVICAIXA o b\u00e9 del portal de pagament de CaixaBank.<\/span><\/p>\n<p>&nbsp;<\/p>\n<p><b><i>Us recordem que el resguard del t\u00edtol us el poden demanar per\u00a0 matricular-vos dels estudis posteriors<\/i><\/b><\/p>\n","protected":false},"excerpt":{"rendered":"<p><a href=\"https:\/\/agora.xtec.cat\/iescanet\/wp-content\/uploads\/usu966\/2024\/04\/Nota-informativa-per-tramitar-titol-CFPM-i-CFPS-1.pdf\">Expedici\u00f3 del t\u00edtol de Cicle Formatiu (CFPM i CFPS)<\/a><br \/>\n&nbsp;<br \/>\nUn cop aprovat el Cicle formatiu, us haureu d\u2019adre\u00e7ar a la Secretaria del centre i sol\u00b7licitar la gesti\u00f3 del t\u00edtol, amb el vostre DNI i el document que permet la bonificaci\u00f3 o exempci\u00f3.<br \/>\n&nbsp;<br \/>\nA la secretaria us&hellip;  <a href=\"https:\/\/agora.xtec.cat\/iescanet\/tramitacio-titol-de-cicle-formatiu\/\" title=\"Read Tramitaci\u00f3 t\u00edtol de Cicle Formatiu\">Llegeix m\u00e9s\u00bb<\/a><\/p>\n","protected":false},"author":1,"featured_media":0,"parent":0,"menu_order":0,"comment_status":"closed","ping_status":"closed","template":"","meta":{"_bbp_topic_count":0,"_bbp_reply_count":0,"_bbp_total_topic_count":0,"_bbp_total_reply_count":0,"_bbp_voice_count":0,"_bbp_anonymous_reply_count":0,"_bbp_topic_count_hidden":0,"_bbp_reply_count_hidden":0,"_bbp_forum_subforum_count":0,"footnotes":""},"class_list":["post-14282","page","type-page","status-publish","hentry"],"post_mailing_queue_ids":[],"_links":{"self":[{"href":"https:\/\/agora.xtec.cat\/iescanet\/wp-json\/wp\/v2\/pages\/14282","targetHints":{"allow":["GET"]}}],"collection":[{"href":"https:\/\/agora.xtec.cat\/iescanet\/wp-json\/wp\/v2\/pages"}],"about":[{"href":"https:\/\/agora.xtec.cat\/iescanet\/wp-json\/wp\/v2\/types\/page"}],"author":[{"embeddable":true,"href":"https:\/\/agora.xtec.cat\/iescanet\/wp-json\/wp\/v2\/users\/1"}],"replies":[{"embeddable":true,"href":"https:\/\/agora.xtec.cat\/iescanet\/wp-json\/wp\/v2\/comments?post=14282"}],"version-history":[{"count":3,"href":"https:\/\/agora.xtec.cat\/iescanet\/wp-json\/wp\/v2\/pages\/14282\/revisions"}],"predecessor-version":[{"id":14289,"href":"https:\/\/agora.xtec.cat\/iescanet\/wp-json\/wp\/v2\/pages\/14282\/revisions\/14289"}],"wp:attachment":[{"href":"https:\/\/agora.xtec.cat\/iescanet\/wp-json\/wp\/v2\/media?parent=14282"}],"curies":[{"name":"wp","href":"https:\/\/api.w.org\/{rel}","templated":true}]}}