{"id":13794,"date":"2023-09-20T18:55:28","date_gmt":"2023-09-20T16:55:28","guid":{"rendered":"https:\/\/agora.xtec.cat\/iescanet\/?page_id=13794"},"modified":"2025-09-09T09:42:08","modified_gmt":"2025-09-09T07:42:08","slug":"servei-de-mediacio","status":"publish","type":"page","link":"https:\/\/agora.xtec.cat\/iescanet\/servei-de-mediacio\/","title":{"rendered":"Servei de mediaci\u00f3"},"content":{"rendered":"<p><strong>INFORMACI\u00d3 DEL SERVEI DE MEDIACI\u00d3 CURS 25-26<\/strong><\/p>\n<p>El Servei de Mediaci\u00f3 ajuda a resoldre, de forma pactada, conflictes entre iguals. Quan apareix un conflicte, les parts afectades poden acudir volunt\u00e0riament a un dels equips de mediaci\u00f3. Aquests equips estan formats habitualment per alumnes m\u00e9s grans, tot i que tamb\u00e9 hi ha professorat mediador.<\/p>\n<p>La formaci\u00f3 de mediadors es realitza dins el propi centre.<\/p>\n<p>La mediaci\u00f3 escolar \u00e9s una trobada en qu\u00e8 la persona mediadora actua perqu\u00e8 els protagonistes del conflicte puguin buscar conjuntament una soluci\u00f3. T\u00e9 com a caracter\u00edstiques principals: la voluntarietat, la confidencialitat i la llibertat en la presa de decisions.<\/p>\n<p>Vols fer \u00fas del servei? Nom\u00e9s has de fer la sol\u00b7licitud del servei de mediaci\u00f3 a trav\u00e9s del tutor\/a, la coordinaci\u00f3 de nivell o el cap d\u2019estudis.<\/p>\n<p>Amb la mediaci\u00f3:<br \/>\n&#8211; Solucionem els conflictes que ens fan sentir malament.<br \/>\n&#8211; Evitem que els petits enfrontaments sense resoldre acabin convertint-se en problemes greus.<br \/>\n&#8211; Millorem la conviv\u00e8ncia a l\u2019institut.<br \/>\n&#8211; Aprenem a utilitzar el di\u00e0leg com a eina principal de soluci\u00f3 dels conflictes.<\/p>\n<p>Tamb\u00e9 pots fer arribar els teus dubtes, propostes, suggeriments&#8230; a l\u2019adre\u00e7a de correu del Servei de Mediaci\u00f3: <a href=\"mailto:mediacio@iescanet.cat\" target=\"_blank\" rel=\"noopener\">mediacio@iescanet.ca5<\/a><\/p>\n","protected":false},"excerpt":{"rendered":"<p>INFORMACI\u00d3 DEL SERVEI DE MEDIACI\u00d3 CURS 25-26<br \/>\nEl Servei de Mediaci\u00f3 ajuda a resoldre, de forma pactada, conflictes entre iguals. Quan apareix un conflicte, les parts afectades poden acudir volunt\u00e0riament a un dels equips de mediaci\u00f3. Aquests equips estan formats habitualment per alumnes m\u00e9s grans, tot&hellip;  <a href=\"https:\/\/agora.xtec.cat\/iescanet\/servei-de-mediacio\/\" title=\"Read Servei de mediaci\u00f3\">Llegeix m\u00e9s\u00bb<\/a><\/p>\n","protected":false},"author":1,"featured_media":0,"parent":0,"menu_order":0,"comment_status":"closed","ping_status":"closed","template":"","meta":{"_bbp_topic_count":0,"_bbp_reply_count":0,"_bbp_total_topic_count":0,"_bbp_total_reply_count":0,"_bbp_voice_count":0,"_bbp_anonymous_reply_count":0,"_bbp_topic_count_hidden":0,"_bbp_reply_count_hidden":0,"_bbp_forum_subforum_count":0,"footnotes":""},"class_list":["post-13794","page","type-page","status-publish","hentry"],"post_mailing_queue_ids":[],"_links":{"self":[{"href":"https:\/\/agora.xtec.cat\/iescanet\/wp-json\/wp\/v2\/pages\/13794","targetHints":{"allow":["GET"]}}],"collection":[{"href":"https:\/\/agora.xtec.cat\/iescanet\/wp-json\/wp\/v2\/pages"}],"about":[{"href":"https:\/\/agora.xtec.cat\/iescanet\/wp-json\/wp\/v2\/types\/page"}],"author":[{"embeddable":true,"href":"https:\/\/agora.xtec.cat\/iescanet\/wp-json\/wp\/v2\/users\/1"}],"replies":[{"embeddable":true,"href":"https:\/\/agora.xtec.cat\/iescanet\/wp-json\/wp\/v2\/comments?post=13794"}],"version-history":[{"count":4,"href":"https:\/\/agora.xtec.cat\/iescanet\/wp-json\/wp\/v2\/pages\/13794\/revisions"}],"predecessor-version":[{"id":14926,"href":"https:\/\/agora.xtec.cat\/iescanet\/wp-json\/wp\/v2\/pages\/13794\/revisions\/14926"}],"wp:attachment":[{"href":"https:\/\/agora.xtec.cat\/iescanet\/wp-json\/wp\/v2\/media?parent=13794"}],"curies":[{"name":"wp","href":"https:\/\/api.w.org\/{rel}","templated":true}]}}