{"id":521,"date":"2017-01-18T16:10:45","date_gmt":"2017-01-18T15:10:45","guid":{"rendered":"http:\/\/agora.xtec.cat\/iescandelera\/?page_id=521"},"modified":"2025-07-22T09:30:45","modified_gmt":"2025-07-22T07:30:45","slug":"expedicio-de-titols","status":"publish","type":"page","link":"https:\/\/agora.xtec.cat\/iescandelera\/secretaria\/tramits\/expedicio-de-titols\/","title":{"rendered":"Sol\u00b7licitud Expedici\u00f3 de T\u00edtols"},"content":{"rendered":"<p>Es poden tramitar quan l&#8217;alumne ha superat l&#8217;ESO, el Batxillerat<span class=\"hiddenGrammarError\">,<\/span>\u00a0Cicle Formatiu o Formaci\u00f3 Professional (FP I, FP II, BUP).<\/p>\n<p>Procediment:<\/p>\n<p><strong>ESO: <\/strong><\/p>\n<p>El t\u00edtol de Graduat d&#8217;ESO \u00e9s gratu\u00eft.<\/p>\n<ol>\n<li>Haur\u00e0s d&#8217;adre\u00e7ar-te a la secretaria del teu centre per emplenar la sol\u00b7licitud i demnar el t\u00edtol.<\/li>\n<\/ol>\n<p>\u00b7<a href=\"https:\/\/agora.xtec.cat\/iescandelera\/wp-content\/uploads\/usu664\/2023\/01\/SOL_TITOL_ACADEMIC.pdf\"> Full de sol\u00b7licitud del t\u00edtol<\/a>, degudament emplenat, adjuntar-hi fotoc\u00f2pia del DNI.<\/p>\n<p><strong>BATXILLERAT i CF:<\/strong><\/p>\n<p>El t\u00edtol de batxillerat i CF el demana d&#8217;ofici l&#8217;alumna al seg\u00fcent enlla\u00e7:<\/p>\n<p><a href=\"https:\/\/educacio.gencat.cat\/ca\/tramits\/tramits-temes\/titols-academics-no-universitaris\">https:\/\/educacio.gencat.cat\/ca\/tramits\/tramits-temes\/titols-academics-no-universitaris<\/a><\/p>\n<ol>\n<li>Un cop hagis pagat la taxa i s\u2019hagi conciliat el pagament, podr\u00e0s descarregar-te<br \/>\nel resguard del teu t\u00edtol, des de la pantalla principal.<\/li>\n<li>Haur\u00e0s d\u2019adre\u00e7ar-te a la secretaria del teu centre per tal que et signin i et segellin<br \/>\nel resguard de t\u00edtol.<\/li>\n<\/ol>\n<p>&nbsp;<\/p>\n<p>&nbsp;<\/p>\n","protected":false},"excerpt":{"rendered":"<p>Es poden tramitar quan l&#8217;alumne ha superat l&#8217;ESO, el Batxillerat,\u00a0Cicle Formatiu o Formaci\u00f3 Professional (FP I, FP II, BUP). Procediment: ESO: El t\u00edtol de Graduat d&#8217;ESO \u00e9s gratu\u00eft. Haur\u00e0s d&#8217;adre\u00e7ar-te a la secretaria del teu centre per emplenar la sol\u00b7licitud i demnar el t\u00edtol. \u00b7 Full de sol\u00b7licitud del t\u00edtol, degudament emplenat, adjuntar-hi fotoc\u00f2pia del [&hellip;]<\/p>\n","protected":false},"author":1,"featured_media":0,"parent":17868,"menu_order":0,"comment_status":"closed","ping_status":"closed","template":"page-templates\/side-menu.php","meta":{"_bbp_topic_count":0,"_bbp_reply_count":0,"_bbp_total_topic_count":0,"_bbp_total_reply_count":0,"_bbp_voice_count":0,"_bbp_anonymous_reply_count":0,"_bbp_topic_count_hidden":0,"_bbp_reply_count_hidden":0,"_bbp_forum_subforum_count":0,"site-sidebar-layout":"default","site-content-layout":"","ast-site-content-layout":"","site-content-style":"default","site-sidebar-style":"default","ast-global-header-display":"","ast-banner-title-visibility":"","ast-main-header-display":"","ast-hfb-above-header-display":"","ast-hfb-below-header-display":"","ast-hfb-mobile-header-display":"","site-post-title":"","ast-breadcrumbs-content":"","ast-featured-img":"","footer-sml-layout":"","theme-transparent-header-meta":"","adv-header-id-meta":"","stick-header-meta":"","header-above-stick-meta":"","header-main-stick-meta":"","header-below-stick-meta":"","astra-migrate-meta-layouts":"default","ast-page-background-enabled":"default","ast-page-background-meta":{"desktop":{"background-color":"var(--ast-global-color-4)","background-image":"","background-repeat":"repeat","background-position":"center center","background-size":"auto","background-attachment":"scroll","background-type":"","background-media":"","overlay-type":"","overlay-color":"","overlay-opacity":"","overlay-gradient":""},"tablet":{"background-color":"","background-image":"","background-repeat":"repeat","background-position":"center center","background-size":"auto","background-attachment":"scroll","background-type":"","background-media":"","overlay-type":"","overlay-color":"","overlay-opacity":"","overlay-gradient":""},"mobile":{"background-color":"","background-image":"","background-repeat":"repeat","background-position":"center center","background-size":"auto","background-attachment":"scroll","background-type":"","background-media":"","overlay-type":"","overlay-color":"","overlay-opacity":"","overlay-gradient":""}},"ast-content-background-meta":{"desktop":{"background-color":"var(--ast-global-color-5)","background-image":"","background-repeat":"repeat","background-position":"center center","background-size":"auto","background-attachment":"scroll","background-type":"","background-media":"","overlay-type":"","overlay-color":"","overlay-opacity":"","overlay-gradient":""},"tablet":{"background-color":"var(--ast-global-color-5)","background-image":"","background-repeat":"repeat","background-position":"center center","background-size":"auto","background-attachment":"scroll","background-type":"","background-media":"","overlay-type":"","overlay-color":"","overlay-opacity":"","overlay-gradient":""},"mobile":{"background-color":"var(--ast-global-color-5)","background-image":"","background-repeat":"repeat","background-position":"center center","background-size":"auto","background-attachment":"scroll","background-type":"","background-media":"","overlay-type":"","overlay-color":"","overlay-opacity":"","overlay-gradient":""}},"footnotes":""},"class_list":["post-521","page","type-page","status-publish","hentry"],"post_mailing_queue_ids":[],"_links":{"self":[{"href":"https:\/\/agora.xtec.cat\/iescandelera\/wp-json\/wp\/v2\/pages\/521","targetHints":{"allow":["GET"]}}],"collection":[{"href":"https:\/\/agora.xtec.cat\/iescandelera\/wp-json\/wp\/v2\/pages"}],"about":[{"href":"https:\/\/agora.xtec.cat\/iescandelera\/wp-json\/wp\/v2\/types\/page"}],"author":[{"embeddable":true,"href":"https:\/\/agora.xtec.cat\/iescandelera\/wp-json\/wp\/v2\/users\/1"}],"replies":[{"embeddable":true,"href":"https:\/\/agora.xtec.cat\/iescandelera\/wp-json\/wp\/v2\/comments?post=521"}],"version-history":[{"count":6,"href":"https:\/\/agora.xtec.cat\/iescandelera\/wp-json\/wp\/v2\/pages\/521\/revisions"}],"predecessor-version":[{"id":19184,"href":"https:\/\/agora.xtec.cat\/iescandelera\/wp-json\/wp\/v2\/pages\/521\/revisions\/19184"}],"up":[{"embeddable":true,"href":"https:\/\/agora.xtec.cat\/iescandelera\/wp-json\/wp\/v2\/pages\/17868"}],"wp:attachment":[{"href":"https:\/\/agora.xtec.cat\/iescandelera\/wp-json\/wp\/v2\/media?parent=521"}],"curies":[{"name":"wp","href":"https:\/\/api.w.org\/{rel}","templated":true}]}}