{"id":27,"date":"2014-09-17T16:24:03","date_gmt":"2014-09-17T16:24:03","guid":{"rendered":"http:\/\/agora.xtec.cat\/iescandelera\/?page_id=27"},"modified":"2024-10-11T08:35:35","modified_gmt":"2024-10-11T06:35:35","slug":"historia","status":"publish","type":"page","link":"https:\/\/agora.xtec.cat\/iescandelera\/linstitut\/historia\/","title":{"rendered":"Hist\u00f2ria"},"content":{"rendered":"<p style=\"text-align: justify;\">L\u2019INS Candelera de l\u2019Ametlla de Mar va entrar en funcionament el\u00a0 curs acad\u00e8mic 87\/88, \u00e9s a dir, parlem d\u2019un centre relativament \u201cjove\u201d. Va ser un dels centres pioners en l\u2019aplicaci\u00f3 de la LOGSE, el que llavors era el nou sistema educatiu va comen\u00e7ar a l\u2019INS de l\u2019Ametlla el curs 1994\/95 i va quedar totalment implantat el curs 1997\/98. El curs 1995\/96, i com a conseq\u00fc\u00e8ncia d\u2019aquest avan\u00e7ament de la LOGSE, es va haver d\u2019ampliar el centre amb 4 aules prefabricades. D\u2019en\u00e7\u00e0, el nombre d\u2019alumnes va anar augmentant progressivament i la necessitat d\u2019espais adients tamb\u00e9, una ampliaci\u00f3 de l\u2019INS es va fer del tot evident. El curs 2003\/04 es van realitzar les obres d\u2019ampliaci\u00f3 i millora. Malgrat aquesta ampliaci\u00f3, el centre ha continuat creixent i ha calgut la instal.laci\u00f3 d\u2019un m\u00f2dul prefabricat amb dues aules m\u00e9s. Actualment, el centre disposa d\u2019un gran nombre d\u2019aules amb PDI i Wi-fi gr\u00e0cies a la participaci\u00f3 en el projecte 1&#215;1 i Educat 2.0, la qual cosa ha facilitat l\u2019acc\u00e9s a les TIC-TAC a gran part del professorat i de l\u2019alumnat del centre.<\/p>\n","protected":false},"excerpt":{"rendered":"<p>L\u2019INS Candelera de l\u2019Ametlla de Mar va entrar en funcionament el\u00a0 curs acad\u00e8mic 87\/88, \u00e9s a dir, parlem d\u2019un centre relativament \u201cjove\u201d. Va ser un dels centres pioners en l\u2019aplicaci\u00f3 de la LOGSE, el que llavors era el nou sistema educatiu va comen\u00e7ar a l\u2019INS de l\u2019Ametlla el curs 1994\/95 i va quedar totalment implantat [&hellip;]<\/p>\n","protected":false},"author":1,"featured_media":0,"parent":19,"menu_order":20,"comment_status":"closed","ping_status":"closed","template":"page-templates\/side-menu.php","meta":{"_bbp_topic_count":0,"_bbp_reply_count":0,"_bbp_total_topic_count":0,"_bbp_total_reply_count":0,"_bbp_voice_count":0,"_bbp_anonymous_reply_count":0,"_bbp_topic_count_hidden":0,"_bbp_reply_count_hidden":0,"_bbp_forum_subforum_count":0,"site-sidebar-layout":"default","site-content-layout":"","ast-site-content-layout":"","site-content-style":"default","site-sidebar-style":"default","ast-global-header-display":"","ast-banner-title-visibility":"","ast-main-header-display":"","ast-hfb-above-header-display":"","ast-hfb-below-header-display":"","ast-hfb-mobile-header-display":"","site-post-title":"","ast-breadcrumbs-content":"","ast-featured-img":"","footer-sml-layout":"","theme-transparent-header-meta":"","adv-header-id-meta":"","stick-header-meta":"","header-above-stick-meta":"","header-main-stick-meta":"","header-below-stick-meta":"","astra-migrate-meta-layouts":"default","ast-page-background-enabled":"default","ast-page-background-meta":{"desktop":{"background-color":"var(--ast-global-color-4)","background-image":"","background-repeat":"repeat","background-position":"center center","background-size":"auto","background-attachment":"scroll","background-type":"","background-media":"","overlay-type":"","overlay-color":"","overlay-opacity":"","overlay-gradient":""},"tablet":{"background-color":"","background-image":"","background-repeat":"repeat","background-position":"center center","background-size":"auto","background-attachment":"scroll","background-type":"","background-media":"","overlay-type":"","overlay-color":"","overlay-opacity":"","overlay-gradient":""},"mobile":{"background-color":"","background-image":"","background-repeat":"repeat","background-position":"center center","background-size":"auto","background-attachment":"scroll","background-type":"","background-media":"","overlay-type":"","overlay-color":"","overlay-opacity":"","overlay-gradient":""}},"ast-content-background-meta":{"desktop":{"background-color":"var(--ast-global-color-5)","background-image":"","background-repeat":"repeat","background-position":"center center","background-size":"auto","background-attachment":"scroll","background-type":"","background-media":"","overlay-type":"","overlay-color":"","overlay-opacity":"","overlay-gradient":""},"tablet":{"background-color":"var(--ast-global-color-5)","background-image":"","background-repeat":"repeat","background-position":"center center","background-size":"auto","background-attachment":"scroll","background-type":"","background-media":"","overlay-type":"","overlay-color":"","overlay-opacity":"","overlay-gradient":""},"mobile":{"background-color":"var(--ast-global-color-5)","background-image":"","background-repeat":"repeat","background-position":"center center","background-size":"auto","background-attachment":"scroll","background-type":"","background-media":"","overlay-type":"","overlay-color":"","overlay-opacity":"","overlay-gradient":""}},"footnotes":""},"class_list":["post-27","page","type-page","status-publish","hentry"],"post_mailing_queue_ids":[],"_links":{"self":[{"href":"https:\/\/agora.xtec.cat\/iescandelera\/wp-json\/wp\/v2\/pages\/27","targetHints":{"allow":["GET"]}}],"collection":[{"href":"https:\/\/agora.xtec.cat\/iescandelera\/wp-json\/wp\/v2\/pages"}],"about":[{"href":"https:\/\/agora.xtec.cat\/iescandelera\/wp-json\/wp\/v2\/types\/page"}],"author":[{"embeddable":true,"href":"https:\/\/agora.xtec.cat\/iescandelera\/wp-json\/wp\/v2\/users\/1"}],"replies":[{"embeddable":true,"href":"https:\/\/agora.xtec.cat\/iescandelera\/wp-json\/wp\/v2\/comments?post=27"}],"version-history":[{"count":4,"href":"https:\/\/agora.xtec.cat\/iescandelera\/wp-json\/wp\/v2\/pages\/27\/revisions"}],"predecessor-version":[{"id":15682,"href":"https:\/\/agora.xtec.cat\/iescandelera\/wp-json\/wp\/v2\/pages\/27\/revisions\/15682"}],"up":[{"embeddable":true,"href":"https:\/\/agora.xtec.cat\/iescandelera\/wp-json\/wp\/v2\/pages\/19"}],"wp:attachment":[{"href":"https:\/\/agora.xtec.cat\/iescandelera\/wp-json\/wp\/v2\/media?parent=27"}],"curies":[{"name":"wp","href":"https:\/\/api.w.org\/{rel}","templated":true}]}}