{"id":18513,"date":"2025-03-18T13:48:57","date_gmt":"2025-03-18T12:48:57","guid":{"rendered":"https:\/\/agora.xtec.cat\/iescandelera\/?page_id=18513"},"modified":"2025-03-28T15:33:53","modified_gmt":"2025-03-28T14:33:53","slug":"aula-ateca-aula-de-tecnologia-aplicada","status":"publish","type":"page","link":"https:\/\/agora.xtec.cat\/iescandelera\/estudis\/formacio-professional\/aula-ateca-aula-de-tecnologia-aplicada\/","title":{"rendered":"Aula Ateca (Aula de Tecnologia Aplicada)"},"content":{"rendered":"<p><img loading=\"lazy\" decoding=\"async\" class=\"\" src=\"https:\/\/agora.xtec.cat\/iescandelera\/wp-content\/uploads\/usu664\/2024\/11\/mrr23_redim_evidencia2_logo.png\" width=\"1051\" height=\"275\" \/><\/p>\n<p style=\"text-align: justify;\">A la seg\u00fcent <span class=\"C9DxTc \">web\u00a0 <a href=\"https:\/\/sites.google.com\/inscandelera.cat\/ateca-candelera\/p%C3%A0gina-principal\" target=\"_blank\" rel=\"noopener\">AULA ATECA INS CANDELERA<\/a>\u00a0 del departament de formaci\u00f3 professional de l&#8217;INS Candelera podreu trobar una s\u00e8rie de <\/span><span class=\"C9DxTc \">guies i manuals d&#8217;\u00fas<\/span><span class=\"C9DxTc \"> dels diferents elements tecnol\u00f2gics i digitals que disposem al centre aix\u00ed com un\u00a0<\/span><span class=\"C9DxTc \">repositori\u00a0<\/span><span class=\"C9DxTc \">de recursos agrupats pels diferents \u00e0mbits de coneixement.<\/span><\/p>\n<p class=\"zfr3Q CDt4Ke \" dir=\"ltr\" style=\"text-align: justify;\"><span class=\"C9DxTc \">Esperem que pugueu aprofitar \u00e0mpliament tots els recursos del centre i que pugueu fer les vostres aportacions per millorar l&#8217;experi\u00e8ncia educativa de l&#8217;alumnat.<\/span><\/p>\n","protected":false},"excerpt":{"rendered":"<p>A la seg\u00fcent web\u00a0 AULA ATECA INS CANDELERA\u00a0 del departament de formaci\u00f3 professional de l&#8217;INS Candelera podreu trobar una s\u00e8rie de guies i manuals d&#8217;\u00fas dels diferents elements tecnol\u00f2gics i digitals que disposem al centre aix\u00ed com un\u00a0repositori\u00a0de recursos agrupats pels diferents \u00e0mbits de coneixement. Esperem que pugueu aprofitar \u00e0mpliament tots els recursos del centre [&hellip;]<\/p>\n","protected":false},"author":1,"featured_media":0,"parent":13749,"menu_order":5,"comment_status":"closed","ping_status":"closed","template":"page-templates\/side-menu.php","meta":{"_bbp_topic_count":0,"_bbp_reply_count":0,"_bbp_total_topic_count":0,"_bbp_total_reply_count":0,"_bbp_voice_count":0,"_bbp_anonymous_reply_count":0,"_bbp_topic_count_hidden":0,"_bbp_reply_count_hidden":0,"_bbp_forum_subforum_count":0,"site-sidebar-layout":"default","site-content-layout":"","ast-site-content-layout":"","site-content-style":"default","site-sidebar-style":"default","ast-global-header-display":"","ast-banner-title-visibility":"","ast-main-header-display":"","ast-hfb-above-header-display":"","ast-hfb-below-header-display":"","ast-hfb-mobile-header-display":"","site-post-title":"","ast-breadcrumbs-content":"","ast-featured-img":"","footer-sml-layout":"","theme-transparent-header-meta":"","adv-header-id-meta":"","stick-header-meta":"","header-above-stick-meta":"","header-main-stick-meta":"","header-below-stick-meta":"","astra-migrate-meta-layouts":"default","ast-page-background-enabled":"default","ast-page-background-meta":{"desktop":{"background-color":"var(--ast-global-color-4)","background-image":"","background-repeat":"repeat","background-position":"center center","background-size":"auto","background-attachment":"scroll","background-type":"","background-media":"","overlay-type":"","overlay-color":"","overlay-opacity":"","overlay-gradient":""},"tablet":{"background-color":"","background-image":"","background-repeat":"repeat","background-position":"center center","background-size":"auto","background-attachment":"scroll","background-type":"","background-media":"","overlay-type":"","overlay-color":"","overlay-opacity":"","overlay-gradient":""},"mobile":{"background-color":"","background-image":"","background-repeat":"repeat","background-position":"center center","background-size":"auto","background-attachment":"scroll","background-type":"","background-media":"","overlay-type":"","overlay-color":"","overlay-opacity":"","overlay-gradient":""}},"ast-content-background-meta":{"desktop":{"background-color":"var(--ast-global-color-5)","background-image":"","background-repeat":"repeat","background-position":"center center","background-size":"auto","background-attachment":"scroll","background-type":"","background-media":"","overlay-type":"","overlay-color":"","overlay-opacity":"","overlay-gradient":""},"tablet":{"background-color":"var(--ast-global-color-5)","background-image":"","background-repeat":"repeat","background-position":"center center","background-size":"auto","background-attachment":"scroll","background-type":"","background-media":"","overlay-type":"","overlay-color":"","overlay-opacity":"","overlay-gradient":""},"mobile":{"background-color":"var(--ast-global-color-5)","background-image":"","background-repeat":"repeat","background-position":"center center","background-size":"auto","background-attachment":"scroll","background-type":"","background-media":"","overlay-type":"","overlay-color":"","overlay-opacity":"","overlay-gradient":""}},"footnotes":""},"class_list":["post-18513","page","type-page","status-publish","hentry"],"post_mailing_queue_ids":[],"_links":{"self":[{"href":"https:\/\/agora.xtec.cat\/iescandelera\/wp-json\/wp\/v2\/pages\/18513","targetHints":{"allow":["GET"]}}],"collection":[{"href":"https:\/\/agora.xtec.cat\/iescandelera\/wp-json\/wp\/v2\/pages"}],"about":[{"href":"https:\/\/agora.xtec.cat\/iescandelera\/wp-json\/wp\/v2\/types\/page"}],"author":[{"embeddable":true,"href":"https:\/\/agora.xtec.cat\/iescandelera\/wp-json\/wp\/v2\/users\/1"}],"replies":[{"embeddable":true,"href":"https:\/\/agora.xtec.cat\/iescandelera\/wp-json\/wp\/v2\/comments?post=18513"}],"version-history":[{"count":2,"href":"https:\/\/agora.xtec.cat\/iescandelera\/wp-json\/wp\/v2\/pages\/18513\/revisions"}],"predecessor-version":[{"id":18601,"href":"https:\/\/agora.xtec.cat\/iescandelera\/wp-json\/wp\/v2\/pages\/18513\/revisions\/18601"}],"up":[{"embeddable":true,"href":"https:\/\/agora.xtec.cat\/iescandelera\/wp-json\/wp\/v2\/pages\/13749"}],"wp:attachment":[{"href":"https:\/\/agora.xtec.cat\/iescandelera\/wp-json\/wp\/v2\/media?parent=18513"}],"curies":[{"name":"wp","href":"https:\/\/api.w.org\/{rel}","templated":true}]}}