{"id":14586,"date":"2022-10-20T11:55:00","date_gmt":"2022-10-20T09:55:00","guid":{"rendered":"https:\/\/agora.xtec.cat\/iescandelera\/?page_id=14586"},"modified":"2025-09-10T13:07:24","modified_gmt":"2025-09-10T11:07:24","slug":"departament-dorientacio","status":"publish","type":"page","link":"https:\/\/agora.xtec.cat\/iescandelera\/linstitut\/departaments\/departament-dorientacio\/","title":{"rendered":"Departament d&#8217;orientaci\u00f3"},"content":{"rendered":"<table width=\"930\" cellspacing=\"0\" cellpadding=\"7\">\n<tbody>\n<tr>\n<td style=\"background: #c9daf8;\" colspan=\"4\" valign=\"top\" bgcolor=\"#c9daf8\" width=\"914\" height=\"13\">\n<p align=\"center\"><b>DEPARTAMENT D\u2019ORIENTACI\u00d3<\/b><\/p>\n<\/td>\n<\/tr>\n<tr valign=\"top\">\n<td width=\"170\">\n<p align=\"center\"><b>CAP DEPARTAMENT<\/b><\/p>\n<\/td>\n<td width=\"220\">Orientaci\u00f3<\/td>\n<td width=\"280\">Rosa Cid Pons<\/td>\n<td width=\"202\">rcid23@inscandelera.cat<\/td>\n<\/tr>\n<tr valign=\"top\">\n<td rowspan=\"3\" width=\"170\" height=\"13\"><\/td>\n<td width=\"220\">Orientaci\u00f3<\/td>\n<td width=\"280\">Neus Calvo Baron<\/td>\n<td width=\"202\">ncalvo1@inscandelera.cat<\/td>\n<\/tr>\n<tr valign=\"top\">\n<td width=\"220\">Orientaci\u00f3<\/td>\n<td width=\"280\">Aleix Casanova Franch<\/td>\n<td width=\"202\">acasan26@inscandelera.cat<\/td>\n<\/tr>\n<tr valign=\"top\">\n<td width=\"220\">Educadora<\/td>\n<td width=\"280\">M\u00f2nica F\u00e0bregues Ibars<\/td>\n<td width=\"202\">mfabre67@inscandelera.cat<\/td>\n<\/tr>\n<\/tbody>\n<\/table>\n<p>&nbsp;<\/p>\n","protected":false},"excerpt":{"rendered":"<p>DEPARTAMENT D\u2019ORIENTACI\u00d3 CAP DEPARTAMENT Orientaci\u00f3 Rosa Cid Pons rcid23@inscandelera.cat Orientaci\u00f3 Neus Calvo Baron ncalvo1@inscandelera.cat Orientaci\u00f3 Aleix Casanova Franch acasan26@inscandelera.cat Educadora M\u00f2nica F\u00e0bregues Ibars mfabre67@inscandelera.cat &nbsp;<\/p>\n","protected":false},"author":1,"featured_media":0,"parent":9552,"menu_order":0,"comment_status":"closed","ping_status":"closed","template":"page-templates\/side-menu.php","meta":{"_bbp_topic_count":0,"_bbp_reply_count":0,"_bbp_total_topic_count":0,"_bbp_total_reply_count":0,"_bbp_voice_count":0,"_bbp_anonymous_reply_count":0,"_bbp_topic_count_hidden":0,"_bbp_reply_count_hidden":0,"_bbp_forum_subforum_count":0,"site-sidebar-layout":"default","site-content-layout":"","ast-site-content-layout":"","site-content-style":"default","site-sidebar-style":"default","ast-global-header-display":"","ast-banner-title-visibility":"","ast-main-header-display":"","ast-hfb-above-header-display":"","ast-hfb-below-header-display":"","ast-hfb-mobile-header-display":"","site-post-title":"","ast-breadcrumbs-content":"","ast-featured-img":"","footer-sml-layout":"","theme-transparent-header-meta":"","adv-header-id-meta":"","stick-header-meta":"","header-above-stick-meta":"","header-main-stick-meta":"","header-below-stick-meta":"","astra-migrate-meta-layouts":"default","ast-page-background-enabled":"default","ast-page-background-meta":{"desktop":{"background-color":"var(--ast-global-color-4)","background-image":"","background-repeat":"repeat","background-position":"center center","background-size":"auto","background-attachment":"scroll","background-type":"","background-media":"","overlay-type":"","overlay-color":"","overlay-opacity":"","overlay-gradient":""},"tablet":{"background-color":"","background-image":"","background-repeat":"repeat","background-position":"center center","background-size":"auto","background-attachment":"scroll","background-type":"","background-media":"","overlay-type":"","overlay-color":"","overlay-opacity":"","overlay-gradient":""},"mobile":{"background-color":"","background-image":"","background-repeat":"repeat","background-position":"center center","background-size":"auto","background-attachment":"scroll","background-type":"","background-media":"","overlay-type":"","overlay-color":"","overlay-opacity":"","overlay-gradient":""}},"ast-content-background-meta":{"desktop":{"background-color":"var(--ast-global-color-5)","background-image":"","background-repeat":"repeat","background-position":"center center","background-size":"auto","background-attachment":"scroll","background-type":"","background-media":"","overlay-type":"","overlay-color":"","overlay-opacity":"","overlay-gradient":""},"tablet":{"background-color":"var(--ast-global-color-5)","background-image":"","background-repeat":"repeat","background-position":"center center","background-size":"auto","background-attachment":"scroll","background-type":"","background-media":"","overlay-type":"","overlay-color":"","overlay-opacity":"","overlay-gradient":""},"mobile":{"background-color":"var(--ast-global-color-5)","background-image":"","background-repeat":"repeat","background-position":"center center","background-size":"auto","background-attachment":"scroll","background-type":"","background-media":"","overlay-type":"","overlay-color":"","overlay-opacity":"","overlay-gradient":""}},"footnotes":""},"class_list":["post-14586","page","type-page","status-publish","hentry"],"post_mailing_queue_ids":[],"_links":{"self":[{"href":"https:\/\/agora.xtec.cat\/iescandelera\/wp-json\/wp\/v2\/pages\/14586","targetHints":{"allow":["GET"]}}],"collection":[{"href":"https:\/\/agora.xtec.cat\/iescandelera\/wp-json\/wp\/v2\/pages"}],"about":[{"href":"https:\/\/agora.xtec.cat\/iescandelera\/wp-json\/wp\/v2\/types\/page"}],"author":[{"embeddable":true,"href":"https:\/\/agora.xtec.cat\/iescandelera\/wp-json\/wp\/v2\/users\/1"}],"replies":[{"embeddable":true,"href":"https:\/\/agora.xtec.cat\/iescandelera\/wp-json\/wp\/v2\/comments?post=14586"}],"version-history":[{"count":6,"href":"https:\/\/agora.xtec.cat\/iescandelera\/wp-json\/wp\/v2\/pages\/14586\/revisions"}],"predecessor-version":[{"id":19306,"href":"https:\/\/agora.xtec.cat\/iescandelera\/wp-json\/wp\/v2\/pages\/14586\/revisions\/19306"}],"up":[{"embeddable":true,"href":"https:\/\/agora.xtec.cat\/iescandelera\/wp-json\/wp\/v2\/pages\/9552"}],"wp:attachment":[{"href":"https:\/\/agora.xtec.cat\/iescandelera\/wp-json\/wp\/v2\/media?parent=14586"}],"curies":[{"name":"wp","href":"https:\/\/api.w.org\/{rel}","templated":true}]}}