{"id":13749,"date":"2022-04-25T12:35:56","date_gmt":"2022-04-25T10:35:56","guid":{"rendered":"https:\/\/agora.xtec.cat\/iescandelera\/?page_id=13749"},"modified":"2025-06-26T10:08:14","modified_gmt":"2025-06-26T08:08:14","slug":"formacio-professional","status":"publish","type":"page","link":"https:\/\/agora.xtec.cat\/iescandelera\/estudis\/formacio-professional\/","title":{"rendered":"Formaci\u00f3 Professional"},"content":{"rendered":"<h4 class=\"entry-title\">Consulta la informaci\u00f3 de les:\u00a0<a title=\"Proves d\u2019acc\u00e9s a cicles de formaci\u00f3 professional\" href=\"https:\/\/agora.xtec.cat\/iescandelera\/general\/proves-dacces-a-cicles-de-formacio-professional\/\" rel=\"bookmark\">Proves d\u2019acc\u00e9s a cicles de formaci\u00f3 professional<\/a><\/h4>\n<p align=\"justify\"><img decoding=\"async\" src=\"https:\/\/triaeducativa.gencat.cat\/web\/.content\/proves\/inici\/subcapcalera-proves-acces.png\" alt=\"Proves\" \/><\/p>\n<p align=\"justify\">A l&#8217;INS Candelera oferim els seg\u00fcents estudis de Formaci\u00f3 Professional:<\/p>\n<ul>\n<li><a href=\"https:\/\/agora.xtec.cat\/iescandelera\/categoria\/cicles-formatius\/\">CFGM de Gesti\u00f3 Administrativa de Promoci\u00f3 Tur\u00edstica<\/a><\/li>\n<li><a href=\"https:\/\/agora.xtec.cat\/iescandelera\/categoria\/pfi-auxiliar-dobres-dinterior-i-pintura\/\">PFI d&#8217;Auxiliar d&#8217;obres i pintura<\/a><\/li>\n<\/ul>\n<p align=\"justify\"><img loading=\"lazy\" decoding=\"async\" class=\"aligncenter size-full wp-image-17956\" src=\"https:\/\/agora.xtec.cat\/iescandelera\/wp-content\/uploads\/usu664\/2024\/11\/mrr23_redim_evidencia2_logo.png\" alt=\"\" width=\"1196\" height=\"313\" srcset=\"https:\/\/agora.xtec.cat\/iescandelera\/wp-content\/uploads\/usu664\/2024\/11\/mrr23_redim_evidencia2_logo.png 1196w, https:\/\/agora.xtec.cat\/iescandelera\/wp-content\/uploads\/usu664\/2024\/11\/mrr23_redim_evidencia2_logo-300x79.png 300w, https:\/\/agora.xtec.cat\/iescandelera\/wp-content\/uploads\/usu664\/2024\/11\/mrr23_redim_evidencia2_logo-1024x268.png 1024w, https:\/\/agora.xtec.cat\/iescandelera\/wp-content\/uploads\/usu664\/2024\/11\/mrr23_redim_evidencia2_logo-768x201.png 768w\" sizes=\"auto, (max-width: 1196px) 100vw, 1196px\" \/><\/p>\n<p align=\"justify\">La formaci\u00f3 professional capacita per exercir de manera qualificada diverses professions i proporciona la <b>formaci\u00f3 necess\u00e0ria per adquirir la compet\u00e8ncia professional i el coneixement propis de cada sector<\/b>.<\/p>\n<p align=\"justify\">La formaci\u00f3 professional s&#8217;organitza per fam\u00edlies professionals. Els ensenyaments de la formaci\u00f3 professional s&#8217;ordenen en:<\/p>\n<ul>\n<li>\n<p align=\"justify\"><b>itineraris formatius espec\u00edfics<\/b>, que s\u00f3n ensenyaments professionals adre\u00e7ats a alumnes d&#8217;entre 16 i 20 anys amb necessitats educatives especials associades a una discapacitat intel\u00b7lectual lleu o moderada i que no es troben en disposici\u00f3 de seguir la formaci\u00f3 professional ordin\u00e0ria;<\/p>\n<\/li>\n<li>\n<p align=\"justify\"><b>programes de formaci\u00f3 i inserci\u00f3 (PFI)<\/b>, que estan pensats per a joves d&#8217;entre 16 i 21 anys que han deixat l&#8217;educaci\u00f3 secund\u00e0ria obligat\u00f2ria amb l&#8217;objectiu de proporcionar-los, d&#8217;una banda, la continu\u00eftat formativa dins de la formaci\u00f3 professional i, de l&#8217;altra, l&#8217;aprenentatge imprescindible per accedir al mercat de treball; al nostre centre s\u2019imparteix el <a href=\"https:\/\/agora.xtec.cat\/iescandelera\/pfi\/\"><span style=\"color: #1155cc;\"><u>PFI d\u2019auxiliar d\u2019obres d\u2019interior i pintura EO04<\/u><\/span><\/a> des del curs 2019-2020.<\/p>\n<\/li>\n<li>\n<p align=\"justify\"><b>cicles de grau b\u00e0sic, de grau mitj\u00e0 i de grau superior<\/b>, en qu\u00e8 tamb\u00e9 hi ha cursos d&#8217;especialitzaci\u00f3 per aprofundir coneixements despr\u00e9s d&#8217;haver cursat un cicle formatiu. Els cicles formatius tenen una durada de 2.000 hores, que s&#8217;organitzen en dos cursos acad\u00e8mics; una part d&#8217;aquestes hores es destina a la formaci\u00f3 en un centre educatiu i una altra part a la formaci\u00f3 pr\u00e0ctica en centres de treball. Els cursos d&#8217;especialitzaci\u00f3 tenen una durada d&#8217;entre 500 i 720 hores. Amb la superaci\u00f3 d&#8217;un cicle formatiu de grau b\u00e0sic s&#8217;obt\u00e9 el t\u00edtol de t\u00e8cnic b\u00e0sic o t\u00e8cnica b\u00e0sica; amb la superaci\u00f3 d&#8217;un cicle formatiu de grau mitj\u00e0 s&#8217;obt\u00e9 el t\u00edtol de t\u00e8cnic o t\u00e8cnica, i amb la superaci\u00f3 d&#8217;un de grau superior, el de t\u00e8cnic o t\u00e8cnica superior. Al nostre centre s\u2019imparteix el <a href=\"https:\/\/agora.xtec.cat\/iescandelera\/categoria\/cicles-formatius\/\"><span style=\"color: #1155cc;\"><u>CFGM de gesti\u00f3 administrativa, promoci\u00f3 tur\u00edstica AG10<\/u><\/span><\/a>.<\/p>\n<\/li>\n<\/ul>\n<p align=\"justify\"><span style=\"color: #333399;\"><strong><a style=\"color: #333399;\" href=\"https:\/\/agora.xtec.cat\/iescandelera\/wp-content\/uploads\/usu664\/2022\/05\/Carta-serveis-FP-Ins-Candelera.pdf\">Carta de serveis FP<\/a><\/strong><\/span><\/p>\n<p align=\"justify\"><span style=\"color: #333399;\"><strong><a style=\"color: #333399;\" href=\"https:\/\/agora.xtec.cat\/iescandelera\/wp-content\/uploads\/usu664\/2022\/05\/Informe-dinsercio-laboral-2021.pdf\">Informe d&#8217;inserci\u00f3 laboral 2021<\/a><\/strong><\/span><\/p>\n","protected":false},"excerpt":{"rendered":"<p>Consulta la informaci\u00f3 de les:\u00a0Proves d\u2019acc\u00e9s a cicles de formaci\u00f3 professional A l&#8217;INS Candelera oferim els seg\u00fcents estudis de Formaci\u00f3 Professional: CFGM de Gesti\u00f3 Administrativa de Promoci\u00f3 Tur\u00edstica PFI d&#8217;Auxiliar d&#8217;obres i pintura La formaci\u00f3 professional capacita per exercir de manera qualificada diverses professions i proporciona la formaci\u00f3 necess\u00e0ria per adquirir la compet\u00e8ncia professional i [&hellip;]<\/p>\n","protected":false},"author":1,"featured_media":0,"parent":195,"menu_order":4,"comment_status":"closed","ping_status":"closed","template":"page-templates\/side-menu.php","meta":{"_bbp_topic_count":0,"_bbp_reply_count":0,"_bbp_total_topic_count":0,"_bbp_total_reply_count":0,"_bbp_voice_count":0,"_bbp_anonymous_reply_count":0,"_bbp_topic_count_hidden":0,"_bbp_reply_count_hidden":0,"_bbp_forum_subforum_count":0,"site-sidebar-layout":"default","site-content-layout":"","ast-site-content-layout":"","site-content-style":"default","site-sidebar-style":"default","ast-global-header-display":"","ast-banner-title-visibility":"","ast-main-header-display":"","ast-hfb-above-header-display":"","ast-hfb-below-header-display":"","ast-hfb-mobile-header-display":"","site-post-title":"","ast-breadcrumbs-content":"","ast-featured-img":"","footer-sml-layout":"","theme-transparent-header-meta":"","adv-header-id-meta":"","stick-header-meta":"","header-above-stick-meta":"","header-main-stick-meta":"","header-below-stick-meta":"","astra-migrate-meta-layouts":"default","ast-page-background-enabled":"default","ast-page-background-meta":{"desktop":{"background-color":"var(--ast-global-color-4)","background-image":"","background-repeat":"repeat","background-position":"center center","background-size":"auto","background-attachment":"scroll","background-type":"","background-media":"","overlay-type":"","overlay-color":"","overlay-opacity":"","overlay-gradient":""},"tablet":{"background-color":"","background-image":"","background-repeat":"repeat","background-position":"center center","background-size":"auto","background-attachment":"scroll","background-type":"","background-media":"","overlay-type":"","overlay-color":"","overlay-opacity":"","overlay-gradient":""},"mobile":{"background-color":"","background-image":"","background-repeat":"repeat","background-position":"center center","background-size":"auto","background-attachment":"scroll","background-type":"","background-media":"","overlay-type":"","overlay-color":"","overlay-opacity":"","overlay-gradient":""}},"ast-content-background-meta":{"desktop":{"background-color":"var(--ast-global-color-5)","background-image":"","background-repeat":"repeat","background-position":"center center","background-size":"auto","background-attachment":"scroll","background-type":"","background-media":"","overlay-type":"","overlay-color":"","overlay-opacity":"","overlay-gradient":""},"tablet":{"background-color":"var(--ast-global-color-5)","background-image":"","background-repeat":"repeat","background-position":"center center","background-size":"auto","background-attachment":"scroll","background-type":"","background-media":"","overlay-type":"","overlay-color":"","overlay-opacity":"","overlay-gradient":""},"mobile":{"background-color":"var(--ast-global-color-5)","background-image":"","background-repeat":"repeat","background-position":"center center","background-size":"auto","background-attachment":"scroll","background-type":"","background-media":"","overlay-type":"","overlay-color":"","overlay-opacity":"","overlay-gradient":""}},"footnotes":""},"class_list":["post-13749","page","type-page","status-publish","hentry"],"post_mailing_queue_ids":[],"_links":{"self":[{"href":"https:\/\/agora.xtec.cat\/iescandelera\/wp-json\/wp\/v2\/pages\/13749","targetHints":{"allow":["GET"]}}],"collection":[{"href":"https:\/\/agora.xtec.cat\/iescandelera\/wp-json\/wp\/v2\/pages"}],"about":[{"href":"https:\/\/agora.xtec.cat\/iescandelera\/wp-json\/wp\/v2\/types\/page"}],"author":[{"embeddable":true,"href":"https:\/\/agora.xtec.cat\/iescandelera\/wp-json\/wp\/v2\/users\/1"}],"replies":[{"embeddable":true,"href":"https:\/\/agora.xtec.cat\/iescandelera\/wp-json\/wp\/v2\/comments?post=13749"}],"version-history":[{"count":6,"href":"https:\/\/agora.xtec.cat\/iescandelera\/wp-json\/wp\/v2\/pages\/13749\/revisions"}],"predecessor-version":[{"id":19053,"href":"https:\/\/agora.xtec.cat\/iescandelera\/wp-json\/wp\/v2\/pages\/13749\/revisions\/19053"}],"up":[{"embeddable":true,"href":"https:\/\/agora.xtec.cat\/iescandelera\/wp-json\/wp\/v2\/pages\/195"}],"wp:attachment":[{"href":"https:\/\/agora.xtec.cat\/iescandelera\/wp-json\/wp\/v2\/media?parent=13749"}],"curies":[{"name":"wp","href":"https:\/\/api.w.org\/{rel}","templated":true}]}}