{"id":13339,"date":"2022-02-17T22:29:13","date_gmt":"2022-02-17T21:29:13","guid":{"rendered":"https:\/\/agora.xtec.cat\/iescandelera\/?page_id=13339"},"modified":"2025-04-30T15:48:06","modified_gmt":"2025-04-30T13:48:06","slug":"pfi","status":"publish","type":"page","link":"https:\/\/agora.xtec.cat\/iescandelera\/estudis\/formacio-professional\/pfi\/","title":{"rendered":"PFI Auxiliar d&#8217;obres d&#8217;interior i pintura"},"content":{"rendered":"<p align=\"justify\"><a href=\"https:\/\/agora.xtec.cat\/iescandelera\/general\/preinscripcio-als-programes-de-formacio-i-insercio-pfi\/\" target=\"_blank\" rel=\"noopener\">INFORMACI\u00d3 PER LA PREINSCRIPCI\u00d3 DEL CURS 25-26<\/a><\/p>\n<p align=\"justify\"><a href=\"https:\/\/agora.xtec.cat\/iescandelera\/wp-content\/uploads\/usu664\/2025\/03\/Triptic-PFI-2025.pdf\" target=\"_blank\" rel=\"noopener\">Consulta el tr\u00edptic informatiu del PFI<\/a><\/p>\n<p align=\"justify\"><span style=\"font-family: Liberation Serif, serif;\"><span style=\"font-size: medium;\">Pots visitar la <\/span><\/span><a href=\"https:\/\/sites.google.com\/xtec.cat\/pfi-aux-obres-int-pintura\/inici\" target=\"_blank\" rel=\"noopener\"><span style=\"color: #1155cc;\"><span style=\"font-family: Liberation Serif, serif;\"><span style=\"font-size: medium;\"><u>web del PFI<\/u><\/span><\/span><\/span><\/a><span style=\"font-family: Liberation Serif, serif;\"><span style=\"font-size: medium;\"> per con\u00e8ixer una mica m\u00e9s que fem al nostre centre.<\/span><\/span><\/p>\n<p align=\"justify\"><span style=\"color: #444444;\"><span style=\"font-family: Liberation Serif, serif;\"><span style=\"font-size: medium;\">Els programes de formaci\u00f3 i inserci\u00f3 (PFI) s\u00f3n el primer nivell de qualificaci\u00f3 dins dels estudis de formaci\u00f3 professional i s\u2019adscriuen a diferents fam\u00edlies professionals. Els PFI s\u2019adrecen a joves d\u2019entre 16 i 21 anys que no han finalitzat l\u2019educaci\u00f3 secund\u00e0ria obligat\u00f2ria. S\u00f3n estudis voluntaris i la seva durada \u00e9s d\u2019un curs acad\u00e8mic (1.000 hores). Els i les alumnes de PFI reben un acompanyament i una tutoritzaci\u00f3 essencial per a l\u2019assoliment dels objectius del programa. Els aprenentatges s\u00f3n vivencials i vinculats amb l\u2019entorn proper, i inclouen pr\u00e0ctiques en empresa; s\u2019apr\u00e8n fent, utilitzant metodologies actives i globals. Amb els PFI, d\u2019una banda, es facilita la continu\u00eftat formativa dins de la formaci\u00f3 professional i, de l\u2019altra, l\u2019aprenentatge de les compet\u00e8ncies transversals i professionals necess\u00e0ries per al m\u00f3n del treball.<\/span><\/span><\/span><\/p>\n<p align=\"justify\"><a href=\"https:\/\/agora.xtec.cat\/iescandelera\/pfi-3\/\"><img loading=\"lazy\" decoding=\"async\" class=\"wp-image-14787 alignleft\" src=\"https:\/\/agora.xtec.cat\/iescandelera\/wp-content\/uploads\/usu664\/2022\/11\/PFI.png\" alt=\"\" width=\"448\" height=\"252\" srcset=\"https:\/\/agora.xtec.cat\/iescandelera\/wp-content\/uploads\/usu664\/2022\/11\/PFI.png 1020w, https:\/\/agora.xtec.cat\/iescandelera\/wp-content\/uploads\/usu664\/2022\/11\/PFI-300x169.png 300w, https:\/\/agora.xtec.cat\/iescandelera\/wp-content\/uploads\/usu664\/2022\/11\/PFI-768x432.png 768w\" sizes=\"auto, (max-width: 448px) 100vw, 448px\" \/><\/a> <span style=\"font-family: Liberation Serif, serif;\"><span style=\"font-size: medium;\">Al nostre centre oferim el PFI d\u2019auxiliar d\u2019obres d\u2019interior i pintura que capaciten per dur a terme tasques auxiliars en obres de construcci\u00f3 nova, rehabilitaci\u00f3 i reforma, col\u00b7laborant en l\u2019execuci\u00f3 de f\u00e0briques per revestir, aix\u00ed com en l\u2019aplicaci\u00f3 de revestiments, extradossats i treballs de pintura i empaperat.<\/span><\/span><\/p>\n<p align=\"justify\"><span style=\"font-family: Liberation Serif, serif;\"><span style=\"font-size: medium;\">Un cop superats els estudis l\u2019alumnat pot accedir al m\u00f3n laboral o continuar la seva formaci\u00f3 en qualsevol cicle formatiu de grau mitj\u00e0.<\/span><\/span><\/p>\n<p><a href=\"https:\/\/www.gencat.cat\/ensenyament\/eac\/pdf\/ETAPA_PFI_CA.pdf\"><span style=\"color: #000080;\"><span style=\"font-family: Liberation Serif, serif;\"><span style=\"font-size: medium;\">Descarrega aqu\u00ed la fitxa de l\u2019etapa educativa<\/span><\/span><\/span><\/a><\/p>\n<p><a href=\"https:\/\/www.gencat.cat\/ensenyament\/eac\/pdf\/PFI_____EO04_CA.pdf\"><span style=\"color: #000080;\"><span style=\"font-family: Liberation Serif, serif;\"><span style=\"font-size: medium;\">Descarrega aqu\u00ed la fitxa de l\u2019ensenyament<\/span><\/span><\/span><\/a><\/p>\n<p><a href=\"https:\/\/documents.espai.educacio.gencat.cat\/FormularisModels\/CentresDocumentacioAcademica\/A555.pdf\"><span style=\"color: #000080;\"><span style=\"font-family: Liberation Serif, serif;\"><span style=\"font-size: medium;\">Descarrega aqu\u00ed el full de matr\u00edcula del PFI <\/span><\/span><\/span><\/a><\/p>\n<p align=\"justify\"><a href=\"https:\/\/agora.xtec.cat\/iescandelera\/pfi-financat-per\/\"><img loading=\"lazy\" decoding=\"async\" class=\"alignnone size-full wp-image-14786\" src=\"https:\/\/agora.xtec.cat\/iescandelera\/wp-content\/uploads\/usu664\/2022\/11\/PFI-FINANCAT-PER.png\" alt=\"\" width=\"1024\" height=\"114\" srcset=\"https:\/\/agora.xtec.cat\/iescandelera\/wp-content\/uploads\/usu664\/2022\/11\/PFI-FINANCAT-PER.png 1024w, https:\/\/agora.xtec.cat\/iescandelera\/wp-content\/uploads\/usu664\/2022\/11\/PFI-FINANCAT-PER-300x33.png 300w, https:\/\/agora.xtec.cat\/iescandelera\/wp-content\/uploads\/usu664\/2022\/11\/PFI-FINANCAT-PER-768x86.png 768w\" sizes=\"auto, (max-width: 1024px) 100vw, 1024px\" \/><\/a><\/p>\n","protected":false},"excerpt":{"rendered":"<p>INFORMACI\u00d3 PER LA PREINSCRIPCI\u00d3 DEL CURS 25-26 Consulta el tr\u00edptic informatiu del PFI Pots visitar la web del PFI per con\u00e8ixer una mica m\u00e9s que fem al nostre centre. Els programes de formaci\u00f3 i inserci\u00f3 (PFI) s\u00f3n el primer nivell de qualificaci\u00f3 dins dels estudis de formaci\u00f3 professional i s\u2019adscriuen a diferents fam\u00edlies professionals. Els [&hellip;]<\/p>\n","protected":false},"author":1,"featured_media":0,"parent":13749,"menu_order":0,"comment_status":"closed","ping_status":"closed","template":"page-templates\/side-menu.php","meta":{"_bbp_topic_count":0,"_bbp_reply_count":0,"_bbp_total_topic_count":0,"_bbp_total_reply_count":0,"_bbp_voice_count":0,"_bbp_anonymous_reply_count":0,"_bbp_topic_count_hidden":0,"_bbp_reply_count_hidden":0,"_bbp_forum_subforum_count":0,"site-sidebar-layout":"default","site-content-layout":"","ast-site-content-layout":"","site-content-style":"default","site-sidebar-style":"default","ast-global-header-display":"","ast-banner-title-visibility":"","ast-main-header-display":"","ast-hfb-above-header-display":"","ast-hfb-below-header-display":"","ast-hfb-mobile-header-display":"","site-post-title":"","ast-breadcrumbs-content":"","ast-featured-img":"","footer-sml-layout":"","theme-transparent-header-meta":"","adv-header-id-meta":"","stick-header-meta":"","header-above-stick-meta":"","header-main-stick-meta":"","header-below-stick-meta":"","astra-migrate-meta-layouts":"default","ast-page-background-enabled":"default","ast-page-background-meta":{"desktop":{"background-color":"var(--ast-global-color-4)","background-image":"","background-repeat":"repeat","background-position":"center center","background-size":"auto","background-attachment":"scroll","background-type":"","background-media":"","overlay-type":"","overlay-color":"","overlay-opacity":"","overlay-gradient":""},"tablet":{"background-color":"","background-image":"","background-repeat":"repeat","background-position":"center center","background-size":"auto","background-attachment":"scroll","background-type":"","background-media":"","overlay-type":"","overlay-color":"","overlay-opacity":"","overlay-gradient":""},"mobile":{"background-color":"","background-image":"","background-repeat":"repeat","background-position":"center center","background-size":"auto","background-attachment":"scroll","background-type":"","background-media":"","overlay-type":"","overlay-color":"","overlay-opacity":"","overlay-gradient":""}},"ast-content-background-meta":{"desktop":{"background-color":"var(--ast-global-color-5)","background-image":"","background-repeat":"repeat","background-position":"center center","background-size":"auto","background-attachment":"scroll","background-type":"","background-media":"","overlay-type":"","overlay-color":"","overlay-opacity":"","overlay-gradient":""},"tablet":{"background-color":"var(--ast-global-color-5)","background-image":"","background-repeat":"repeat","background-position":"center center","background-size":"auto","background-attachment":"scroll","background-type":"","background-media":"","overlay-type":"","overlay-color":"","overlay-opacity":"","overlay-gradient":""},"mobile":{"background-color":"var(--ast-global-color-5)","background-image":"","background-repeat":"repeat","background-position":"center center","background-size":"auto","background-attachment":"scroll","background-type":"","background-media":"","overlay-type":"","overlay-color":"","overlay-opacity":"","overlay-gradient":""}},"footnotes":""},"class_list":["post-13339","page","type-page","status-publish","hentry"],"post_mailing_queue_ids":[],"_links":{"self":[{"href":"https:\/\/agora.xtec.cat\/iescandelera\/wp-json\/wp\/v2\/pages\/13339","targetHints":{"allow":["GET"]}}],"collection":[{"href":"https:\/\/agora.xtec.cat\/iescandelera\/wp-json\/wp\/v2\/pages"}],"about":[{"href":"https:\/\/agora.xtec.cat\/iescandelera\/wp-json\/wp\/v2\/types\/page"}],"author":[{"embeddable":true,"href":"https:\/\/agora.xtec.cat\/iescandelera\/wp-json\/wp\/v2\/users\/1"}],"replies":[{"embeddable":true,"href":"https:\/\/agora.xtec.cat\/iescandelera\/wp-json\/wp\/v2\/comments?post=13339"}],"version-history":[{"count":6,"href":"https:\/\/agora.xtec.cat\/iescandelera\/wp-json\/wp\/v2\/pages\/13339\/revisions"}],"predecessor-version":[{"id":18763,"href":"https:\/\/agora.xtec.cat\/iescandelera\/wp-json\/wp\/v2\/pages\/13339\/revisions\/18763"}],"up":[{"embeddable":true,"href":"https:\/\/agora.xtec.cat\/iescandelera\/wp-json\/wp\/v2\/pages\/13749"}],"wp:attachment":[{"href":"https:\/\/agora.xtec.cat\/iescandelera\/wp-json\/wp\/v2\/media?parent=13339"}],"curies":[{"name":"wp","href":"https:\/\/api.w.org\/{rel}","templated":true}]}}