{"id":81,"date":"2023-05-19T10:38:05","date_gmt":"2023-05-19T08:38:05","guid":{"rendered":"http:\/\/agora.xtec.cat\/iescambrils\/?page_id=81"},"modified":"2026-03-13T14:01:21","modified_gmt":"2026-03-13T13:01:21","slug":"secretaria","status":"publish","type":"page","link":"https:\/\/agora.xtec.cat\/iescambrils\/secretaria\/","title":{"rendered":"Secretaria i tr\u00e0mits acad\u00e8mics"},"content":{"rendered":"<header class=\"entry-header\">\n<h1 class=\"entry-title\"><\/h1>\n<\/header>\n<table style=\"height: 252px; background-color: #ebe5be; width: 582px;\" width=\"582\">\n<tbody>\n<tr>\n<td style=\"width: 576.364px;\"><span style=\"font-family: 'arial black', sans-serif; font-size: 12pt;\">Com contactar amb Secretaria:<\/span><\/p>\n<p>Pla\u00e7a de l\u2019Ajuntament, 7<br \/>\n43850 Cambrils<\/p>\n<p style=\"text-align: left;\"><span style=\"font-size: 12pt;\"><strong>Tel\u00e8fon: 977 \u00a036 18 33<\/strong><\/span><br \/>\n<span style=\"font-size: 12pt;\"><strong>Correu electr\u00f2nic:\u00a0<a href=\"mailto:secretaria@inscambrils.cat\">secretaria@inscambrils.cat<\/a><\/strong><\/span><\/p>\n<p style=\"text-align: left;\">Horari d\u2019atenci\u00f3 al p\u00fablic: de dilluns a divendres, de 09.00 a 13.00 hores<\/p>\n<\/td>\n<\/tr>\n<\/tbody>\n<\/table>\n<p>La secretaria \u00e9s l&#8217;agent de gesti\u00f3 administrativa. Els tr\u00e0mits de <span style=\"color: #000000;\">secretaria <\/span>inclouen:<\/p>\n<ul>\n<li class=\"entry-title\" style=\"font-weight: 400; color: #087eb6;\"><span style=\"font-size: 24pt; color: #000000; font-family: 'arial black', sans-serif;\"><span style=\"font-size: 14pt;\">Preinscripci\u00f3<\/span> <span style=\"font-size: 14pt;\">d&#8217;ESO i Batxillerat<\/span>\u00a0\u00a0<\/span><\/li>\n<\/ul>\n<h3 style=\"padding-left: 80px;\"><a href=\"https:\/\/agora.xtec.cat\/iescambrils\/general\/instruccions-preinscripcio-eso-curs-2021-2022\/\"><span style=\"font-size: 14pt;\">Educaci\u00f3 secund\u00e0ria obligat\u00f2ria<\/span><\/a><\/h3>\n<h3 style=\"padding-left: 80px;\"><a href=\"https:\/\/agora.xtec.cat\/iescambrils\/general\/instruccions-preinscripcio-batxillerat-curs-2022-2023\/\"><span style=\"font-size: 14pt;\">Batxillerat<\/span><\/a><\/h3>\n<hr \/>\n<ul>\n<li class=\"entry-title\" style=\"font-weight: 400; color: #087eb6;\"><span style=\"font-size: 18pt; color: #000000;\"><span style=\"font-family: 'arial black', sans-serif; font-size: 14pt;\">Ajuts i beques a l&#8217;alumnat<\/span><br \/>\n<\/span><\/li>\n<\/ul>\n<p style=\"padding-left: 80px;\"><span style=\"font-size: 14pt;\">Ajuts de despla\u00e7ament per a alumnes de l&#8217;ESO<\/span><\/p>\n<p style=\"padding-left: 80px;\"><span style=\"font-size: 14pt;\"><a href=\"https:\/\/tramits.gencat.cat\/ca\/tramits\/tramits-temes\/ajuts-nee\" target=\"_blank\" rel=\"noopener noreferrer\">\u00a0Ajuts per a l&#8217;alumnat amb necessitat espec\u00edfica de suport educatiu<\/a><\/span><\/p>\n<p style=\"padding-left: 80px;\"><span style=\"font-size: 14pt;\"><a href=\"https:\/\/educacio.gencat.cat\/ca\/serveis-tramits\/beques\/beques-postobligatoris\/\" target=\"_blank\" rel=\"noopener noreferrer\">Beques per a ensenyaments postobligatoris no universitaris (Batxillerat)<\/a><\/span><\/p>\n<hr \/>\n<ul>\n<li class=\"entry-title\" style=\"font-weight: 400; color: #087eb6;\"><span style=\"font-size: 14pt; color: #000000; font-family: 'arial black', sans-serif;\">Certificats: <span style=\"font-family: helvetica, arial, sans-serif;\">\u00a0<a style=\"color: #000000;\" href=\"https:\/\/agora.xtec.cat\/iescambrils\/?p=4442&amp;preview=true\">Tr\u00e0mits per demanar certificats<\/a><\/span><\/span><\/li>\n<\/ul>\n<hr \/>\n<ul>\n<li class=\"entry-title\" style=\"font-weight: 400; color: #087eb6;\"><span style=\"font-size: 14pt; color: #000000; font-family: 'arial black', sans-serif;\">T\u00edtols: <span style=\"font-family: helvetica, arial, sans-serif;\">\u00a0<a style=\"color: #000000;\" href=\"https:\/\/agora.xtec.cat\/iescambrils\/?p=4447&amp;preview=true\">Tr\u00e0mits per demanar T\u00edtols<\/a><\/span><\/span><br \/>\n<hr \/>\n<p><span style=\"font-size: 14pt; color: #000000; font-family: 'arial black', sans-serif;\"><span style=\"font-size: 14pt; color: #000000; font-family: 'arial black', sans-serif;\">Convalidacions:<span style=\"font-size: 12pt; font-family: helvetica, arial, sans-serif;\"><strong> (<\/strong>en breu)<\/span><\/span><\/span><\/p>\n<hr \/>\n<\/li>\n<\/ul>\n<p style=\"padding-left: 80px;\">\n","protected":false},"excerpt":{"rendered":"<p>Com contactar amb Secretaria:<br \/>\nPla\u00e7a de l\u2019Ajuntament, 7<br \/>\n43850 Cambrils<br \/>\nTel\u00e8fon: 977 \u00a036 18 33<br \/>\nCorreu electr\u00f2nic:\u00a0<a href=\"mailto:secretaria@inscambrils.cat\">secretaria@inscambrils.cat<\/a><br \/>\nHorari d\u2019atenci\u00f3 al p\u00fablic: de dilluns a divendres, de 09.00 a 13.00 hores<\/p>\n<p>La secretaria \u00e9s l&#8217;agent de gesti\u00f3 administrativa. Els tr\u00e0mits de secretaria inclouen:<\/p>\n<ul>\n<li class=\"entry-title\" style=\"font-weight: 400; color: #087eb6;\">Preinscripci\u00f3 d&#8217;ESO i Batxillerat\u00a0\u00a0<\/li>\n<\/ul>\n<p><a&hellip;  <a href=\"https:\/\/agora.xtec.cat\/iescambrils\/secretaria\/\" title=\"Read Secretaria i tr\u00e0mits acad\u00e8mics\">Llegeix m\u00e9s\u00bb<\/a><\/p>\n","protected":false},"author":1,"featured_media":0,"parent":0,"menu_order":0,"comment_status":"closed","ping_status":"closed","template":"","meta":{"_bbp_topic_count":0,"_bbp_reply_count":0,"_bbp_total_topic_count":0,"_bbp_total_reply_count":0,"_bbp_voice_count":0,"_bbp_anonymous_reply_count":0,"_bbp_topic_count_hidden":0,"_bbp_reply_count_hidden":0,"_bbp_forum_subforum_count":0,"footnotes":""},"class_list":["post-81","page","type-page","status-publish","hentry"],"post_mailing_queue_ids":[],"_links":{"self":[{"href":"https:\/\/agora.xtec.cat\/iescambrils\/wp-json\/wp\/v2\/pages\/81","targetHints":{"allow":["GET"]}}],"collection":[{"href":"https:\/\/agora.xtec.cat\/iescambrils\/wp-json\/wp\/v2\/pages"}],"about":[{"href":"https:\/\/agora.xtec.cat\/iescambrils\/wp-json\/wp\/v2\/types\/page"}],"author":[{"embeddable":true,"href":"https:\/\/agora.xtec.cat\/iescambrils\/wp-json\/wp\/v2\/users\/1"}],"replies":[{"embeddable":true,"href":"https:\/\/agora.xtec.cat\/iescambrils\/wp-json\/wp\/v2\/comments?post=81"}],"version-history":[{"count":8,"href":"https:\/\/agora.xtec.cat\/iescambrils\/wp-json\/wp\/v2\/pages\/81\/revisions"}],"predecessor-version":[{"id":6228,"href":"https:\/\/agora.xtec.cat\/iescambrils\/wp-json\/wp\/v2\/pages\/81\/revisions\/6228"}],"wp:attachment":[{"href":"https:\/\/agora.xtec.cat\/iescambrils\/wp-json\/wp\/v2\/media?parent=81"}],"curies":[{"name":"wp","href":"https:\/\/api.w.org\/{rel}","templated":true}]}}