{"id":1452,"date":"2017-10-31T12:43:30","date_gmt":"2017-10-31T11:43:30","guid":{"rendered":"http:\/\/agora.xtec.cat\/iescambrils\/?page_id=1452"},"modified":"2017-12-22T13:21:10","modified_gmt":"2017-12-22T12:21:10","slug":"perfil-del-contractant","status":"publish","type":"page","link":"https:\/\/agora.xtec.cat\/iescambrils\/linstitut\/perfil-del-contractant\/","title":{"rendered":"Perfil del contractant"},"content":{"rendered":"<p><strong>Nota informativa<\/strong>: Amb data d&#8217;avui 23 de novembre s&#8217;ha publicat al DOGC l&#8217;anunci de la licitaci\u00f3 de neteja de l&#8217;Institut Cambrils. Donat que el dijous dia 7 de desembre el centre estar\u00e0 tancat per festa de lliure disposici\u00f3 la data fi de termini de presentaci\u00f3 d&#8217;ofertes ser\u00e0 el dilluns dia 11 de desembre de 2017 a les 14 hores.<\/p>\n<p><a href=\"http:\/\/agora.xtec.cat\/iescambrils\/wp-content\/uploads\/usu1210\/2017\/11\/20171123_DOGC-publicat.pdf\" target=\"_blank\" rel=\"noopener noreferrer\">Anunci al DOGC 23-11-2017<\/a><\/p>\n<p><a href=\"http:\/\/agora.xtec.cat\/iescambrils\/wp-content\/uploads\/usu1210\/2017\/11\/PCA-neteja-23112017125049.pdf\" target=\"_blank\" rel=\"noopener noreferrer\">Plec de cl\u00e0usules administratives<\/a><\/p>\n<p><a href=\"http:\/\/agora.xtec.cat\/iescambrils\/wp-content\/uploads\/usu1210\/2017\/11\/PPT-neteja-23112017124943.pdf\" target=\"_blank\" rel=\"noopener noreferrer\">Plec de prescripcions t\u00e8cniques<\/a><\/p>\n<p><strong>Anunci: <\/strong>El proper divendres dia 15 de desembre es procedir\u00e0 a obrir els sobres C del procediment de licitaci\u00f3 de la neteja de l&#8217;Institut Cambrils. Tindr\u00e0 lloc al despatx de la Secret\u00e0ria del centre a les 11.45 h<\/p>\n<p><a href=\"http:\/\/agora.xtec.cat\/iescambrils\/wp-content\/uploads\/usu1210\/2017\/12\/resolucio-adjudicacio-19122017183954.pdf\" target=\"_blank\" rel=\"noopener noreferrer\">Resoluci\u00f3 d&#8217;adjudicaci\u00f3 del contracte de serveis de neteja<\/a><\/p>\n<p><a href=\"http:\/\/agora.xtec.cat\/iescambrils\/wp-content\/uploads\/usu1210\/2017\/12\/informe-tecnic-19122017192437.pdf\" target=\"_blank\" rel=\"noopener noreferrer\">Informe t\u00e8cnic de l&#8217;expedient 43006654-01-2018<\/a><\/p>\n<p><a href=\"http:\/\/agora.xtec.cat\/iescambrils\/wp-content\/uploads\/usu1210\/2017\/12\/quadre-puntuacions-19122017192521.pdf\" target=\"_blank\" rel=\"noopener noreferrer\">Quadre de puntuacions de les empreses licitadores<\/a><\/p>\n<p><a href=\"http:\/\/agora.xtec.cat\/iescambrils\/wp-content\/uploads\/usu1210\/2017\/12\/formalitzacio-contracte-neteja-22122017121624.pdf\" target=\"_blank\" rel=\"noopener noreferrer\">Formalitzaci\u00f3 de contracte de serveis<\/a><\/p>\n","protected":false},"excerpt":{"rendered":"<p>Nota informativa: Amb data d&#8217;avui 23 de novembre s&#8217;ha publicat al DOGC l&#8217;anunci de la licitaci\u00f3 de neteja de l&#8217;Institut Cambrils. Donat que el dijous dia 7 de desembre el centre estar\u00e0 tancat per festa de lliure disposici\u00f3 la data fi de termini de presentaci\u00f3&hellip;  <a href=\"https:\/\/agora.xtec.cat\/iescambrils\/linstitut\/perfil-del-contractant\/\" title=\"Read Perfil del contractant\">Llegeix m\u00e9s\u00bb<\/a><\/p>\n","protected":false},"author":1,"featured_media":0,"parent":19,"menu_order":0,"comment_status":"closed","ping_status":"closed","template":"","meta":{"_bbp_topic_count":0,"_bbp_reply_count":0,"_bbp_total_topic_count":0,"_bbp_total_reply_count":0,"_bbp_voice_count":0,"_bbp_anonymous_reply_count":0,"_bbp_topic_count_hidden":0,"_bbp_reply_count_hidden":0,"_bbp_forum_subforum_count":0,"footnotes":""},"class_list":["post-1452","page","type-page","status-publish","hentry"],"post_mailing_queue_ids":[],"_links":{"self":[{"href":"https:\/\/agora.xtec.cat\/iescambrils\/wp-json\/wp\/v2\/pages\/1452","targetHints":{"allow":["GET"]}}],"collection":[{"href":"https:\/\/agora.xtec.cat\/iescambrils\/wp-json\/wp\/v2\/pages"}],"about":[{"href":"https:\/\/agora.xtec.cat\/iescambrils\/wp-json\/wp\/v2\/types\/page"}],"author":[{"embeddable":true,"href":"https:\/\/agora.xtec.cat\/iescambrils\/wp-json\/wp\/v2\/users\/1"}],"replies":[{"embeddable":true,"href":"https:\/\/agora.xtec.cat\/iescambrils\/wp-json\/wp\/v2\/comments?post=1452"}],"version-history":[{"count":3,"href":"https:\/\/agora.xtec.cat\/iescambrils\/wp-json\/wp\/v2\/pages\/1452\/revisions"}],"predecessor-version":[{"id":1570,"href":"https:\/\/agora.xtec.cat\/iescambrils\/wp-json\/wp\/v2\/pages\/1452\/revisions\/1570"}],"up":[{"embeddable":true,"href":"https:\/\/agora.xtec.cat\/iescambrils\/wp-json\/wp\/v2\/pages\/19"}],"wp:attachment":[{"href":"https:\/\/agora.xtec.cat\/iescambrils\/wp-json\/wp\/v2\/media?parent=1452"}],"curies":[{"name":"wp","href":"https:\/\/api.w.org\/{rel}","templated":true}]}}