{"id":65,"date":"2014-09-18T10:12:22","date_gmt":"2014-09-18T10:12:22","guid":{"rendered":"http:\/\/agora.xtec.cat\/iescalgravat\/?page_id=65"},"modified":"2022-03-07T22:18:05","modified_gmt":"2022-03-07T21:18:05","slug":"serveis-digitals","status":"publish","type":"page","link":"https:\/\/agora.xtec.cat\/iescalgravat\/serveis\/serveis-digitals\/","title":{"rendered":"Serveis digitals"},"content":{"rendered":"<div class=\"pd-15x link-dotted\">\n<p style=\"text-align: justify;\">El <a title=\"Pla d'educaci\u00f3 digital de Catalunya 2020-2023\" href=\"https:\/\/educacio.gencat.cat\/ca\/departament\/linies-estrategiques\/pla-educacio-digital\/\">Pla d&#8217;educaci\u00f3 digital de Catalunya 2020-2023<\/a> t\u00e9 per objectiu contribuir al desenvolupament de les compet\u00e8ncies digitals que els ciutadans i les ciutadanes necessiten per viure i treballar en una societat immersa en constants transformacions i canvis.<\/p>\n<p style=\"text-align: justify;\">Per tal d&#8217;assolir aquest objectiu \u00e9s necessari assegurar la connectivitat dels centres educatius i proporcionar els equipaments necessaris a alumnes i docents. \u00c9s en aquesta l\u00ednia que el Pla recull com a objectiu espec\u00edfic:<\/p>\n<p style=\"text-align: justify;\"><em>Objectiu espec\u00edfic 1. Garantir que l&#8217;alumnat, els docents i els centres comptin amb les infraestructures i l&#8217;equipament digital necessari per assegurar el correcte desenvolupament de les activitats d&#8217;ensenyament i aprenentatge.<\/em><\/p>\n<p style=\"text-align: justify;\">En el marc del Pla d&#8217;educaci\u00f3 digital de Catalunya, el Projecte d&#8217;acceleraci\u00f3 de la transformaci\u00f3 digital desplega les intervencions referides a connectivitats, equipaments d&#8217;alumnat i equipaments del professorat als centres que es comen\u00e7aran a executar a partir del mes de novembre. Aquest desplegament s&#8217;esglaonar\u00e0 al llarg dels tres cursos del pla.<\/p>\n<\/div>\n","protected":false},"excerpt":{"rendered":"<p>El <a title=\"Pla d'educaci\u00f3 digital de Catalunya 2020-2023\" href=\"https:\/\/educacio.gencat.cat\/ca\/departament\/linies-estrategiques\/pla-educacio-digital\/\">Pla d&#8217;educaci\u00f3 digital de Catalunya 2020-2023<\/a> t\u00e9 per objectiu contribuir al desenvolupament de les compet\u00e8ncies digitals que els ciutadans i les ciutadanes necessiten per viure i treballar en una societat immersa en constants transformacions i canvis.<br \/>\nPer tal&hellip;  <a href=\"https:\/\/agora.xtec.cat\/iescalgravat\/serveis\/serveis-digitals\/\" title=\"Read Serveis digitals\">Llegeix m\u00e9s\u00bb<\/a><\/p>\n","protected":false},"author":1,"featured_media":0,"parent":63,"menu_order":10,"comment_status":"closed","ping_status":"closed","template":"page-templates\/side-menu.php","meta":{"_bbp_topic_count":0,"_bbp_reply_count":0,"_bbp_total_topic_count":0,"_bbp_total_reply_count":0,"_bbp_voice_count":0,"_bbp_anonymous_reply_count":0,"_bbp_topic_count_hidden":0,"_bbp_reply_count_hidden":0,"_bbp_forum_subforum_count":0,"footnotes":""},"class_list":["post-65","page","type-page","status-publish","hentry"],"post_mailing_queue_ids":[],"_links":{"self":[{"href":"https:\/\/agora.xtec.cat\/iescalgravat\/wp-json\/wp\/v2\/pages\/65","targetHints":{"allow":["GET"]}}],"collection":[{"href":"https:\/\/agora.xtec.cat\/iescalgravat\/wp-json\/wp\/v2\/pages"}],"about":[{"href":"https:\/\/agora.xtec.cat\/iescalgravat\/wp-json\/wp\/v2\/types\/page"}],"author":[{"embeddable":true,"href":"https:\/\/agora.xtec.cat\/iescalgravat\/wp-json\/wp\/v2\/users\/1"}],"replies":[{"embeddable":true,"href":"https:\/\/agora.xtec.cat\/iescalgravat\/wp-json\/wp\/v2\/comments?post=65"}],"version-history":[{"count":3,"href":"https:\/\/agora.xtec.cat\/iescalgravat\/wp-json\/wp\/v2\/pages\/65\/revisions"}],"predecessor-version":[{"id":4659,"href":"https:\/\/agora.xtec.cat\/iescalgravat\/wp-json\/wp\/v2\/pages\/65\/revisions\/4659"}],"up":[{"embeddable":true,"href":"https:\/\/agora.xtec.cat\/iescalgravat\/wp-json\/wp\/v2\/pages\/63"}],"wp:attachment":[{"href":"https:\/\/agora.xtec.cat\/iescalgravat\/wp-json\/wp\/v2\/media?parent=65"}],"curies":[{"name":"wp","href":"https:\/\/api.w.org\/{rel}","templated":true}]}}

<div class="pd-15x link-dotted">
<p style="text-align: justify;">El <a title="Pla d'educació digital de Catalunya 2020-2023" href="https://educacio.gencat.cat/ca/departament/linies-estrategiques/pla-educacio-digital/">Pla d&#8217;educació digital de Catalunya 2020-2023</a> té per objectiu contribuir al desenvolupament de les competències digitals que els ciutadans i les ciutadanes necessiten per viure i treballar en una societat immersa en constants transformacions i canvis.</p>
<p style="text-align: justify;">Per tal d&#8217;assolir aquest objectiu és necessari assegurar la connectivitat dels centres educatius i proporcionar els equipaments necessaris a alumnes i docents. És en aquesta línia que el Pla recull com a objectiu específic:</p>
<p style="text-align: justify;"><em>Objectiu específic 1. Garantir que l&#8217;alumnat, els docents i els centres comptin amb les infraestructures i l&#8217;equipament digital necessari per assegurar el correcte desenvolupament de les activitats d&#8217;ensenyament i aprenentatge.</em></p>
<p style="text-align: justify;">En el marc del Pla d&#8217;educació digital de Catalunya, el Projecte d&#8217;acceleració de la transformació digital desplega les intervencions referides a connectivitats, equipaments d&#8217;alumnat i equipaments del professorat als centres que es començaran a executar a partir del mes de novembre. Aquest desplegament s&#8217;esglaonarà al llarg dels tres cursos del pla.</p>
</div>

<p>El <a title="Pla d'educació digital de Catalunya 2020-2023" href="https://educacio.gencat.cat/ca/departament/linies-estrategiques/pla-educacio-digital/">Pla d&#8217;educació digital de Catalunya 2020-2023</a> té per objectiu contribuir al desenvolupament de les competències digitals que els ciutadans i les ciutadanes necessiten per viure i treballar en una societat immersa en constants transformacions i canvis.<br />
Per tal&hellip;  <a href="https://agora.xtec.cat/iescalgravat/serveis/serveis-digitals/" title="Read Serveis digitals">Llegeix més»</a></p>
