{"id":2573,"date":"2019-04-25T09:57:51","date_gmt":"2019-04-25T07:57:51","guid":{"rendered":"http:\/\/agora.xtec.cat\/iescalgravat\/?page_id=2573"},"modified":"2022-03-06T18:23:11","modified_gmt":"2022-03-06T17:23:11","slug":"projecte-gep","status":"publish","type":"page","link":"https:\/\/agora.xtec.cat\/iescalgravat\/projecte-gep\/","title":{"rendered":"Projecte GEP"},"content":{"rendered":"<table>\n<tbody>\n<tr>\n<td><b>OBJECTIU GENERAL DEL PROGRAMA GEP<\/b><\/td>\n<\/tr>\n<tr>\n<td>Augmentar la compet\u00e8ncia comunicativa de l\u2019alumnat en les lleng\u00fces estrangeres curriculars incrementant el grau d\u2019exposici\u00f3<\/p>\n<p>a aquestes lleng\u00fces.<\/td>\n<\/tr>\n<\/tbody>\n<\/table>\n<table>\n<tbody>\n<tr>\n<td><b>Objectiu 1\u00a0<\/b><\/td>\n<\/tr>\n<tr>\n<td>Incrementar el temps d\u2019exposici\u00f3 de l\u2019alumnat a la llengua anglesa.<\/td>\n<\/tr>\n<tr>\n<td><b>Indicadors d\u2019avaluaci\u00f3 per a l\u2019objectiu 1<br \/>\n<\/b><\/td>\n<\/tr>\n<tr>\n<td>Evoluci\u00f3 del percentatge d\u2019hores de classe en qu\u00e8 es desenvolupen les pr\u00e0ctiques educatives innovadores associades al programa.<\/td>\n<\/tr>\n<tr>\n<td><b>Actuacions per a l\u2019objectiu 1<\/b><\/td>\n<\/tr>\n<tr>\n<td>El centre ha de calcular l\u2019indicador anual i veure com evoluciona al llarg dels cursos del projecte.<\/td>\n<\/tr>\n<\/tbody>\n<\/table>\n<table>\n<tbody>\n<tr>\n<td><b>Objectiu 2<\/b><\/td>\n<\/tr>\n<tr>\n<td>Impulsar l\u2019\u00fas de la llengua anglesa en mat\u00e8ries no ling\u00fc\u00edstiques.<\/td>\n<\/tr>\n<tr>\n<td><b>Indicadors d\u2019avaluaci\u00f3 per a l\u2019objectiu 2\u00a0<\/b><\/td>\n<\/tr>\n<tr>\n<td>Evoluci\u00f3 del percentatge d\u2019hores de classe en qu\u00e8 es desenvolupen les pr\u00e0ctiques educatives innovadores associades al programa.<\/p>\n<p>Percentatge de l\u2019alumnat que participa en el projecte.<\/td>\n<\/tr>\n<tr>\n<td><b>Actuacions per a l\u2019objectiu 2<\/b><\/td>\n<\/tr>\n<tr>\n<td>Calcular a trav\u00e9s d\u2019una gr\u00e0fica les hores actuals d\u2019angl\u00e8s i comparar-ho amb les hores a partir de la implementaci\u00f3 del projecte GEP.<\/td>\n<\/tr>\n<\/tbody>\n<\/table>\n<p>&nbsp;<\/p>\n","protected":false},"excerpt":{"rendered":"<p>OBJECTIU GENERAL DEL PROGRAMA GEP<\/p>\n<p>Augmentar la compet\u00e8ncia comunicativa de l\u2019alumnat en les lleng\u00fces estrangeres curriculars incrementant el grau d\u2019exposici\u00f3<br \/>\na aquestes lleng\u00fces.<\/p>\n<p>Objectiu 1\u00a0<\/p>\n<p>Incrementar el temps d\u2019exposici\u00f3 de l\u2019alumnat a la llengua anglesa.<\/p>\n<p>Indicadors d\u2019avaluaci\u00f3 per a l\u2019objectiu 1<\/p>\n<p>Evoluci\u00f3 del percentatge d\u2019hores de classe en qu\u00e8 es desenvolupen&hellip;  <a href=\"https:\/\/agora.xtec.cat\/iescalgravat\/projecte-gep\/\" title=\"Read Projecte GEP\">Llegeix m\u00e9s\u00bb<\/a><\/p>\n","protected":false},"author":1,"featured_media":0,"parent":0,"menu_order":0,"comment_status":"closed","ping_status":"closed","template":"","meta":{"_bbp_topic_count":0,"_bbp_reply_count":0,"_bbp_total_topic_count":0,"_bbp_total_reply_count":0,"_bbp_voice_count":0,"_bbp_anonymous_reply_count":0,"_bbp_topic_count_hidden":0,"_bbp_reply_count_hidden":0,"_bbp_forum_subforum_count":0,"footnotes":""},"class_list":["post-2573","page","type-page","status-publish","hentry"],"post_mailing_queue_ids":[],"_links":{"self":[{"href":"https:\/\/agora.xtec.cat\/iescalgravat\/wp-json\/wp\/v2\/pages\/2573","targetHints":{"allow":["GET"]}}],"collection":[{"href":"https:\/\/agora.xtec.cat\/iescalgravat\/wp-json\/wp\/v2\/pages"}],"about":[{"href":"https:\/\/agora.xtec.cat\/iescalgravat\/wp-json\/wp\/v2\/types\/page"}],"author":[{"embeddable":true,"href":"https:\/\/agora.xtec.cat\/iescalgravat\/wp-json\/wp\/v2\/users\/1"}],"replies":[{"embeddable":true,"href":"https:\/\/agora.xtec.cat\/iescalgravat\/wp-json\/wp\/v2\/comments?post=2573"}],"version-history":[{"count":3,"href":"https:\/\/agora.xtec.cat\/iescalgravat\/wp-json\/wp\/v2\/pages\/2573\/revisions"}],"predecessor-version":[{"id":4573,"href":"https:\/\/agora.xtec.cat\/iescalgravat\/wp-json\/wp\/v2\/pages\/2573\/revisions\/4573"}],"wp:attachment":[{"href":"https:\/\/agora.xtec.cat\/iescalgravat\/wp-json\/wp\/v2\/media?parent=2573"}],"curies":[{"name":"wp","href":"https:\/\/api.w.org\/{rel}","templated":true}]}}

<table>
<tbody>
<tr>
<td><b>OBJECTIU GENERAL DEL PROGRAMA GEP</b></td>
</tr>
<tr>
<td>Augmentar la competència comunicativa de l’alumnat en les llengües estrangeres curriculars incrementant el grau d’exposició</p>
<p>a aquestes llengües.</td>
</tr>
</tbody>
</table>
<table>
<tbody>
<tr>
<td><b>Objectiu 1 </b></td>
</tr>
<tr>
<td>Incrementar el temps d’exposició de l’alumnat a la llengua anglesa.</td>
</tr>
<tr>
<td><b>Indicadors d’avaluació per a l’objectiu 1<br />
</b></td>
</tr>
<tr>
<td>Evolució del percentatge d’hores de classe en què es desenvolupen les pràctiques educatives innovadores associades al programa.</td>
</tr>
<tr>
<td><b>Actuacions per a l’objectiu 1</b></td>
</tr>
<tr>
<td>El centre ha de calcular l’indicador anual i veure com evoluciona al llarg dels cursos del projecte.</td>
</tr>
</tbody>
</table>
<table>
<tbody>
<tr>
<td><b>Objectiu 2</b></td>
</tr>
<tr>
<td>Impulsar l’ús de la llengua anglesa en matèries no lingüístiques.</td>
</tr>
<tr>
<td><b>Indicadors d’avaluació per a l’objectiu 2 </b></td>
</tr>
<tr>
<td>Evolució del percentatge d’hores de classe en què es desenvolupen les pràctiques educatives innovadores associades al programa.</p>
<p>Percentatge de l’alumnat que participa en el projecte.</td>
</tr>
<tr>
<td><b>Actuacions per a l’objectiu 2</b></td>
</tr>
<tr>
<td>Calcular a través d’una gràfica les hores actuals d’anglès i comparar-ho amb les hores a partir de la implementació del projecte GEP.</td>
</tr>
</tbody>
</table>
<p>&nbsp;</p>

<p>OBJECTIU GENERAL DEL PROGRAMA GEP</p>
<p>Augmentar la competència comunicativa de l’alumnat en les llengües estrangeres curriculars incrementant el grau d’exposició<br />
a aquestes llengües.</p>
<p>Objectiu 1 </p>
<p>Incrementar el temps d’exposició de l’alumnat a la llengua anglesa.</p>
<p>Indicadors d’avaluació per a l’objectiu 1</p>
<p>Evolució del percentatge d’hores de classe en què es desenvolupen&hellip;  <a href="https://agora.xtec.cat/iescalgravat/projecte-gep/" title="Read Projecte GEP">Llegeix més»</a></p>
