{"id":3240,"date":"2020-05-18T16:42:00","date_gmt":"2020-05-18T14:42:00","guid":{"rendered":"http:\/\/agora.xtec.cat\/iescabrils\/?page_id=3240"},"modified":"2020-05-27T16:01:07","modified_gmt":"2020-05-27T14:01:07","slug":"departament-dorientacio","status":"publish","type":"page","link":"https:\/\/agora.xtec.cat\/iescabrils\/departament-dorientacio\/","title":{"rendered":"Departament d&#8217;Orientaci\u00f3"},"content":{"rendered":"<p>Benvingut al dept. d&#8217;Orientaci\u00f3. En aquest espai recollirem els destacats del nostre \u00e0mbit, noticies i informacions \u00fatils per tots nosaltres.<\/p>\n<p><a href=\"https:\/\/agora.xtec.cat\/iescabrils\/wp-content\/uploads\/usu1031\/2020\/05\/PFI-20-21.pdf\">Programes de Formaci\u00f3 i Inserci\u00f3 laboral<\/a><\/p>\n<p><a href=\"https:\/\/agora.xtec.cat\/iescabrils\/wp-content\/uploads\/usu1031\/2020\/05\/Dates-preinscripci\u00f3-CFGM.pdf\">Dates preinscripci\u00f3 CFGM<\/a><\/p>\n<p><a href=\"https:\/\/agora.xtec.cat\/iescabrils\/wp-content\/uploads\/usu1031\/2020\/05\/Preinscripci\u00f3-PFI.pdf\">Preinscripci\u00f3 PFI<\/a><\/p>\n<p><a href=\"https:\/\/agora.xtec.cat\/iescabrils\/wp-content\/uploads\/usu1031\/2020\/05\/Carta-proves-dacc%C3%A9s-CFGM.pdf\"><img loading=\"lazy\" decoding=\"async\" class=\"alignleft wp-image-3187 size-medium\" src=\"https:\/\/agora.xtec.cat\/iescabrils\/wp-content\/uploads\/usu1031\/2020\/05\/ESO-ACABA-300x300.png\" alt=\"\" width=\"300\" height=\"300\" srcset=\"https:\/\/agora.xtec.cat\/iescabrils\/wp-content\/uploads\/usu1031\/2020\/05\/ESO-ACABA-300x300.png 300w, https:\/\/agora.xtec.cat\/iescabrils\/wp-content\/uploads\/usu1031\/2020\/05\/ESO-ACABA-150x150.png 150w, https:\/\/agora.xtec.cat\/iescabrils\/wp-content\/uploads\/usu1031\/2020\/05\/ESO-ACABA.png 668w\" sizes=\"auto, (max-width: 300px) 100vw, 300px\" \/><img loading=\"lazy\" decoding=\"async\" class=\"alignleft wp-image-3198 size-medium\" src=\"https:\/\/agora.xtec.cat\/iescabrils\/wp-content\/uploads\/usu1031\/2020\/05\/unnamed-300x208.jpg\" alt=\"\" width=\"300\" height=\"208\" srcset=\"https:\/\/agora.xtec.cat\/iescabrils\/wp-content\/uploads\/usu1031\/2020\/05\/unnamed-300x208.jpg 300w, https:\/\/agora.xtec.cat\/iescabrils\/wp-content\/uploads\/usu1031\/2020\/05\/unnamed.jpg 451w\" sizes=\"auto, (max-width: 300px) 100vw, 300px\" \/><\/a><\/p>\n<p>&nbsp;<\/p>\n<div style=\"width: 480px;\" class=\"wp-video\"><!--[if lt IE 9]><script>document.createElement('video');<\/script><![endif]-->\n<video class=\"wp-video-shortcode\" id=\"video-3240-1\" width=\"480\" height=\"480\" preload=\"metadata\" controls=\"controls\"><source type=\"video\/mp4\" src=\"https:\/\/agora.xtec.cat\/iescabrils\/wp-content\/uploads\/usu1031\/2020\/05\/oferta-PFI-maresme.mp4?_=1\" \/><a href=\"https:\/\/agora.xtec.cat\/iescabrils\/wp-content\/uploads\/usu1031\/2020\/05\/oferta-PFI-maresme.mp4\">https:\/\/agora.xtec.cat\/iescabrils\/wp-content\/uploads\/usu1031\/2020\/05\/oferta-PFI-maresme.mp4<\/a><\/video><\/div>\n","protected":false},"excerpt":{"rendered":"<p>Benvingut al dept. d&#8217;Orientaci\u00f3. En aquest espai recollirem els destacats del nostre \u00e0mbit, noticies i informacions \u00fatils per tots nosaltres.<br \/>\n<a href=\"https:\/\/agora.xtec.cat\/iescabrils\/wp-content\/uploads\/usu1031\/2020\/05\/PFI-20-21.pdf\">Programes de Formaci\u00f3 i Inserci\u00f3 laboral<\/a><br \/>\n<a href=\"https:\/\/agora.xtec.cat\/iescabrils\/wp-content\/uploads\/usu1031\/2020\/05\/Dates-preinscripci\u00f3-CFGM.pdf\">Dates preinscripci\u00f3 CFGM<\/a><br \/>\n<a href=\"https:\/\/agora.xtec.cat\/iescabrils\/wp-content\/uploads\/usu1031\/2020\/05\/Preinscripci\u00f3-PFI.pdf\">Preinscripci\u00f3 PFI<\/a><br \/>\n<a href=\"https:\/\/agora.xtec.cat\/iescabrils\/wp-content\/uploads\/usu1031\/2020\/05\/Carta-proves-dacc%C3%A9s-CFGM.pdf\"><\/a><br \/>\n&nbsp;<br \/>\n<a href=\"https:\/\/agora.xtec.cat\/iescabrils\/wp-content\/uploads\/usu1031\/2020\/05\/oferta-PFI-maresme.mp4\">https:\/\/agora.xtec.cat\/iescabrils\/wp-content\/uploads\/usu1031\/2020\/05\/oferta-PFI-maresme.mp4<\/a><\/p>\n","protected":false},"author":7,"featured_media":0,"parent":0,"menu_order":0,"comment_status":"closed","ping_status":"closed","template":"","meta":{"_bbp_topic_count":0,"_bbp_reply_count":0,"_bbp_total_topic_count":0,"_bbp_total_reply_count":0,"_bbp_voice_count":0,"_bbp_anonymous_reply_count":0,"_bbp_topic_count_hidden":0,"_bbp_reply_count_hidden":0,"_bbp_forum_subforum_count":0,"footnotes":""},"class_list":["post-3240","page","type-page","status-publish","hentry"],"post_mailing_queue_ids":[],"_links":{"self":[{"href":"https:\/\/agora.xtec.cat\/iescabrils\/wp-json\/wp\/v2\/pages\/3240","targetHints":{"allow":["GET"]}}],"collection":[{"href":"https:\/\/agora.xtec.cat\/iescabrils\/wp-json\/wp\/v2\/pages"}],"about":[{"href":"https:\/\/agora.xtec.cat\/iescabrils\/wp-json\/wp\/v2\/types\/page"}],"author":[{"embeddable":true,"href":"https:\/\/agora.xtec.cat\/iescabrils\/wp-json\/wp\/v2\/users\/7"}],"replies":[{"embeddable":true,"href":"https:\/\/agora.xtec.cat\/iescabrils\/wp-json\/wp\/v2\/comments?post=3240"}],"version-history":[{"count":3,"href":"https:\/\/agora.xtec.cat\/iescabrils\/wp-json\/wp\/v2\/pages\/3240\/revisions"}],"predecessor-version":[{"id":3256,"href":"https:\/\/agora.xtec.cat\/iescabrils\/wp-json\/wp\/v2\/pages\/3240\/revisions\/3256"}],"wp:attachment":[{"href":"https:\/\/agora.xtec.cat\/iescabrils\/wp-json\/wp\/v2\/media?parent=3240"}],"curies":[{"name":"wp","href":"https:\/\/api.w.org\/{rel}","templated":true}]}}