{"id":2741,"date":"2020-02-22T10:37:43","date_gmt":"2020-02-22T09:37:43","guid":{"rendered":"http:\/\/agora.xtec.cat\/iescabrils\/?page_id=2741"},"modified":"2020-02-29T09:50:08","modified_gmt":"2020-02-29T08:50:08","slug":"projecte-format","status":"publish","type":"page","link":"https:\/\/agora.xtec.cat\/iescabrils\/projectes\/projecte-format\/","title":{"rendered":"Projecte FORMA&#8217;T"},"content":{"rendered":"<p>El projecte FORMA&#8217;T \u00e9s un Programa de Diversificaci\u00f3 Curricular adre\u00e7at als alumnes d 4t d\u2019ESO i t\u00e9 com a finalitat afavorir que els alumnes que ho requereixin puguin assolir els objectius i les compet\u00e8ncies clau de l\u2019etapa, mitjan\u00e7ant una organitzaci\u00f3 de continguts i mat\u00e8ries del curr\u00edculum diferent de la que s\u2019estableix amb car\u00e0cter general, i amb una metodologia espec\u00edfica i personalitzada.<\/p>\n<p>Actualment, L&#8217;Ajuntament de Cabrils i el Departament d&#8217;Educaci\u00f3 de la Generalitat de Catalunya tenen subscrit un conveni de col\u00b7laboraci\u00f3 per desenvolupar el programa. Els trets m\u00e9s destacats s\u00f3n la modificaci\u00f3 curricular de determinades mat\u00e8ries i la possibilitar per a l&#8217;alumnat de realitzar activitats de formaci\u00f3 pr\u00e0ctiques durant dos dies a la setmana en instal\u00b7lacions municipals i dins de l&#8217;horari lectiu.<\/p>\n<p>&nbsp;<\/p>\n","protected":false},"excerpt":{"rendered":"<p>El projecte FORMA&#8217;T \u00e9s un Programa de Diversificaci\u00f3 Curricular adre\u00e7at als alumnes d 4t d\u2019ESO i t\u00e9 com a finalitat afavorir que els alumnes que ho requereixin puguin assolir els objectius i les compet\u00e8ncies clau de l\u2019etapa, mitjan\u00e7ant una organitzaci\u00f3 de continguts i mat\u00e8ries del&hellip;  <a href=\"https:\/\/agora.xtec.cat\/iescabrils\/projectes\/projecte-format\/\" title=\"Read Projecte FORMA&#8217;T\">Llegeix m\u00e9s\u00bb<\/a><\/p>\n","protected":false},"author":1,"featured_media":0,"parent":2737,"menu_order":2,"comment_status":"closed","ping_status":"closed","template":"","meta":{"_bbp_topic_count":0,"_bbp_reply_count":0,"_bbp_total_topic_count":0,"_bbp_total_reply_count":0,"_bbp_voice_count":0,"_bbp_anonymous_reply_count":0,"_bbp_topic_count_hidden":0,"_bbp_reply_count_hidden":0,"_bbp_forum_subforum_count":0,"footnotes":""},"class_list":["post-2741","page","type-page","status-publish","hentry"],"post_mailing_queue_ids":[],"_links":{"self":[{"href":"https:\/\/agora.xtec.cat\/iescabrils\/wp-json\/wp\/v2\/pages\/2741","targetHints":{"allow":["GET"]}}],"collection":[{"href":"https:\/\/agora.xtec.cat\/iescabrils\/wp-json\/wp\/v2\/pages"}],"about":[{"href":"https:\/\/agora.xtec.cat\/iescabrils\/wp-json\/wp\/v2\/types\/page"}],"author":[{"embeddable":true,"href":"https:\/\/agora.xtec.cat\/iescabrils\/wp-json\/wp\/v2\/users\/1"}],"replies":[{"embeddable":true,"href":"https:\/\/agora.xtec.cat\/iescabrils\/wp-json\/wp\/v2\/comments?post=2741"}],"version-history":[{"count":3,"href":"https:\/\/agora.xtec.cat\/iescabrils\/wp-json\/wp\/v2\/pages\/2741\/revisions"}],"predecessor-version":[{"id":2843,"href":"https:\/\/agora.xtec.cat\/iescabrils\/wp-json\/wp\/v2\/pages\/2741\/revisions\/2843"}],"up":[{"embeddable":true,"href":"https:\/\/agora.xtec.cat\/iescabrils\/wp-json\/wp\/v2\/pages\/2737"}],"wp:attachment":[{"href":"https:\/\/agora.xtec.cat\/iescabrils\/wp-json\/wp\/v2\/media?parent=2741"}],"curies":[{"name":"wp","href":"https:\/\/api.w.org\/{rel}","templated":true}]}}